-- Table structure for table `barcode_menu`
--

CREATE TABLE `barcode_menu` (
  `id` bigint unsigned NOT NULL AUTO_INCREMENT,
  `menu_id` bigint unsigned NOT NULL,
  `barcode_id` bigint unsigned NOT NULL,
  PRIMARY KEY (`id`),
  KEY `barcode_menu_menu_id_foreign` (`menu_id`),
  KEY `barcode_menu_barcode_id_foreign` (`barcode_id`),
  CONSTRAINT `barcode_menu_barcode_id_foreign` FOREIGN KEY (`barcode_id`) REFERENCES `barcodes` (`id`),
  CONSTRAINT `barcode_menu_menu_id_foreign` FOREIGN KEY (`menu_id`) REFERENCES `menus` (`id`)
) ENGINE=InnoDB AUTO_INCREMENT=534 DEFAULT CHARSET=utf8mb4 COLLATE=utf8mb4_unicode_ci;

--
-- Dumping data for table `barcode_menu`
--

INSERT INTO `barcode_menu` VALUES (20,22,5),(21,22,7),(22,22,10),(23,22,11),(24,22,12),(25,22,17),(26,22,18),(27,22,20),(28,22,51),(29,22,62),(30,22,95),(31,22,97),(32,22,98),(33,22,99),(34,22,100),(35,22,363),(36,22,288),(37,22,287),(38,22,286),(39,22,365),(40,22,364),(41,22,366),(42,22,367),(43,22,368),(44,22,369),(45,22,371),(46,22,285),(47,22,372),(48,22,378),(49,22,165),(50,22,281),(51,22,148),(52,22,178),(53,22,374),(54,22,370),(55,22,375),(56,22,379),(57,22,381),(58,22,230),(59,22,373),(60,22,388),(61,22,389),(62,22,390),(63,22,387),(64,22,386),(65,22,385),(66,22,384),(67,22,383),(68,22,382),(69,22,277),(70,22,102),(71,22,104),(72,22,108),(73,22,116),(74,22,180),(75,22,123),(76,22,149),(77,22,151),(78,22,152),(79,22,162),(80,22,166),(81,22,167),(82,22,168),(83,22,169),(84,22,170),(85,22,171),(86,22,172),(87,22,175),(88,22,188),(89,22,189),(90,22,192),(91,22,195),(92,22,197),(93,22,198),(94,22,199),(95,22,205),(96,22,218),(97,22,219),(98,22,220),(99,22,222),(100,22,228),(101,22,229),(102,22,232),(103,22,236),(104,22,238),(105,22,239),(106,22,250),(107,22,289),(108,22,290),(109,22,632),(110,22,291),(111,22,292),(112,22,293),(113,22,294),(114,22,296),(115,22,297),(116,22,298),(117,22,299),(118,22,300),(119,22,301),(120,22,302),(121,22,303),(122,22,304),(123,22,306),(124,22,307),(125,22,308),(126,22,309),(127,22,310),(128,22,311),(129,22,312),(130,22,313),(131,22,314),(132,22,315),(133,22,316),(134,22,317),(135,22,318),(136,22,319),(137,22,320),(138,22,321),(139,22,322),(140,22,323),(141,22,324),(142,22,325),(143,22,326),(144,22,327),(145,22,328),(146,22,329),(147,22,330),(148,22,331),(149,22,332),(150,22,333),(151,22,336),(152,22,337),(153,22,338),(154,22,339),(155,22,340),(156,22,341),(157,22,342),(158,22,343),(159,22,344),(160,22,345),(161,22,346),(162,22,347),(163,22,348),(164,22,349),(165,22,350),(166,22,351),(167,22,352),(168,22,353),(169,22,354),(170,22,355),(171,22,356),(172,22,357),(173,22,358),(174,22,359),(175,22,360),(176,22,361),(177,22,420),(178,22,421),(179,22,461),(180,22,542),(181,22,546),(182,22,547),(183,22,548),(184,22,549),(185,22,550),(186,22,551),(187,22,552),(188,22,553),(189,22,554),(190,22,555),(191,22,556),(192,22,557),(193,22,559),(194,22,560),(195,22,561),(196,22,562),(197,22,563),(198,22,567),(199,22,571),(200,22,580),(201,22,584),(202,22,588),(203,22,595),(204,22,597),(205,22,598),(206,22,599),(207,22,600),(208,22,604),(209,22,613),(210,22,615),(211,22,617),(212,22,619),(213,22,620),(214,22,623),(215,22,630),(216,22,631),(225,23,291),(226,23,294),(227,23,345),(228,23,303),(229,23,304),(230,23,307),(231,23,308),(232,23,312),(233,23,313),(234,23,289),(235,23,290),(236,23,324),(237,23,325),(238,23,329),(239,23,338),(240,23,555),(241,23,344),(243,23,356),(244,24,353),(245,24,386),(246,24,388),(248,25,316),(249,25,384),(250,25,322),(251,25,389),(252,25,340),(253,25,5),(438,31,1013),(439,31,1014),(440,31,1015),(441,32,1010),(442,32,1012),(443,32,1018),(444,32,1019),(445,32,1021),(446,32,1022),(447,32,1023),(448,32,1032),(449,32,1036),(450,32,1037),(451,32,1038),(452,32,1042),(453,32,1043),(454,32,1044),(455,32,1045),(456,32,1049),(457,32,1052),(458,32,1053),(459,32,1054),(460,32,1055),(461,32,1057),(462,32,1059),(463,32,1060),(464,32,1061),(465,32,1064),(466,32,1065),(467,32,1067),(468,32,1068),(469,32,1069),(470,32,1076),(471,32,1081),(472,32,1082),(473,32,1091),(474,32,1093),(475,32,1094),(476,32,1099),(477,32,1105),(478,32,1108),(479,32,1110),(480,33,1071),(481,33,1072),(482,33,1079),(483,33,1080),(484,34,1016),(485,34,1017),(486,34,1029),(487,34,1070),(488,34,1078),(489,34,1092),(490,34,1107),(491,35,1073),(492,35,1074),(493,35,1075),(494,35,1083),(495,35,1084),(496,35,1087),(497,35,1088),(498,35,1089),(499,36,10),(500,36,1092),(501,36,1097),(502,36,1102),(503,36,1103),(504,36,1104),(505,37,1026),(506,37,1027),(507,37,1031),(508,37,1035),(509,37,1047),(510,37,1063),(511,37,1085),(512,37,1101),(513,38,1025),(514,38,1033),(515,38,1048),(516,38,1086),(517,38,1096),(518,38,1100),(519,39,1024),(520,39,1028),(521,39,1030),(522,39,1050),(523,39,1051),(524,39,1062),(525,39,1066),(526,40,1039),(527,40,1041),(528,40,1095),(530,39,1034),(531,39,1115),(532,39,1116),(533,39,1117);

--
-- Table structure for table `barcode_price_types`
--

CREATE TABLE `barcode_price_types` (
  `id` bigint unsigned NOT NULL AUTO_INCREMENT,
  `name` varchar(191) CHARACTER SET utf8mb4 COLLATE utf8mb4_unicode_ci NOT NULL,
  `is_default` tinyint(1) NOT NULL DEFAULT '0',
  PRIMARY KEY (`id`)
) ENGINE=InnoDB AUTO_INCREMENT=3 DEFAULT CHARSET=utf8mb4 COLLATE=utf8mb4_unicode_ci;

--
-- Dumping data for table `barcode_price_types`
--

INSERT INTO `barcode_price_types` VALUES (1,'جُملة',1),(2,'مفرّق',0);

--
-- Table structure for table `barcode_section`
--

CREATE TABLE `barcode_section` (
  `id` bigint unsigned NOT NULL AUTO_INCREMENT,
  `barcode_id` bigint unsigned NOT NULL,
  `section_id` bigint unsigned NOT NULL,
  PRIMARY KEY (`id`),
  KEY `barcode_section_barcode_id_foreign` (`barcode_id`),
  KEY `barcode_section_section_id_foreign` (`section_id`),
  CONSTRAINT `barcode_section_barcode_id_foreign` FOREIGN KEY (`barcode_id`) REFERENCES `barcodes` (`id`),
  CONSTRAINT `barcode_section_section_id_foreign` FOREIGN KEY (`section_id`) REFERENCES `pos_sections` (`id`)
) ENGINE=InnoDB DEFAULT CHARSET=utf8mb4 COLLATE=utf8mb4_unicode_ci;

--
-- Dumping data for table `barcode_section`
--


--
-- Table structure for table `barcodes`
--

CREATE TABLE `barcodes` (
  `id` bigint unsigned NOT NULL AUTO_INCREMENT,
  `item_id` bigint unsigned NOT NULL,
  `ar_name` varchar(191) CHARACTER SET utf8mb4 COLLATE utf8mb4_unicode_ci NOT NULL,
  `en_name` varchar(191) CHARACTER SET utf8mb4 COLLATE utf8mb4_unicode_ci DEFAULT NULL,
  `number` varchar(191) CHARACTER SET utf8mb4 COLLATE utf8mb4_unicode_ci NOT NULL,
  `image` varchar(191) CHARACTER SET utf8mb4 COLLATE utf8mb4_unicode_ci DEFAULT NULL,
  `unit_id` bigint unsigned NOT NULL,
  `max_quantity` double DEFAULT NULL,
  `min_quantity` double DEFAULT NULL,
  `width` double DEFAULT NULL,
  `height` double DEFAULT NULL,
  `size` double DEFAULT NULL,
  `is_pos` tinyint(1) NOT NULL DEFAULT '0',
  `is_under_discount` tinyint(1) NOT NULL DEFAULT '0',
  `purchasable` tinyint(1) NOT NULL DEFAULT '1',
  `created_at` timestamp NULL DEFAULT NULL,
  `updated_at` timestamp NULL DEFAULT NULL,
  PRIMARY KEY (`id`),
  UNIQUE KEY `barcodes_number_unique` (`number`),
  KEY `barcodes_item_id_foreign` (`item_id`),
  KEY `barcodes_unit_id_foreign` (`unit_id`),
  CONSTRAINT `barcodes_item_id_foreign` FOREIGN KEY (`item_id`) REFERENCES `items` (`id`),
  CONSTRAINT `barcodes_unit_id_foreign` FOREIGN KEY (`unit_id`) REFERENCES `units` (`id`)
) ENGINE=InnoDB AUTO_INCREMENT=1125 DEFAULT CHARSET=utf8mb4 COLLATE=utf8mb4_unicode_ci;

--
-- Dumping data for table `barcodes`
--

INSERT INTO `barcodes` VALUES (1,1,'برتقال حب - مشتريات','برتقال حب - مشتريات','10025',NULL,2,NULL,NULL,NULL,NULL,NULL,1,0,1,'2023-10-10 20:07:51','2024-11-13 11:12:43'),(2,3,'ليمون حب - مشتريات','ليمون حب - مشتريات','10007',NULL,2,NULL,NULL,NULL,NULL,NULL,0,0,1,'2023-10-11 15:24:29','2024-10-27 09:05:31'),(3,4,'اناناس حب بالكيلو','اناناس حب بالكيلو','3',NULL,2,NULL,NULL,NULL,NULL,NULL,0,0,1,'2023-10-11 15:26:16','2023-10-31 19:39:32'),(4,6,'منجا حب بالكيلو','منجا حب بالكيلو','4',NULL,2,NULL,NULL,NULL,NULL,NULL,0,0,1,'2023-10-11 15:31:15','2023-10-31 19:39:08'),(5,7,'Pina colada','Pina colada','10048',NULL,1,NULL,NULL,NULL,NULL,NULL,0,0,1,'2023-10-11 15:31:56','2023-11-07 19:00:02'),(6,9,'دراق حب بالكيلو','دراق حب بالكيلو','7',NULL,2,NULL,NULL,NULL,NULL,NULL,0,0,1,'2023-10-11 16:00:40','2023-10-31 19:42:16'),(7,11,'كاسة امريكان','كاسة امريكان','10050',NULL,1,NULL,NULL,NULL,NULL,NULL,1,1,1,'2023-10-11 16:01:19','2025-09-23 09:48:19'),(8,13,'فراولة مجمدة','فراولة مجمدة','9',NULL,2,NULL,NULL,NULL,NULL,NULL,0,0,1,'2023-10-11 16:02:19','2023-10-11 16:02:19'),(9,15,'منجا مجمدة','منجا مجمدة','10',NULL,2,NULL,NULL,NULL,NULL,NULL,0,0,1,'2023-10-11 16:02:59','2023-10-11 16:02:59'),(10,16,'RUSH.FA BANNANA','RUSH.FA BANNANA','10017','warehouses/barcodes/nP58Lm1fpa03wZzpvfed6xaRT2iIxf4tKECoAb2m.jpg',1,NULL,NULL,NULL,NULL,NULL,1,1,1,'2023-10-11 16:04:32','2024-05-29 09:19:00'),(11,18,'Cesar Salad','Cesar Salad','10295',NULL,1,NULL,NULL,NULL,NULL,NULL,0,0,1,'2023-10-11 16:05:59','2024-01-17 20:16:18'),(12,19,'REGULAR','REGULAR','10292',NULL,1,NULL,NULL,NULL,NULL,NULL,0,0,1,'2023-10-11 16:06:34','2024-01-17 17:24:20'),(13,21,'فراولة حب - مشتريات','فراولة حب - مشتريات','14',NULL,2,NULL,NULL,NULL,NULL,NULL,0,0,1,'2023-10-11 16:07:37','2023-10-11 16:07:37'),(14,22,'موز حب - مشتريات','موز حب - مشتريات','15',NULL,2,NULL,NULL,NULL,NULL,NULL,0,0,1,'2023-10-11 16:08:22','2024-11-13 11:17:09'),(15,23,'تفاح حب - مشتريات','تفاح حب - مشتريات','16',NULL,2,NULL,NULL,NULL,NULL,NULL,0,0,1,'2023-10-11 16:09:02','2023-10-11 16:09:02'),(16,24,'نعنع ورق - مشتريات','نعنع ورق - مشتريات','17',NULL,2,NULL,NULL,NULL,NULL,NULL,0,0,1,'2023-10-11 16:10:01','2023-11-28 16:43:47'),(17,25,'Hallom','سلطة حلوم - مبيعات','10029',NULL,1,NULL,NULL,NULL,NULL,NULL,0,0,1,'2023-10-11 16:10:46','2024-01-17 14:03:19'),(18,27,'ميني تارت','ميني تارت','10036',NULL,3,NULL,NULL,NULL,NULL,NULL,0,0,1,'2023-10-11 16:11:46','2023-11-14 18:40:15'),(19,28,'Almond Toffee Crumbs','Almond Toffee Crumbs','10034',NULL,1,NULL,NULL,NULL,NULL,NULL,0,0,1,'2023-10-11 16:12:52','2024-02-26 09:10:37'),(20,30,'RED BULL','RED BULL','10255',NULL,1,NULL,NULL,NULL,NULL,NULL,0,0,1,'2023-10-11 16:16:18','2024-01-16 20:21:40'),(22,32,'بوظة فانيلا فرنسية باللتر','بوظة فانيلا فرنسية باللتر','10343',NULL,3,NULL,NULL,NULL,NULL,NULL,0,0,1,'2023-10-11 16:19:40','2024-02-25 12:00:49'),(23,33,'بوظة شوكلاته سادة باللتر','بوظة شوكلاته سادة باللتر','10342',NULL,3,NULL,NULL,NULL,NULL,NULL,0,0,1,'2023-10-11 16:20:47','2024-02-25 12:00:06'),(24,34,'لتر ايس تي خوخ - مشتريات','لتر ايس تي خوخ - مشتريات','10057',NULL,2,NULL,NULL,NULL,NULL,NULL,0,0,1,'2023-10-11 16:22:49','2023-11-14 20:24:36'),(25,36,'ايس تي منجا - مشتريات','ايس تي منجا - مشتريات','10064',NULL,2,NULL,NULL,NULL,NULL,NULL,0,0,1,'2023-10-11 16:23:49','2023-11-14 20:24:06'),(26,37,'تشيز كيك بلوبري- ايس كريم','تشيز كيك بلوبري- ايس كريم','27',NULL,2,NULL,NULL,NULL,NULL,NULL,0,0,1,'2023-10-11 16:24:43','2023-10-11 16:24:43'),(27,42,'عربية - ايس كريم','عربية - ايس كريم','28',NULL,2,NULL,NULL,NULL,NULL,NULL,0,0,1,'2023-10-11 17:07:51','2023-10-11 17:07:51'),(28,43,'فراولة - ايس كريم','فراولة - ايس كريم','29',NULL,2,NULL,NULL,NULL,NULL,NULL,0,0,1,'2023-10-11 17:08:29','2023-10-11 17:08:29'),(29,44,'حليب كامل الدسم','حليب كامل الدسم','30',NULL,3,NULL,NULL,NULL,NULL,NULL,0,0,1,'2023-10-11 17:10:53','2024-05-29 15:01:08'),(30,45,'حليب خالي الدسم','حليب خالي الدسم','31',NULL,3,NULL,NULL,NULL,NULL,NULL,0,0,1,'2023-10-11 17:11:58','2024-05-29 15:01:39'),(31,46,'حليب خالي اللاكتوز','حليب خالي اللاكتوز','32',NULL,3,NULL,NULL,NULL,NULL,NULL,0,0,1,'2023-10-11 17:12:45','2024-05-29 15:02:05'),(32,47,'حليب اللوز','حليب اللوز','33',NULL,3,NULL,NULL,NULL,NULL,NULL,0,0,1,'2023-10-11 17:13:19','2023-10-11 17:13:19'),(33,48,'حليب الشوفان','حليب الشوفان','34',NULL,3,NULL,NULL,NULL,NULL,NULL,0,0,1,'2023-10-11 17:15:15','2023-10-11 17:15:15'),(34,49,'حليب جوز الهند','حليب جوز الهند','35',NULL,3,NULL,NULL,NULL,NULL,NULL,0,0,1,'2023-10-11 17:16:09','2023-10-11 17:16:09'),(35,50,'قهوة حب بالكيلو','قهوة حب بالكيلو','36',NULL,2,NULL,NULL,NULL,NULL,NULL,0,0,1,'2023-10-11 17:16:47','2023-11-01 12:32:10'),(36,51,'قهوة حب ديكاف بالكيلو','قهوة حب ديكاف بالكيلو','37',NULL,2,NULL,NULL,NULL,NULL,NULL,0,0,1,'2023-10-11 17:17:27','2023-11-01 12:32:28'),(37,52,'قهو تيركي مطحون','قهو تيركي مطحون','38',NULL,2,NULL,NULL,NULL,NULL,NULL,0,0,1,'2023-10-11 17:19:10','2023-10-11 17:19:10'),(38,53,'نسكافيه 3in1 ( نوار)','نسكافيه 3in1 ( نوار)','39',NULL,1,NULL,NULL,NULL,NULL,NULL,0,0,1,'2023-10-11 17:21:07','2023-10-11 17:21:07'),(39,54,'حليب مكثف','حليب مكثف','0',NULL,1,NULL,NULL,NULL,NULL,NULL,0,0,1,'2023-10-11 17:21:54','2024-03-18 12:50:13'),(40,56,'عسل - مشتريات','عسل - مشتريات','21654',NULL,1,NULL,NULL,NULL,NULL,NULL,0,0,1,'2023-10-11 17:29:30','2023-11-04 14:21:19'),(41,58,'زيتون شرائح','زيتون شرائح','10019',NULL,1,NULL,NULL,NULL,NULL,NULL,0,0,1,'2023-10-11 17:32:44','2023-12-09 13:53:44'),(42,59,'كاكاو باودر','كاكاو باودر','41',NULL,2,NULL,NULL,NULL,NULL,NULL,0,0,1,'2023-10-11 17:33:48','2023-10-11 17:33:48'),(43,60,'سكر','سكر','42',NULL,2,NULL,NULL,NULL,NULL,NULL,0,0,1,'2023-10-11 17:34:25','2024-05-28 17:18:40'),(44,61,'سكر بورشن','سكر بورشن','43',NULL,2,NULL,NULL,NULL,NULL,NULL,0,0,1,'2023-10-11 17:34:52','2023-10-11 17:34:52'),(45,63,'ماء زهر','ماء زهر','44',NULL,2,NULL,NULL,NULL,NULL,NULL,0,0,1,'2023-10-11 17:35:36','2023-10-11 17:35:36'),(46,64,'بسكوين اوريو','بسكوين اوريو','45',NULL,1,NULL,NULL,NULL,NULL,NULL,0,0,1,'2023-10-11 17:36:19','2023-10-11 17:36:19'),(47,65,'بسكويت ضيافة','بسكويت ضيافة','46',NULL,1,NULL,NULL,NULL,NULL,NULL,0,0,1,'2023-10-11 17:36:57','2023-10-11 17:36:57'),(48,66,'كريمة حلويات','كريمة حلويات','47',NULL,3,NULL,NULL,NULL,NULL,NULL,0,0,1,'2023-10-11 17:38:18','2023-10-11 17:38:18'),(49,68,'تشوكلت شيب','تشوكلت شيب','49',NULL,1,NULL,NULL,NULL,NULL,NULL,0,0,1,'2023-10-11 18:44:40','2023-10-11 18:44:40'),(51,70,'COLD SUB 26/CM Coffe House','COLD SUB 26/CM Coffe House','10021',NULL,1,NULL,NULL,NULL,NULL,NULL,0,0,1,'2023-10-11 18:46:05','2023-11-14 17:46:13'),(52,71,'فتات التوفي الأصلية','فتات التوفي الأصلية','10022',NULL,1,NULL,NULL,NULL,NULL,NULL,0,0,1,'2023-10-11 18:46:34','2023-11-06 18:08:22'),(53,72,'جوز هند مبروش','جوز هند مبروش','53',NULL,1,NULL,NULL,NULL,NULL,NULL,0,0,1,'2023-10-11 18:47:21','2023-10-11 18:47:21'),(55,74,'فستق حلبي مبروش','فستق حلبي مبروش','10119',NULL,2,NULL,NULL,NULL,NULL,NULL,0,0,1,'2023-10-11 18:48:33','2023-12-16 13:57:27'),(56,75,'جيلي كاندي ( سوس)','جيلي كاندي ( سوس)','56',NULL,1,NULL,NULL,NULL,NULL,NULL,0,0,1,'2023-10-11 18:49:14','2023-10-11 18:49:14'),(57,76,'شيري معلب','شيري معلب','57',NULL,1,NULL,NULL,NULL,NULL,NULL,0,0,1,'2023-10-11 18:49:46','2023-10-11 18:49:46'),(58,78,'كبسولة هيدروجين','كبسولة هيدروجين','59',NULL,1,NULL,NULL,NULL,NULL,NULL,0,0,1,'2023-10-11 18:57:42','2023-10-11 18:57:42'),(59,79,'حليب صويا','حليب صويا','60',NULL,1,NULL,NULL,NULL,NULL,NULL,0,0,1,'2023-10-11 18:58:37','2023-10-11 19:00:46'),(62,84,'اكسترا حليب','اكسترا حليب','63',NULL,1,NULL,NULL,NULL,NULL,NULL,0,0,1,'2023-10-11 19:03:19','2023-11-04 18:24:48'),(63,85,'ICE','ICE','10061',NULL,1,NULL,NULL,NULL,NULL,NULL,0,0,1,'2023-10-11 19:04:36','2023-11-26 15:36:40'),(65,87,'كاسة كرتون 12 Oz','كاسة كرتون 12 Oz','71',NULL,1,NULL,NULL,NULL,NULL,NULL,0,0,1,'2023-10-11 19:07:11','2023-10-12 13:20:54'),(66,88,'كاسة كرتون 8 Oz','كاسة كرتون 8 Oz','72',NULL,1,NULL,NULL,NULL,NULL,NULL,0,0,1,'2023-10-11 19:08:27','2023-10-11 19:08:27'),(67,89,'كاسة كرتون 4 Oz','كاسة كرتون 4 Oz','73',NULL,1,NULL,NULL,NULL,NULL,NULL,0,0,1,'2023-10-11 19:09:16','2023-10-11 19:09:16'),(68,90,'كاسة بلاستيك 16 Oz','كاسة بلاستيك 16 Oz','74',NULL,1,NULL,NULL,NULL,NULL,NULL,0,0,1,'2023-10-11 19:10:26','2023-10-11 19:10:26'),(69,91,'كاسة بلاستيك 12 Oz','كاسة بلاستيك 12 Oz','75',NULL,1,NULL,NULL,NULL,NULL,NULL,0,0,1,'2023-10-11 19:18:32','2023-10-11 19:18:32'),(71,93,'غطاء بارد','غطاء بارد','77',NULL,1,NULL,NULL,NULL,NULL,NULL,0,0,1,'2023-10-11 19:21:50','2023-10-11 19:21:50'),(72,94,'ليبل لوجو رشفة','ليبل لوجو رشفة','78',NULL,1,NULL,NULL,NULL,NULL,NULL,0,0,1,'2023-10-11 19:22:25','2023-10-11 19:22:25'),(73,95,'جبنة حلوم','جبنة حلوم','10103',NULL,1,NULL,NULL,NULL,NULL,NULL,0,0,1,'2023-10-11 19:22:59','2023-12-14 16:39:28'),(74,97,'بورشن سكر بني','بورشن سكر بني','80',NULL,1,NULL,NULL,NULL,NULL,NULL,0,0,1,'2023-10-11 19:23:49','2023-10-12 13:23:37'),(75,99,'بورشن ملح طعام','بورشن ملح طعام','81',NULL,1,NULL,NULL,NULL,NULL,NULL,0,0,1,'2023-10-11 19:24:34','2023-10-11 19:24:34'),(76,100,'بيبي ليفز فريشكو','بيبي ليفز فريشكو','10102','warehouses/barcodes/4Z9xU7AtzDjHs2Ux0IadJxOPZuHniGBmW6shnE5J.jpg',1,NULL,NULL,NULL,NULL,NULL,0,0,1,'2023-10-11 19:25:16','2023-12-14 16:26:21'),(77,101,'اكياس ورق بيضاء','اكياس ورق بيضاء','83',NULL,1,NULL,NULL,NULL,NULL,NULL,0,0,1,'2023-10-11 19:26:04','2023-10-11 19:26:04'),(78,103,'سيتب طعام','سيتب طعام','84',NULL,1,NULL,NULL,NULL,NULL,NULL,0,0,1,'2023-10-11 19:27:01','2023-10-11 19:27:01'),(79,105,'مونين - بيوريه توت ازرق','مونين - بيوريه توت ازرق','10109',NULL,1,NULL,NULL,NULL,NULL,NULL,0,0,1,'2023-10-11 19:27:52','2023-12-14 18:05:30'),(80,106,'ستيرار - ستيك','ستيرار','86',NULL,1,NULL,NULL,NULL,NULL,NULL,0,0,1,'2023-10-11 19:28:51','2023-10-12 13:23:47'),(81,107,'توث بيكس - نكاش اسنان','توث بيكس - نكاش اسنان','87',NULL,1,NULL,NULL,NULL,NULL,NULL,0,0,1,'2023-10-11 19:29:38','2023-10-12 13:23:51'),(82,108,'كب هولدر 2x2','كب هولدر 2x2','88',NULL,1,NULL,NULL,NULL,NULL,NULL,0,0,1,'2023-10-11 19:30:28','2023-10-11 19:30:28'),(83,109,'كب هولدر 4x4','كب هولدر 4x4','89',NULL,1,NULL,NULL,NULL,NULL,NULL,0,0,1,'2023-10-11 19:31:14','2023-10-11 19:31:14'),(84,110,'كفوف مطاط - لاتيكس','كفوف مطاط - لاتيكس','90',NULL,1,NULL,NULL,NULL,NULL,NULL,0,0,1,'2023-10-11 19:31:54','2023-10-11 19:31:54'),(85,111,'كفوف نايلون','كفوف نايلون','91',NULL,1,NULL,NULL,NULL,NULL,NULL,0,0,1,'2023-10-11 19:32:38','2023-10-23 14:47:02'),(86,113,'علب كروسان صغير','علب كروسان صغير','92',NULL,1,NULL,NULL,NULL,NULL,NULL,0,0,1,'2023-10-11 19:38:53','2023-10-11 19:38:53'),(87,114,'علب كروسان كبير','علب كروسان كبير','93',NULL,1,NULL,NULL,NULL,NULL,NULL,0,0,1,'2023-10-11 19:42:18','2023-10-11 19:42:18'),(88,115,'علب سوشي رمز 215','علب سوشي رمز 215','94',NULL,1,NULL,NULL,NULL,NULL,NULL,0,0,1,'2023-10-11 19:42:50','2024-09-05 05:40:26'),(89,117,'علب تتبيلة 75 اسود','علب تتبيلة 75 اسود','95',NULL,1,NULL,NULL,NULL,NULL,NULL,0,0,1,'2023-10-11 19:44:00','2024-09-05 05:39:30'),(90,118,'روست بيف نبيل','روست بيف نبيل','10106',NULL,1,NULL,NULL,NULL,NULL,NULL,0,0,1,'2023-10-11 19:44:37','2023-12-14 17:17:10'),(91,119,'تونا','تونا','10104',NULL,1,NULL,NULL,NULL,NULL,NULL,0,0,1,'2023-10-11 19:45:21','2023-12-14 16:40:30'),(92,120,'V60','V60','10243',NULL,1,NULL,NULL,NULL,NULL,NULL,1,1,1,'2023-10-11 19:45:59','2024-06-23 06:07:40'),(93,121,'فلاتر اميريكان','فلاتر اميريكان','99',NULL,1,NULL,NULL,NULL,NULL,NULL,0,0,1,'2023-10-11 19:46:43','2023-10-11 19:46:43'),(94,122,'زجاجة قهوة','زجاجة قهوة','100',NULL,1,NULL,NULL,NULL,NULL,NULL,0,0,1,'2023-10-11 19:47:17','2023-10-11 19:47:17'),(95,124,'ماتركس 250 مل','ماتركس 250 مل','10082',NULL,1,NULL,NULL,NULL,NULL,NULL,0,0,1,'2023-10-12 12:24:33','2023-12-09 14:08:48'),(96,125,'بوظة بستاشيو باللتر','بوظة بستاشيو باللتر','10088',NULL,1,NULL,NULL,NULL,NULL,NULL,0,0,1,'2023-10-12 12:28:38','2024-02-25 12:01:47'),(97,126,'جي صودا توت','جي صودا توت','10091',NULL,1,NULL,NULL,NULL,NULL,NULL,0,0,1,'2023-10-12 12:29:22','2023-12-12 16:27:17'),(98,128,'جي صودا  يزي','G Yuzu','10092',NULL,1,NULL,NULL,NULL,NULL,NULL,0,0,1,'2023-10-12 12:30:17','2023-12-12 16:29:24'),(99,129,'جي غرينادين','grenadine','10093',NULL,1,NULL,NULL,NULL,NULL,NULL,0,0,1,'2023-10-12 12:31:19','2023-12-12 16:48:09'),(100,130,'ريد بول بدون سكر','ريد بول بدون سكر','10094',NULL,1,NULL,NULL,NULL,NULL,NULL,0,0,1,'2023-10-12 12:32:04','2023-12-12 17:07:53'),(101,207,'شوفان','شوفان','10043',NULL,1,NULL,NULL,NULL,NULL,NULL,0,0,1,'2023-10-22 19:14:13','2023-11-06 17:21:44'),(102,208,'مشروب غازي زنجبيل','مشروب غازي زنجبيل','9898',NULL,1,NULL,NULL,NULL,NULL,NULL,0,0,1,'2023-10-23 13:41:39','2023-10-23 13:41:39'),(103,209,'عصير فواكة المشكل احمر 1 ليتر - بلدنا','عصير فواكة المشكل احمر 1 ليتر - بلدنا','10101',NULL,1,NULL,NULL,NULL,NULL,NULL,0,0,1,'2023-10-23 13:49:11','2023-12-12 20:12:06'),(104,210,'ماء غازية - مشتريات','ماء غازية - مشتريات','9899',NULL,1,NULL,NULL,NULL,NULL,NULL,0,0,1,'2023-10-23 13:51:11','2023-11-04 14:15:54'),(105,211,'مونين - سيرب شوكلاته','مونين - سيرب شوكلاته','4545',NULL,1,NULL,NULL,NULL,NULL,NULL,0,0,1,'2023-10-23 14:09:02','2023-10-26 13:37:45'),(106,212,'سناكات رياضية طبية - تشوكو','سناكات رياضية طبية - تشوكو','10224',NULL,1,NULL,NULL,NULL,NULL,NULL,0,0,1,'2023-10-23 14:35:48','2024-01-03 16:42:34'),(107,213,'كيك كبير','كيك كبير','5555',NULL,1,NULL,NULL,NULL,NULL,NULL,0,0,1,'2023-10-23 14:41:38','2023-10-23 14:41:38'),(108,215,'سلطة سيزر دجاج - مبيعات','سلطة سيزر دجاج - مبيعات','1154',NULL,1,NULL,NULL,NULL,NULL,NULL,0,0,1,'2023-10-23 14:44:39','2023-11-02 14:18:20'),(109,216,'شوت عيار ستيل 0.5/1.5','شوت عيار ستيل 0.5/1.5','8765',NULL,1,NULL,NULL,NULL,NULL,NULL,0,0,1,'2023-10-23 14:45:17','2023-10-26 14:19:10'),(110,217,'مونين - سيرب نيولند','مونين - سيرب نيولند','22222',NULL,1,NULL,NULL,NULL,NULL,NULL,0,0,1,'2023-10-23 14:45:52','2023-10-26 14:15:26'),(111,218,'كاسات قهوة 12 اونص','كاسات قهوة 12 اونص','3232323',NULL,1,NULL,NULL,NULL,NULL,NULL,0,0,1,'2023-10-23 14:46:26','2023-10-23 14:46:26'),(112,219,'كريما حلويات ديكور اب 1 لتر','كريما حلويات ديكور اب 1 لتر','23333',NULL,1,NULL,NULL,NULL,NULL,NULL,0,0,1,'2023-10-23 14:47:49','2023-10-23 14:47:49'),(113,220,'نسكافيه انتنسو اسود','نسكافيه انتنسو اسود','33322',NULL,1,NULL,NULL,NULL,NULL,NULL,0,0,1,'2023-10-23 14:49:06','2023-10-23 14:49:06'),(114,221,'مونين - زجاج مشكل 700مل','مونين - زجاج مشكل 700مل','322323',NULL,1,NULL,NULL,NULL,NULL,NULL,0,0,1,'2023-10-23 14:49:34','2023-10-26 14:16:57'),(115,222,'اسبريسو نابولي امالفي 1 كغم','اسبريسو نابولي امالفي 1 كغم','232323',NULL,1,NULL,NULL,NULL,NULL,NULL,0,0,1,'2023-10-23 15:23:23','2023-10-23 15:23:23'),(116,223,'كوكيز - فريسكو','كوكيز - فريسكو','233233',NULL,1,NULL,NULL,NULL,NULL,NULL,0,0,1,'2023-10-23 15:24:30','2023-11-04 14:06:26'),(117,224,'شوكليت شيبس هيرشيز','شوكليت شيبس هيرشيز','32343322',NULL,1,NULL,NULL,NULL,NULL,NULL,0,0,1,'2023-10-23 15:25:26','2023-10-23 15:25:26'),(118,225,'بسكويت كوفي جوي','بسكويت كوفي جوي','323222',NULL,1,NULL,NULL,NULL,NULL,NULL,0,0,1,'2023-10-23 15:26:40','2023-10-23 15:26:40'),(119,226,'فورمان سيروب تركي','فورمان سيروب تركي','33334',NULL,1,NULL,NULL,NULL,NULL,NULL,0,0,1,'2023-10-23 15:28:03','2023-10-23 15:28:03'),(120,227,'ببلز فروت تايلندي','ببلز فروت تايلندي','32232323',NULL,1,NULL,NULL,NULL,NULL,NULL,0,0,1,'2023-10-23 15:29:36','2023-10-23 15:29:36'),(121,228,'اوريو الاصلي اورجنال','اوريو الاصلي اورجنال','54345',NULL,1,NULL,NULL,NULL,NULL,NULL,0,0,1,'2023-10-23 15:30:46','2023-10-23 15:30:46'),(122,229,'سيروب امريكانا جاردن','سيروب امريكانا جاردن','3242352',NULL,1,NULL,NULL,NULL,NULL,NULL,0,0,1,'2023-10-23 15:40:10','2023-10-23 15:40:10'),(123,230,'مياه اكوا فين 200 مل','مياه اكوا فين 200 مل','42352323',NULL,1,NULL,NULL,NULL,NULL,NULL,0,0,1,'2023-10-23 15:40:50','2023-10-23 15:40:50'),(124,231,'عصير فانز 2 لتر نكهات','عصير فانز 2 لتر نكهات','0987654',NULL,1,NULL,NULL,NULL,NULL,NULL,0,0,1,'2023-10-23 15:41:34','2023-10-23 15:41:34'),(125,232,'بروتين صحي حجم كبير / فريسكو','بروتين صحي حجم كبير / فريسكو','324234',NULL,1,NULL,NULL,NULL,NULL,NULL,0,0,1,'2023-10-23 16:12:53','2023-10-23 16:12:53'),(126,233,'بروتين صحي حجم صغير / فريسكو 7220','بروتين صحي حجم صغير / فريسكو 7220','4224',NULL,1,NULL,NULL,NULL,NULL,NULL,0,0,1,'2023-10-23 16:13:26','2023-10-23 16:13:26'),(127,235,'نسكافيه 2*1','نسكافيه 2*1','34424234',NULL,1,NULL,NULL,NULL,NULL,NULL,0,0,1,'2023-10-23 16:19:51','2023-10-23 16:19:51'),(128,236,'نادك جبنة دهن','نادك جبنة دهن','10024',NULL,1,NULL,NULL,NULL,NULL,NULL,0,0,1,'2023-10-23 16:20:19','2023-11-05 19:22:14'),(129,237,'قهوة تركية','قهوة تركية','4565432',NULL,1,NULL,NULL,NULL,NULL,NULL,0,0,1,'2023-10-23 16:23:26','2023-10-23 16:23:26'),(130,239,'الوجبات الخفيفة المالحة','الوجبات الخفيفة المالحة','98765434',NULL,1,NULL,NULL,NULL,NULL,NULL,0,0,1,'2023-10-23 16:31:55','2023-10-23 16:31:55'),(131,240,'امريكان جاردن','امريكان جاردن','7465534',NULL,1,NULL,NULL,NULL,NULL,NULL,0,0,1,'2023-10-23 16:32:22','2023-10-23 16:32:22'),(132,241,'امريكانا كوكي','امريكانا كوكي','9876543',NULL,1,NULL,NULL,NULL,NULL,NULL,0,0,1,'2023-10-23 16:32:51','2023-10-23 16:32:51'),(133,242,'توت احمر - مشتريات','توت احمر - مشتريات','3244',NULL,1,NULL,NULL,NULL,NULL,NULL,0,0,1,'2023-10-23 16:38:45','2023-10-23 16:38:45'),(134,243,'قهوة باردة / فريسكو','قهوة باردة / فريسكو','45672',NULL,1,NULL,NULL,NULL,NULL,NULL,0,0,1,'2023-10-23 16:48:53','2023-10-23 16:48:53'),(135,244,'قهوة ساخنة','قهوة ساخنة','466545',NULL,1,NULL,NULL,NULL,NULL,NULL,0,0,1,'2023-10-23 16:54:08','2023-10-23 16:54:08'),(136,245,'باربيكيو صوص','باربيكيو صوص','76534',NULL,1,NULL,NULL,NULL,NULL,NULL,0,0,1,'2023-10-23 16:58:33','2023-10-23 16:58:33'),(137,246,'عصير بلدنا','عصير بلدنا','23423',NULL,1,NULL,NULL,NULL,NULL,NULL,0,0,1,'2023-10-23 17:03:13','2023-12-12 19:39:56'),(138,247,'بوظة كروكان','بوظة كروكان','32423',NULL,1,NULL,NULL,NULL,NULL,NULL,0,0,1,'2023-10-23 17:05:22','2023-10-23 17:08:21'),(139,249,'بوظة تشيري مانيا','بوظة تشيري مانيا','3242343',NULL,1,NULL,NULL,NULL,NULL,NULL,0,0,1,'2023-10-23 17:05:49','2023-10-23 17:08:02'),(140,250,'بوظة عربية','بوظة عربية','453433',NULL,1,NULL,NULL,NULL,NULL,NULL,0,0,1,'2023-10-23 17:06:13','2023-10-23 17:07:38'),(141,251,'بوظة فانيلا','بوظة فانيلا','332232',NULL,1,NULL,NULL,NULL,NULL,NULL,0,0,1,'2023-10-23 17:06:54','2023-10-23 17:06:54'),(142,252,'بوظة مالتيزر','بوظة مالتيزر','324222',NULL,1,NULL,NULL,NULL,NULL,NULL,0,0,1,'2023-10-23 17:07:19','2023-10-23 17:07:19'),(143,253,'باودر فانيليا','باودر فانيليا','2432343',NULL,1,NULL,NULL,NULL,NULL,NULL,0,0,1,'2023-10-23 17:11:57','2023-10-23 17:11:57'),(144,254,'بولوت منكهة','بولوت منكهة','23423422',NULL,1,NULL,NULL,NULL,NULL,NULL,0,0,1,'2023-10-23 17:12:34','2023-10-23 17:12:34'),(145,255,'توت بري مهروس','توت بري مهروس','4132422',NULL,1,NULL,NULL,NULL,NULL,NULL,0,0,1,'2023-10-23 17:13:34','2023-10-23 17:13:34'),(146,256,'جرانولا','جرانولا','4532444',NULL,1,NULL,NULL,NULL,NULL,NULL,0,0,1,'2023-10-23 17:14:22','2023-10-23 17:14:22'),(147,257,'ماء ورد','ماء ورد','2342222',NULL,1,NULL,NULL,NULL,NULL,NULL,0,0,1,'2023-10-23 17:15:31','2023-10-23 17:15:31'),(148,151,'Chees cake','Chees cake','10045',NULL,1,NULL,NULL,NULL,NULL,NULL,0,0,1,'2023-10-23 17:58:39','2024-01-17 14:34:17'),(149,258,'بولوت منكهة','بولوت منكهة','بولوت منكهة',NULL,1,NULL,NULL,NULL,NULL,NULL,0,0,1,'2023-10-23 18:03:13','2023-10-23 18:03:13'),(150,259,'حليب قليل  الدسم خالي من اللاكتوز - بلدنا','حليب قليل  الدسم خالي من اللاكتوز - بلدنا','10097',NULL,1,NULL,NULL,NULL,NULL,NULL,0,0,1,'2023-10-23 18:17:03','2023-12-12 19:35:52'),(151,258,'ا','ا','ا','',1,NULL,NULL,NULL,NULL,NULL,0,0,1,'2023-10-23 18:19:58','2023-10-23 18:19:58'),(152,258,'حلوى الشوكولاتة WETHERS','حلوى الشوكولاتة WETHERS','222432','',1,NULL,NULL,NULL,NULL,NULL,0,0,1,'2023-10-23 18:23:29','2023-10-23 18:23:29'),(153,260,'حليب 1 لتر كامل الدسم','حليب 1 لتر كامل الدسم','10098',NULL,1,NULL,NULL,NULL,NULL,NULL,0,0,1,'2023-10-23 18:36:10','2024-05-29 15:02:39'),(154,261,'وحدات غاز كريما','وحدات غاز كريما','2332222',NULL,1,NULL,NULL,NULL,NULL,NULL,0,0,1,'2023-10-23 18:39:29','2023-10-23 18:39:51'),(155,262,'مونين - صوص مشكل','مونين - صوص مشكل','324232',NULL,1,NULL,NULL,NULL,NULL,NULL,0,0,1,'2023-10-23 18:40:27','2023-10-26 14:13:38'),(156,263,'مونين - زجاج مشكل 1لتر','مونين - زجاج مشكل 1لتر','12312322',NULL,1,NULL,NULL,NULL,NULL,NULL,0,0,1,'2023-10-23 18:40:53','2023-10-26 14:16:04'),(157,264,'مونين - سيرب كوراكاو ازرق','مونين - سيرب كوراكاو ازرق','22233',NULL,1,NULL,NULL,NULL,NULL,NULL,0,0,1,'2023-10-23 18:41:21','2023-10-26 14:29:43'),(158,265,'ملح طعام','ملح طعام','222222',NULL,1,NULL,NULL,NULL,NULL,NULL,0,0,1,'2023-10-23 18:52:57','2023-10-24 12:21:01'),(159,266,'دبس بندورة','دبس بندورة','12211212121212',NULL,1,NULL,NULL,NULL,NULL,NULL,0,0,1,'2023-10-23 18:53:49','2023-10-23 18:53:49'),(160,267,'محلي صناعي قليل السعرات','محلي صناعي قليل السعرات','2333333',NULL,1,NULL,NULL,NULL,NULL,NULL,0,0,1,'2023-10-23 19:02:27','2023-10-23 19:02:27'),(161,268,'لازانيا - مشتريات','لازانيا - مشتريات','345332',NULL,1,NULL,NULL,NULL,NULL,NULL,0,0,1,'2023-10-23 19:03:19','2023-10-23 19:03:19'),(162,269,'كيك','كيك','3242322',NULL,1,NULL,NULL,NULL,NULL,NULL,0,0,1,'2023-10-23 19:04:29','2023-10-23 19:04:29'),(163,270,'فواكة مجففة','فواكة مجففة','323223333223',NULL,1,NULL,NULL,NULL,NULL,NULL,0,0,1,'2023-10-23 19:05:45','2023-10-23 19:05:45'),(164,271,'فواكة مشكلة','فواكة مشكلة','322223321',NULL,1,NULL,NULL,NULL,NULL,NULL,0,0,1,'2023-10-23 19:06:28','2023-10-23 19:06:28'),(165,149,'شوكولاته','شوكولاته','225588548',NULL,1,NULL,NULL,NULL,NULL,NULL,0,0,1,'2023-10-23 19:47:43','2023-10-24 13:22:19'),(166,273,'ساندويش ساخن / فريسكو','ساندويش ساخن / فريسكو','234234222',NULL,1,NULL,NULL,NULL,NULL,NULL,0,0,1,'2023-10-24 12:03:19','2023-10-24 12:03:19'),(167,274,'ساندويش توست / فريسكو','ساندويش توست / فريسكو','5678654322',NULL,1,NULL,NULL,NULL,NULL,NULL,0,0,1,'2023-10-24 12:08:11','2023-10-24 12:08:11'),(168,275,'ساندويش بارد / فريسكو','ساندويش بارد / فريسكو','123123111',NULL,1,NULL,NULL,NULL,NULL,NULL,0,0,1,'2023-10-24 12:08:47','2023-10-24 12:08:47'),(169,276,'سلطة دجاج اسود/بروتين - فريسكو','سلطة دجاج اسود/بروتين - فريسكو','23564345434',NULL,1,NULL,NULL,NULL,NULL,NULL,0,0,1,'2023-10-24 12:57:58','2023-10-26 16:59:29'),(170,277,'سلطة دجاج اسود 750 - فريسكو','سلطة دجاج اسود 750 - فريسكو','1253643534',NULL,1,NULL,NULL,NULL,NULL,NULL,0,0,1,'2023-10-24 13:07:31','2023-10-26 17:00:29'),(171,278,'سلطة سوداء دائري - فريسكو','سلطة سوداء دائري - فريسكو','2344',NULL,1,NULL,NULL,NULL,NULL,NULL,0,0,1,'2023-10-24 13:08:19','2023-10-29 16:46:29'),(172,279,'سلطة كونوا اسود عادي - فريسكو','سلطة كونوا اسود عادي - فريسكو','232342323',NULL,1,NULL,NULL,NULL,NULL,NULL,0,0,1,'2023-10-24 13:08:55','2023-10-26 17:26:44'),(173,173,'مونين - سيرب فانيلا','مونين - سيرب فانيلا','3453534333',NULL,1,NULL,NULL,NULL,NULL,NULL,0,0,1,'2023-10-24 13:15:01','2023-10-26 12:54:59'),(174,280,'عصائر','عصائر','25334522',NULL,1,NULL,NULL,NULL,NULL,NULL,0,0,1,'2023-10-24 13:16:23','2023-10-24 13:16:23'),(175,281,'شوكلاته','شوكلاته','456787654343',NULL,1,NULL,NULL,NULL,NULL,NULL,0,0,1,'2023-10-24 13:16:58','2023-10-24 13:16:58'),(176,282,'زيت','زيت','123456789098765444444444444',NULL,1,NULL,NULL,NULL,NULL,NULL,0,0,1,'2023-10-24 13:17:35','2023-10-24 13:17:35'),(177,283,'رقائق وحبوب افطار','رقائق وحبوب افطار','345678976543',NULL,1,NULL,NULL,NULL,NULL,NULL,0,0,1,'2023-10-24 13:18:09','2023-10-24 13:18:09'),(178,153,'Lazy Cake','Lazy Cake','10299',NULL,1,NULL,NULL,NULL,NULL,NULL,0,0,1,'2023-10-24 13:26:06','2024-02-07 17:00:07'),(180,223,'كوكيز قديما','كوكيز قديما','999999999999',NULL,1,NULL,NULL,NULL,NULL,NULL,0,0,1,'2023-10-24 13:29:41','2023-11-04 14:06:26'),(181,284,'اجبان','اجبان','6541651212',NULL,1,NULL,NULL,NULL,NULL,NULL,0,0,1,'2023-10-24 13:54:25','2023-10-24 13:54:25'),(182,285,'مايونيز','مايونيز','3456432',NULL,1,NULL,NULL,NULL,NULL,NULL,0,0,1,'2023-10-24 14:05:50','2023-10-24 14:05:50'),(183,286,'حشوة دجاج','حشوة دجاج','23232',NULL,1,NULL,NULL,NULL,NULL,NULL,0,0,1,'2023-10-24 14:08:53','2023-10-24 14:08:53'),(184,287,'حليب قليل الدسم','حليب قليل الدسم','353453',NULL,1,NULL,NULL,NULL,NULL,NULL,0,0,1,'2023-10-24 14:10:45','2024-05-29 15:03:15'),(185,288,'حليب جوز الهند - مؤقت','حليب جوز الهند - مؤقت','435678653',NULL,1,NULL,NULL,NULL,NULL,NULL,0,0,1,'2023-10-24 14:11:59','2024-01-06 14:38:00'),(186,289,'حليب كويتا','حليب كويتا','4563333',NULL,1,NULL,NULL,NULL,NULL,NULL,0,0,1,'2023-10-24 14:12:40','2023-10-24 14:12:40'),(187,290,'خبز هوت دوغ 23 سم','خبز هوت دوغ 23 سم','1112233',NULL,1,NULL,NULL,NULL,NULL,NULL,0,0,1,'2023-10-24 14:13:51','2023-10-24 14:13:51'),(188,291,'رولات سبانخ / فريسكو','رولات سبانخ / فريسكو','324255',NULL,1,NULL,NULL,NULL,NULL,NULL,0,0,1,'2023-10-24 14:14:23','2023-10-24 14:14:23'),(189,292,'Cinammon','Cinammon','10298',NULL,1,NULL,NULL,NULL,NULL,NULL,0,0,1,'2023-10-24 14:14:57','2024-01-18 14:27:53'),(190,293,'زنجبيل وليمون تيكن','زنجبيل وليمون تيكن','98878',NULL,1,NULL,NULL,NULL,NULL,NULL,0,0,1,'2023-10-24 14:15:32','2023-10-24 14:15:32'),(191,133,'حليب خالي الدسم 1 ليتر - بلدنا','حليب خالي الدسم 1 ليتر - بلدنا','10096',NULL,1,NULL,NULL,NULL,NULL,NULL,0,0,1,'2023-10-24 14:17:45','2023-12-12 19:37:15'),(192,294,'ساندويش لف / فريسكو','ساندويش لف / فريسكو','76453333',NULL,1,NULL,NULL,NULL,NULL,NULL,0,0,1,'2023-10-24 14:44:14','2023-10-24 14:44:14'),(193,295,'سكوب بوظة زابقي','سكوب بوظة زابقي','2342422',NULL,1,NULL,NULL,NULL,NULL,NULL,0,0,1,'2023-10-24 14:45:17','2023-10-24 14:45:17'),(195,296,'عصير برتقال','عصير برتقال','10026',NULL,1,NULL,NULL,NULL,NULL,NULL,0,0,1,'2023-10-24 15:41:33','2024-10-14 12:11:58'),(196,297,'عصير ليمون - مشتريات','عصير ليمون - مشتريات','10008',NULL,1,NULL,NULL,NULL,NULL,NULL,0,0,1,'2023-10-24 15:41:59','2023-11-05 16:46:41'),(197,298,'ميلك شيك فانيلا','ميلك شيك فانيلا','10063',NULL,1,NULL,NULL,NULL,NULL,NULL,0,0,1,'2023-10-24 15:42:28','2023-11-08 15:44:48'),(198,299,'عبوات مياه 350 مل 12*1','عبوات مياه 350 مل 12*1','655561',NULL,1,NULL,NULL,NULL,NULL,NULL,0,0,1,'2023-10-24 15:43:24','2023-10-24 15:43:24'),(199,300,'طبق لحمة بالسبانخ / فريسكو','طبق لحمة بالسبانخ / فريسكو','453753',NULL,1,NULL,NULL,NULL,NULL,NULL,0,0,1,'2023-10-24 15:44:21','2023-10-24 15:44:21'),(200,301,'عسل السنبلة','عسل السنبلة','651511',NULL,1,NULL,NULL,NULL,NULL,NULL,0,0,1,'2023-10-24 15:44:47','2023-10-24 15:44:47'),(201,302,'قهوة كوفي بلانيت نابولي (حب)','قهوة كوفي بلانيت نابولي (حب)','5737',NULL,1,NULL,NULL,NULL,NULL,NULL,0,0,1,'2023-10-24 15:52:28','2023-10-24 15:52:28'),(202,303,'كاتشاب','كاتشاب','62548',NULL,1,NULL,NULL,NULL,NULL,NULL,0,0,1,'2023-10-24 15:53:14','2023-10-24 15:53:14'),(203,304,'عصير كارولينا','عصير كارولينا','651465',NULL,1,NULL,NULL,NULL,NULL,NULL,0,0,1,'2023-10-24 15:53:48','2023-10-24 15:53:48'),(204,196,'مونين - صوص كراميل','مونين - صوص كراميل','475273',NULL,1,NULL,NULL,NULL,NULL,NULL,0,0,1,'2023-10-24 15:54:21','2023-10-26 13:38:49'),(205,305,'Croissant','Croissant','10054',NULL,1,NULL,NULL,NULL,NULL,NULL,0,0,1,'2023-10-24 15:54:55','2024-01-17 14:16:08'),(206,306,'قهوة اكسترا','قهوة اكسترا','52735',NULL,1,NULL,NULL,NULL,NULL,NULL,0,0,1,'2023-10-24 16:01:29','2023-10-24 16:01:29'),(207,307,'قطر فراولة','قطر فراولة','65146515',NULL,1,NULL,NULL,NULL,NULL,NULL,0,0,1,'2023-10-24 16:02:02','2023-10-24 16:02:02'),(208,308,'قطر شوكولاتة','قطر شوكولاتة','519581',NULL,1,NULL,NULL,NULL,NULL,NULL,0,0,1,'2023-10-24 16:02:25','2023-10-24 16:02:25'),(209,309,'فول سوداني','فول سوداني','453453',NULL,1,NULL,NULL,NULL,NULL,NULL,0,0,1,'2023-10-24 16:03:21','2023-10-24 16:03:21'),(210,310,'فوكاتشيا / فريسكو','فوكاتشيا / فريسكو','5273275',NULL,1,NULL,NULL,NULL,NULL,NULL,0,0,1,'2023-10-24 16:03:51','2023-10-24 16:03:51'),(211,311,'فطيرة التفاح الاخضر','فطيرة التفاح الاخضر','75327527',NULL,1,NULL,NULL,NULL,NULL,NULL,0,0,1,'2023-10-24 16:04:44','2023-10-24 16:04:44'),(212,312,'عصير البندورة','عصير البندورة','52727',NULL,1,NULL,NULL,NULL,NULL,NULL,0,0,1,'2023-10-24 16:05:06','2023-10-24 16:05:06'),(213,313,'عسل بالبابونج تيكن','عسل بالبابونج تيكن','7532753',NULL,1,NULL,NULL,NULL,NULL,NULL,0,0,1,'2023-10-24 16:05:34','2023-10-24 16:05:34'),(214,314,'مونين - صوص الشوكولاتة','مونين - صوص الشوكولاتة','659194',NULL,1,NULL,NULL,NULL,NULL,NULL,0,0,1,'2023-10-24 16:05:57','2023-10-26 13:38:19'),(215,315,'شباتي بارد / فريسكو','شباتي بارد / فريسكو','5872273',NULL,1,NULL,NULL,NULL,NULL,NULL,0,0,1,'2023-10-24 16:06:27','2023-10-24 16:06:27'),(216,316,'سكوب بوظة زابقي','سكوب بوظة زابقي','58737',NULL,1,NULL,NULL,NULL,NULL,NULL,0,0,1,'2023-10-24 16:06:54','2023-10-24 16:06:54'),(217,317,'كريمة كورمان','كريمة كورمان','65151',NULL,1,NULL,NULL,NULL,NULL,NULL,0,0,1,'2023-10-24 16:15:18','2023-10-24 16:15:18'),(218,318,'كيك - ريد فالفيت','كيك - ريد فالفيت','5723275',NULL,1,NULL,NULL,NULL,NULL,NULL,0,0,1,'2023-10-24 16:15:56','2023-10-24 16:15:56'),(219,319,'كيك الجزر','كيك الجزر','257275',NULL,1,NULL,NULL,NULL,NULL,NULL,0,0,1,'2023-10-24 16:16:26','2023-10-24 16:16:26'),(220,320,'كيك براونيز','كيك براونيز','752272',NULL,1,NULL,NULL,NULL,NULL,NULL,0,0,1,'2023-10-24 16:18:49','2023-10-24 16:18:49'),(222,322,'حلويات','حلويات','765425252',NULL,1,NULL,NULL,NULL,NULL,NULL,0,0,1,'2023-10-24 18:06:57','2023-10-24 18:06:57'),(223,323,'بندورة','بندورة','10066',NULL,1,NULL,NULL,NULL,NULL,NULL,0,0,1,'2023-10-24 18:12:51','2023-11-28 16:51:55'),(224,324,'حشائش','حشائش','23522',NULL,1,NULL,NULL,NULL,NULL,NULL,0,0,1,'2023-10-24 18:13:44','2023-10-24 18:13:44'),(225,325,'خيار حب','خيار حب','10068',NULL,1,NULL,NULL,NULL,NULL,NULL,0,0,1,'2023-10-24 18:14:25','2023-11-28 16:53:31'),(226,326,'خس ايسبرغ','خس ايسبرغ','10040',NULL,1,NULL,NULL,NULL,NULL,NULL,0,0,1,'2023-10-24 18:15:23','2023-12-14 16:21:05'),(227,138,'مارشميلو','مارشميلو','10006',NULL,1,NULL,NULL,NULL,NULL,NULL,0,0,1,'2023-10-24 18:25:53','2023-11-27 16:44:14'),(228,327,'كوكيز كبير','كوكيز كبير','111115',NULL,1,NULL,NULL,NULL,NULL,NULL,0,0,1,'2023-10-24 18:45:38','2023-11-08 16:15:23'),(229,328,'كوكيز صغير','كوكيز صغير','11115',NULL,2,NULL,NULL,NULL,NULL,NULL,0,0,1,'2023-10-24 18:46:12','2023-11-08 16:15:17'),(230,161,'جي ليمون بدون سكر - مشتريات','جي ليمون بدون سكر - مشتريات','7789',NULL,1,NULL,NULL,NULL,NULL,NULL,0,0,1,'2023-10-24 19:22:53','2023-11-04 14:25:03'),(232,330,'YALNJI','YALNJI','10078',NULL,1,NULL,NULL,NULL,NULL,NULL,0,0,1,'2023-10-25 13:18:01','2024-01-16 19:50:38'),(233,331,'منجا هندي','منجا هندي','651651651',NULL,2,NULL,NULL,NULL,NULL,NULL,0,0,1,'2023-10-25 13:52:02','2023-10-30 16:24:14'),(234,332,'نكتار اناناس طبيعي 1 لتر - بلدنا','نكتار اناناس طبيعي 1 لتر - بلدنا','10099',NULL,1,NULL,NULL,NULL,NULL,NULL,0,0,1,'2023-10-25 13:55:51','2023-12-12 19:43:56'),(235,334,'نكتار منجا طبيعي 1 لتر','نكتار منجا طبيعي 1 لتر','10100',NULL,1,NULL,NULL,NULL,NULL,NULL,0,0,1,'2023-10-25 13:57:09','2023-12-12 19:45:06'),(236,335,'سناكات رياضية طبية - كوكو','سناكات رياضية طبية - كوكو','658416515',NULL,1,NULL,NULL,NULL,NULL,NULL,0,0,1,'2023-10-25 14:19:30','2023-10-25 14:19:30'),(237,336,'عصير مشكل','عصير مشكل','25238752',NULL,3,NULL,NULL,NULL,NULL,NULL,0,0,1,'2023-10-25 14:51:23','2023-10-25 14:51:23'),(238,337,'مياه 500 مل','مياه 500 مل','9844854465',NULL,1,NULL,NULL,NULL,NULL,NULL,0,0,1,'2023-10-25 15:20:00','2023-10-25 15:20:00'),(239,338,'مياه','مياه','987785373',NULL,1,NULL,NULL,NULL,NULL,NULL,0,0,1,'2023-10-25 15:22:40','2023-10-25 15:22:40'),(240,339,'مونين - بيوريه مشكل','مونين - بيوريه مشكل','984656',NULL,1,NULL,NULL,NULL,NULL,NULL,0,0,1,'2023-10-25 15:53:06','2023-10-26 14:12:02'),(241,340,'مونين - سيرب كيوي','مونين - سيرب كيوي','8975412',NULL,1,NULL,NULL,NULL,NULL,NULL,0,0,1,'2023-10-25 15:55:34','2023-10-26 14:10:06'),(242,180,'مونين - سيرب توت','مونين - سيرب توت','5643221423',NULL,1,NULL,NULL,NULL,NULL,NULL,0,0,1,'2023-10-25 16:01:58','2023-10-26 13:15:40'),(243,185,'مونين - سيرب توت بري','مونين - سيرب توت بري','753242',NULL,1,NULL,NULL,NULL,NULL,NULL,0,0,1,'2023-10-25 16:02:21','2023-10-26 13:12:44'),(244,200,'مونين - بيوريه توت','مونين - بيوريه توت','3453453433',NULL,1,NULL,NULL,NULL,NULL,NULL,0,0,1,'2023-10-25 16:02:42','2023-10-26 13:28:12'),(246,341,'مونين - سيرب كراميل','مونين - سيرب كراميل','98456494589',NULL,1,NULL,NULL,NULL,NULL,NULL,0,0,1,'2023-10-25 16:08:23','2023-10-26 13:22:37'),(247,198,'مونين - بيوريه باشن','مونين - بيوريه باشن','75425452',NULL,1,NULL,NULL,NULL,NULL,NULL,0,0,1,'2023-10-25 16:14:59','2023-10-26 13:25:39'),(248,199,'مونين - بيوريه فراولة','مونين - بيوريه فراولة','3553375',NULL,1,NULL,NULL,NULL,NULL,NULL,0,0,1,'2023-10-25 16:15:29','2023-10-26 13:27:12'),(249,342,'مونين - بيوريه توت بري','مونين - بيوريه توت بري','897312',NULL,1,NULL,NULL,NULL,NULL,NULL,0,0,1,'2023-10-25 16:20:58','2023-10-26 13:29:08'),(250,343,'ساندويتش موظفين - فريسكو','ساندويتش موظفين - فريسكو','85455',NULL,1,NULL,NULL,NULL,NULL,NULL,0,0,1,'2023-10-25 17:32:33','2023-10-25 17:32:33'),(252,345,'جبنة بطيخ - فريسكو','جبنة بطيخ - فريسكو','312978456',NULL,1,NULL,NULL,NULL,NULL,NULL,0,0,1,'2023-10-25 19:33:23','2023-10-25 19:33:23'),(253,346,'حليب كامل الدسم 1 ليتر - بلدنا','حليب كامل الدسم 1 ليتر - بلدنا','10095',NULL,1,NULL,NULL,NULL,NULL,NULL,0,0,1,'2023-10-26 12:30:44','2023-12-12 19:37:58'),(254,174,'مونين - سيراب فانيلا خالي من السكر','مونين - سيراب فانيلا خالي من السكر','4235575','',1,NULL,NULL,NULL,NULL,NULL,0,0,1,'2023-10-26 12:55:39','2023-10-26 12:55:39'),(255,175,'مونين - سيراب لوز','مونين - سيراب لوز','5165116',NULL,1,NULL,NULL,NULL,NULL,NULL,0,0,1,'2023-10-26 12:57:29','2023-10-26 13:21:57'),(256,176,'مونين - سيراب كراميل خالي من السكر','مونين - سيراب كراميل خالي من السكر','4365745',NULL,1,NULL,NULL,NULL,NULL,NULL,0,0,1,'2023-10-26 12:58:24','2023-10-26 18:16:21'),(257,177,'مونين - سيراب بندق','مونين - سيراب بندق','455858','',1,NULL,NULL,NULL,NULL,NULL,0,0,1,'2023-10-26 12:58:49','2023-10-26 12:58:49'),(258,178,'مونين - سيراب بندق خالي من السكر','مونين - سيراب بندق خالي من السكر','234234','',1,NULL,NULL,NULL,NULL,NULL,0,0,1,'2023-10-26 12:59:47','2023-10-26 12:59:47'),(259,181,'مونين - سيراب فراولة','مونين - سيراب فراولة','234222','',1,NULL,NULL,NULL,NULL,NULL,0,0,1,'2023-10-26 13:01:10','2023-10-26 13:01:10'),(260,182,'مونين - سيراب باشن','مونين - سيراب باشن','346758687','',1,NULL,NULL,NULL,NULL,NULL,0,0,1,'2023-10-26 13:01:47','2023-10-26 13:01:47'),(261,183,'مونين - سيراب بلو كوراساو','مونين - سيراب بلو كوراساو','8423422','',1,NULL,NULL,NULL,NULL,NULL,0,0,1,'2023-10-26 13:02:25','2023-10-26 13:02:25'),(262,184,'مونين - سيراب رمان','مونين - سيراب رمان','789876','',1,NULL,NULL,NULL,NULL,NULL,0,0,1,'2023-10-26 13:03:03','2023-10-26 13:03:03'),(263,186,'مونين- سيراب فستق حلبي','مونين- سيراب فستق حلبي','34533',NULL,1,NULL,NULL,NULL,NULL,NULL,0,0,1,'2023-10-26 13:03:41','2023-10-26 13:49:44'),(264,187,'مونين - سيراب قرفة','مونين - سيراب قرفة','275275','',1,NULL,NULL,NULL,NULL,NULL,0,0,1,'2023-10-26 13:04:20','2023-10-26 13:04:20'),(265,188,'مونين - سيراب موهيتو','مونين - سيراب موهيتو','22855','',1,NULL,NULL,NULL,NULL,NULL,0,0,1,'2023-10-26 13:06:31','2023-10-26 13:06:31'),(266,189,'مونين - سيرب لافيندر','مونين - سيرب لافيندر','7859637','',1,NULL,NULL,NULL,NULL,NULL,0,0,1,'2023-10-26 13:07:30','2023-10-26 13:07:30'),(267,191,'مونين - سيراب ليمون','مونين - سيراب ليمون','3242','',1,NULL,NULL,NULL,NULL,NULL,0,0,1,'2023-10-26 13:08:11','2023-10-26 13:08:11'),(268,193,'مونين - سيراب شاي وليمون','مونين - سيراب شاي وليمون','777','',1,NULL,NULL,NULL,NULL,NULL,0,0,1,'2023-10-26 13:08:44','2023-10-26 13:08:44'),(269,190,'مونين - سيرب بطيخ','مونين - سيرب بطيخ','2323','',1,NULL,NULL,NULL,NULL,NULL,0,0,1,'2023-10-26 13:09:57','2023-10-26 13:09:57'),(270,192,'مونين - سيرب شاي وخوخ','مونين - سيرب شاي وخوخ','233','',1,NULL,NULL,NULL,NULL,NULL,0,0,1,'2023-10-26 13:10:47','2023-10-26 13:10:47'),(271,179,'مونين - سيرب توفي','مونين - سيرب توفي','1222','',1,NULL,NULL,NULL,NULL,NULL,0,0,1,'2023-10-26 13:11:38','2023-10-26 13:11:38'),(272,194,'مونين - سيراب شاي وتوت احمر','مونين - سيراب شاي وتوت احمر','78885','',1,NULL,NULL,NULL,NULL,NULL,0,0,1,'2023-10-26 13:17:37','2023-10-26 13:17:37'),(273,202,'مونين - سيرب خوخ','مونين - سيرب خوخ','3453',NULL,1,NULL,NULL,NULL,NULL,NULL,0,0,1,'2023-10-26 13:29:50','2023-10-26 13:49:19'),(274,203,'مونين - بيوريه موز','مونين - بيوريه موز','7755','',1,NULL,NULL,NULL,NULL,NULL,0,0,1,'2023-10-26 13:30:21','2023-10-26 13:30:21'),(275,204,'مونين - بيوريه فستق الحلبي','مونين - بيوريه فستق الحلبي','مونين - بيوريه فستق الحلبي','',1,NULL,NULL,NULL,NULL,NULL,0,0,1,'2023-10-26 13:31:00','2023-10-26 13:31:00'),(276,197,'مونين - صوص شوكولاته بيضاء','مونين - صوص شوكولاته بيضاء','23422','',1,NULL,NULL,NULL,NULL,NULL,0,0,1,'2023-10-26 13:39:33','2023-10-26 13:39:33'),(277,195,'ميلك شيك مكس','ميلك شيك مكس','10053',NULL,1,NULL,NULL,NULL,NULL,NULL,0,0,1,'2023-10-26 13:40:15','2023-11-07 14:46:18'),(278,205,'مونين - بيوريه منجا','مونين - بيوريه منجا','2342','',1,NULL,NULL,NULL,NULL,NULL,0,0,1,'2023-10-26 13:46:30','2023-10-26 13:46:30'),(279,206,'مونين - سيروب بالجوز هند','مونين - سيروب بالجوز هند','2132323','',1,NULL,NULL,NULL,NULL,NULL,0,0,1,'2023-10-26 13:48:19','2023-10-26 13:48:19'),(281,150,'كوكيز مشكل','كوكيز مشكل','234221','',1,NULL,NULL,NULL,NULL,NULL,0,0,1,'2023-10-26 16:29:45','2023-10-26 16:29:45'),(282,201,'مونين - سيرب شوكلاته نيولاند 680 غم','مونين - سيرب شوكلاته نيولاند 680 غم','3211324',NULL,1,NULL,NULL,NULL,NULL,NULL,0,0,1,'2023-10-28 14:16:04','2023-11-04 13:51:40'),(284,143,'مونين - سيرب علكة','مونين - سيرب علكة','23554','',1,NULL,NULL,NULL,NULL,NULL,0,0,1,'2023-10-29 16:09:15','2023-10-29 16:09:15'),(285,145,'حلوى السيلمون / قرفة - مبيعات','حلوى السيلمون / قرفة - مبيعات','77777',NULL,1,NULL,NULL,NULL,NULL,NULL,0,0,1,'2023-10-30 16:21:43','2023-11-02 16:10:03'),(286,135,'ساندويتش دجاج بيستو - مبيعات','ساندويتش دجاج بيستو - مبيعات','11959',NULL,1,NULL,NULL,NULL,NULL,NULL,0,0,1,'2023-10-30 16:22:41','2023-11-02 14:26:01'),(287,134,'اصابع شوكلاته - مبيعات','اصابع شوكلاته - مبيعات','11141',NULL,1,NULL,NULL,NULL,NULL,NULL,0,0,1,'2023-10-30 16:23:00','2023-11-02 16:07:23'),(288,132,'شوكلاته - مبيعات','شوكلاته - مبيعات','111087',NULL,1,NULL,NULL,NULL,NULL,NULL,0,0,1,'2023-10-30 16:25:23','2023-11-02 15:05:09'),(289,347,'HOT SPANISH LATTE','HOT SPANISH LATTE','10290',NULL,1,NULL,NULL,NULL,NULL,NULL,1,1,1,'2023-11-01 12:51:33','2024-06-03 08:19:29'),(290,348,'ICED SPANISH LATTE L','ICED SPANISH LATTE','10289',NULL,1,1,1,1,1,1,1,1,1,'2023-11-01 12:52:16','2024-06-03 08:29:47'),(291,349,'AMERICANO','AMERICANO','10287',NULL,1,NULL,NULL,NULL,NULL,NULL,1,1,1,'2023-11-01 12:53:48','2024-06-03 08:15:26'),(292,350,'BLUEBERRY CHEESECAKE','BLUEBERRY CHEESECAKE','10286',NULL,1,NULL,NULL,NULL,NULL,NULL,0,0,1,'2023-11-01 12:54:36','2024-01-17 14:38:33'),(293,352,'Camomile','Camomile','10041',NULL,1,NULL,NULL,NULL,NULL,NULL,0,0,1,'2023-11-01 12:55:26','2024-01-17 14:37:51'),(294,354,'CAPPUCCINO','CAPPUCCINO','10051',NULL,1,NULL,NULL,NULL,NULL,NULL,1,1,1,'2023-11-01 12:56:13','2024-06-03 08:16:06'),(295,355,'ماتشا شاي اخضر ياباني مطحون','ماتشا شاي اخضر ياباني مطحون','10005',NULL,1,NULL,NULL,NULL,NULL,NULL,0,0,1,'2023-11-01 12:57:02','2024-08-13 09:28:24'),(296,356,'Chiken Cesar Salad','Chiken Cesar Salad','10285',NULL,1,NULL,NULL,NULL,NULL,NULL,0,0,1,'2023-11-01 12:58:36','2024-01-17 14:33:42'),(297,357,'Chiken Cesar Sub','Chiken Cesar Sub','10284',NULL,1,NULL,NULL,NULL,NULL,NULL,0,0,1,'2023-11-01 13:02:27','2024-01-17 14:22:23'),(298,358,'Chiken pesto','Chiken pesto','10283',NULL,1,NULL,NULL,NULL,NULL,NULL,0,0,1,'2023-11-01 13:07:09','2024-01-17 14:21:33'),(299,359,'CHOCOLATE','CHOCOLATE','10282',NULL,1,NULL,NULL,NULL,NULL,NULL,0,0,1,'2023-11-01 13:10:58','2024-01-17 14:20:44'),(300,360,'Chocolate Bar','Chocolate Bar','10281',NULL,1,NULL,NULL,NULL,NULL,NULL,0,0,1,'2023-11-01 13:11:33','2024-01-17 14:20:15'),(301,361,'coffee','coffee','10280',NULL,1,NULL,NULL,NULL,NULL,NULL,0,0,1,'2023-11-01 13:12:04','2024-01-17 14:18:30'),(302,362,'Cookies','Cookies','10279',NULL,1,NULL,NULL,NULL,NULL,NULL,0,0,1,'2023-11-01 13:20:39','2024-01-17 14:18:02'),(303,363,'CORTADO','CORTADO','10278',NULL,1,NULL,NULL,NULL,NULL,NULL,1,1,1,'2023-11-01 13:21:36','2024-06-03 08:17:06'),(304,364,'Cramel meccato','Cramel meccato','10277',NULL,1,NULL,NULL,NULL,NULL,NULL,1,1,1,'2023-11-01 14:18:20','2024-06-03 08:17:25'),(306,367,'Earl Grey','Earl Grey','10275',NULL,1,NULL,NULL,NULL,NULL,NULL,0,0,1,'2023-11-01 14:20:06','2024-01-17 14:13:35'),(307,368,'ESPRESSO 1 SHOT','ESPRESSO 1 SHOT','10273',NULL,1,NULL,NULL,NULL,NULL,NULL,1,1,1,'2023-11-01 14:27:49','2024-06-03 08:17:56'),(308,369,'ESPRESSO DOUBLE SHOT','ESPRESSO DOUBLE SHOT','10272',NULL,1,NULL,NULL,NULL,NULL,NULL,1,1,1,'2023-11-01 14:30:08','2024-06-03 08:18:02'),(309,370,'اسبريسو لونغو','ESPRESSO LONGO','11069',NULL,1,NULL,NULL,NULL,NULL,NULL,0,0,1,'2023-11-01 14:35:57','2023-11-01 14:35:57'),(310,372,'Extra Flavour','Extra Flavour','10271',NULL,1,NULL,NULL,NULL,NULL,NULL,0,0,1,'2023-11-01 14:36:45','2024-01-17 14:09:31'),(311,373,'Extra Shot','Extra Shot','10270',NULL,1,NULL,NULL,NULL,NULL,NULL,0,0,1,'2023-11-01 14:37:54','2024-01-17 14:09:00'),(312,374,'FLAT WIHTE','FLAT WIHTE','10269',NULL,1,NULL,NULL,NULL,NULL,NULL,1,1,1,'2023-11-01 14:38:45','2024-06-03 08:18:41'),(313,377,'Frappé','Frappé','10055',NULL,1,NULL,NULL,NULL,NULL,NULL,1,1,1,'2023-11-01 14:39:56','2024-06-03 08:18:35'),(314,378,'G soda','G soda','10039',NULL,1,NULL,NULL,NULL,NULL,NULL,0,0,1,'2023-11-01 14:40:51','2024-01-17 14:07:36'),(315,380,'Ginger & lemon','Ginger & lemon','10268',NULL,1,NULL,NULL,NULL,NULL,NULL,0,0,1,'2023-11-01 14:41:33','2024-01-17 14:06:56'),(316,381,'GOURMENT ROST (American)','GOURMENT ROST (American)','10267',NULL,1,NULL,NULL,NULL,NULL,NULL,0,0,1,'2023-11-01 14:42:33','2024-01-17 14:06:06'),(317,382,'Greek Salad','Greek Salad','110699',NULL,1,NULL,NULL,NULL,NULL,NULL,0,0,1,'2023-11-01 14:46:45','2024-01-17 14:05:18'),(318,383,'GREEN TEA','GREEN TEA','10266',NULL,1,NULL,NULL,NULL,NULL,NULL,0,0,1,'2023-11-01 14:47:20','2024-01-17 14:03:55'),(319,385,'Halloumi','Halloumi','10265',NULL,1,NULL,NULL,NULL,NULL,NULL,0,0,1,'2023-11-01 14:50:34','2024-01-16 20:47:20'),(320,386,'Cesar Salad','Cesar Salad','10319',NULL,1,NULL,NULL,NULL,NULL,NULL,0,0,1,'2023-11-01 14:55:10','2024-01-18 17:49:45'),(321,388,'Honey Cake','Honey Cake','10031',NULL,2,NULL,NULL,NULL,NULL,NULL,0,0,1,'2023-11-01 14:55:49','2024-01-16 20:46:47'),(322,390,'Hot Chocolate','Hot Chocolate','110625',NULL,1,NULL,NULL,NULL,NULL,NULL,0,0,1,'2023-11-01 14:57:14','2024-01-16 20:46:25'),(323,391,'Krokan','Krokan','10338',NULL,1,NULL,NULL,NULL,NULL,NULL,0,0,1,'2023-11-01 14:59:26','2024-02-06 19:54:52'),(324,392,'LATTE','LATTE','11036',NULL,1,NULL,NULL,NULL,NULL,NULL,1,1,1,'2023-11-01 15:00:41','2024-06-03 08:23:54'),(325,393,'LATTE WITH FLAVORE','LATTE WITH FLAVORE','10263',NULL,1,NULL,NULL,NULL,NULL,NULL,1,1,1,'2023-11-01 15:01:31','2024-06-03 08:23:59'),(326,394,'Rush.fa chocolate chip freppuccino','Rush.fa chocolate chip freppuccino','10058',NULL,1,NULL,NULL,NULL,NULL,NULL,0,0,1,'2023-11-01 15:02:39','2024-01-17 17:22:32'),(327,395,'Mini cookies','Mini cookies','10262',NULL,1,NULL,NULL,NULL,NULL,NULL,1,1,1,'2023-11-01 15:07:29','2025-09-08 13:54:01'),(328,396,'MOCCA','MOCCA','10293',NULL,1,NULL,NULL,NULL,NULL,NULL,0,0,1,'2023-11-01 15:08:20','2024-01-17 17:26:20'),(329,397,'MOCCACCINO','MOCCACCINO','10261',NULL,1,NULL,NULL,NULL,NULL,NULL,1,1,1,'2023-11-01 15:09:49','2024-06-03 08:24:15'),(330,399,'MOJITO VIRGIN','MOJITO VIRGIN','10260',NULL,1,NULL,NULL,NULL,NULL,NULL,0,0,1,'2023-11-01 15:10:35','2024-01-16 20:41:42'),(331,400,'Niscafe','Niscafe','10258',NULL,1,NULL,NULL,NULL,NULL,NULL,0,0,1,'2023-11-01 15:11:23','2024-02-08 17:18:17'),(332,401,'عصير يرتقال طازج','ORANGE FRESH','11965',NULL,1,NULL,NULL,NULL,NULL,NULL,0,0,1,'2023-11-01 15:13:18','2023-11-01 15:13:18'),(333,402,'Oreo milkshake','Oreo milkshake','11074',NULL,1,NULL,NULL,NULL,NULL,NULL,0,0,1,'2023-11-01 15:14:30','2024-02-06 19:44:04'),(336,407,'Roast beef','Roast beef','10253',NULL,1,NULL,NULL,NULL,NULL,NULL,0,0,1,'2023-11-01 15:49:03','2024-01-16 20:20:31'),(337,408,'TEA','TEA','10062',NULL,1,NULL,NULL,NULL,NULL,NULL,0,0,1,'2023-11-01 15:49:47','2024-01-16 20:07:53'),(338,409,'TOFFEE WIHTE MOCCA','TOFFEE WIHTE MOCCA','10248',NULL,1,NULL,NULL,NULL,NULL,NULL,1,1,1,'2023-11-01 15:50:23','2024-06-03 08:25:15'),(339,410,'Tuna Salad','Tuna Salad','10246',NULL,1,NULL,NULL,NULL,NULL,NULL,0,0,1,'2023-11-01 15:50:51','2024-01-16 20:04:59'),(340,411,'Turkesh Coffee','Turkesh Coffee','10244',NULL,1,NULL,NULL,NULL,NULL,NULL,0,0,1,'2023-11-01 15:51:26','2024-01-16 20:00:00'),(341,412,'Turkey','Turkey','10245',NULL,1,NULL,NULL,NULL,NULL,NULL,0,0,1,'2023-11-01 15:52:08','2024-01-16 20:00:40'),(342,413,'VANILLA','VANILLA','10242',NULL,1,NULL,NULL,NULL,NULL,NULL,0,0,1,'2023-11-01 15:53:26','2024-01-16 19:53:15'),(343,414,'WATER','WATER','10037',NULL,1,NULL,NULL,NULL,NULL,NULL,0,0,1,'2023-11-01 15:54:06','2024-01-16 19:51:57'),(344,415,'WIHTE MOCCA','WIHTE MOCCA','10241',NULL,1,NULL,NULL,NULL,NULL,NULL,1,1,1,'2023-11-01 15:55:00','2024-06-03 08:25:03'),(345,417,'CAPPUCCINO WITH FLAVORE','CAPPUCCINO WITH FLAVORE','10052',NULL,1,NULL,NULL,NULL,NULL,NULL,1,1,1,'2023-11-01 16:00:48','2024-06-03 08:16:19'),(346,418,'سكوب ايس كريم','Ice cream scoop','115',NULL,1,NULL,NULL,NULL,NULL,NULL,0,0,1,'2023-11-01 16:06:26','2023-11-01 16:06:26'),(347,419,'HERBAL RED','HERBAL RED','10059',NULL,1,NULL,NULL,NULL,NULL,NULL,0,0,1,'2023-11-01 16:07:19','2024-01-18 16:09:16'),(348,420,'LEMON FRESH','LEMON FRESH','10009',NULL,1,NULL,NULL,NULL,NULL,NULL,0,0,1,'2023-11-01 16:07:59','2024-01-16 20:43:55'),(349,421,'Moroccan (mint)','Moroccan (mint)','10018',NULL,1,NULL,NULL,NULL,NULL,NULL,0,0,1,'2023-11-01 16:09:03','2024-01-17 14:54:44'),(350,422,'PERRIEH','PERRIEH','10030',NULL,1,NULL,NULL,NULL,NULL,NULL,0,0,1,'2023-11-01 16:09:54','2024-01-18 14:31:29'),(351,423,'Mix cheese','Mix cheese','10332',NULL,1,NULL,NULL,NULL,NULL,NULL,0,0,1,'2023-11-01 16:10:35','2024-02-01 14:19:35'),(352,424,'Rocca','Rocca','10337',NULL,1,NULL,NULL,NULL,NULL,NULL,0,0,1,'2023-11-01 16:13:00','2024-02-06 19:51:28'),(353,425,'ALMOND JOY FULL','ALMOND JOY FULL','10044',NULL,1,NULL,NULL,NULL,NULL,NULL,0,0,1,'2023-11-01 16:24:56','2024-01-17 15:08:01'),(354,426,'Deli','Deli','10276',NULL,1,NULL,NULL,NULL,NULL,NULL,0,0,1,'2023-11-01 16:27:49','2024-02-07 16:30:19'),(355,427,'English Breakfast 20','English Breakfast 20','10157',NULL,1,NULL,NULL,NULL,NULL,NULL,0,0,1,'2023-11-01 16:28:39','2024-11-25 08:31:23'),(356,428,'French press','French press','10362',NULL,1,NULL,NULL,NULL,NULL,NULL,1,1,1,'2023-11-01 16:30:14','2024-06-03 13:14:02'),(357,429,'RUCH.FA','RUCH.FA','11198',NULL,1,NULL,NULL,NULL,NULL,NULL,0,0,1,'2023-11-01 16:30:49','2024-01-16 20:19:55'),(358,430,'مشروب رشفة موز','RUSH.FA BANNANA','11776',NULL,1,NULL,NULL,NULL,NULL,NULL,0,0,1,'2023-11-01 16:31:41','2023-11-01 16:31:41'),(359,431,'RUSH.FA BREEZE','RUSH.FA BREEZE','10252',NULL,1,NULL,NULL,NULL,NULL,NULL,0,0,1,'2023-11-01 16:32:13','2024-01-16 20:19:12'),(360,432,'RUSH.FA BREEZE WITH MANGO','RUSH.FA BREEZE WITH MANGO','10251',NULL,1,NULL,NULL,NULL,NULL,NULL,0,0,1,'2023-11-01 16:32:47','2024-01-16 20:16:31'),(361,433,'مشروب رشفة رقائق الشوكولاتة فريبوتشينو','Rush.fa chocolate chip freppuccino','112322',NULL,1,NULL,NULL,NULL,NULL,NULL,0,0,1,'2023-11-01 16:33:26','2023-11-01 16:33:26'),(363,131,'مياه غازي كون جاز','Con gas','1106665','',1,NULL,NULL,NULL,NULL,NULL,0,0,1,'2023-11-02 16:13:27','2023-11-02 16:13:27'),(364,137,'مياه صودا جولد - مبيعات','GOLD SODA','117856',NULL,1,NULL,NULL,NULL,NULL,NULL,0,0,1,'2023-11-02 16:36:08','2023-11-02 17:15:51'),(365,136,'Soft drink','Soft drink','10033',NULL,1,NULL,NULL,NULL,NULL,NULL,1,1,1,'2023-11-02 16:36:23','2024-06-03 08:07:12'),(366,139,'PEACH PASSION','PEACH PASSION','10056',NULL,1,NULL,NULL,NULL,NULL,NULL,0,0,1,'2023-11-02 16:36:42','2024-01-16 20:25:11'),(367,140,'ORANGE FRESH','ORANGE FRESH','10257',NULL,1,NULL,NULL,NULL,NULL,NULL,0,0,1,'2023-11-02 16:37:54','2024-01-16 20:38:43'),(368,141,'كعك - مبيعات','كعك - مبيعات','1155',NULL,1,NULL,NULL,NULL,NULL,NULL,0,0,1,'2023-11-02 16:38:09','2023-11-04 12:13:45'),(369,142,'حلوى - مبيعات','Dessert','119765','',1,NULL,NULL,NULL,NULL,NULL,0,0,1,'2023-11-02 16:38:41','2023-11-02 16:38:41'),(370,156,'قطعة شوكلاتة صغير - مبيعات','قطعة شوكلاتة صغير - مبيعات','121123',NULL,1,NULL,NULL,NULL,NULL,NULL,0,0,1,'2023-11-02 17:17:22','2023-11-04 12:08:17'),(371,144,'ايس تي توت','ايس تي توت','10049',NULL,1,NULL,NULL,NULL,NULL,NULL,0,0,1,'2023-11-04 12:49:36','2023-11-08 15:02:58'),(372,146,'RED STRAWBERRY','RED STRAWBERRY','10254',NULL,1,NULL,NULL,NULL,NULL,NULL,0,0,1,'2023-11-04 13:39:39','2024-01-16 20:21:01'),(373,162,'ساندويتش تونا - مبيعات','ساندويتش تونا - مبيعات','10001',NULL,1,NULL,NULL,NULL,NULL,NULL,0,0,1,'2023-11-04 13:54:23','2023-11-05 15:06:16'),(374,155,'ميلك شيك / شوكلاته مبيعات','ميلك شيك / شوكلاته مبيعات','11277858',NULL,1,NULL,NULL,NULL,NULL,NULL,0,0,1,'2023-11-04 14:07:14','2023-11-05 15:01:46'),(375,157,'Deli sandwish','Deli sandwish','10015',NULL,1,NULL,NULL,NULL,NULL,NULL,0,0,1,'2023-11-04 14:07:40','2024-02-01 15:15:43'),(377,172,'نيولاند شراب كراميل','نيولاند شراب كراميل','65465',NULL,1,NULL,NULL,NULL,NULL,NULL,0,0,1,'2023-11-04 14:08:51','2023-11-04 18:39:58'),(378,148,'ميلك شيك موكا / مبيعات','ميلك شيك موكا / مبيعات','78678',NULL,1,NULL,NULL,NULL,NULL,NULL,0,0,1,'2023-11-04 14:10:08','2023-11-05 16:57:49'),(379,158,'ايس تي ليمون / مبيعات','ايس تي ليمون / مبيعات','10004',NULL,1,NULL,NULL,NULL,NULL,NULL,0,0,1,'2023-11-04 14:10:24','2023-11-05 16:37:00'),(381,160,'Open Dessert','Open Dessert','10011',NULL,1,NULL,NULL,NULL,NULL,NULL,0,0,1,'2023-11-04 14:10:52','2023-11-05 18:18:21'),(382,171,'Open drink','Open drink','10000',NULL,1,NULL,NULL,NULL,NULL,NULL,0,0,1,'2023-11-04 14:11:04','2023-11-05 18:20:40'),(383,170,'ميلك شيك رشفة / مبيعات','ميلك شيك رشفة / مبيعات','10016',NULL,1,NULL,NULL,NULL,NULL,NULL,0,0,1,'2023-11-04 14:11:14','2023-11-05 19:10:47'),(384,169,'Cold brew','Cold brew','10014',NULL,1,NULL,NULL,NULL,NULL,NULL,0,0,1,'2023-11-04 14:11:32','2023-11-05 18:53:48'),(385,168,'PEACH','PEACH','10010',NULL,1,NULL,NULL,NULL,NULL,NULL,0,0,1,'2023-11-04 14:11:43','2024-01-16 20:26:06'),(386,167,'LIKE THE MILKY WAY','LIKE THE MILKY WAY','10003',NULL,1,NULL,NULL,NULL,NULL,NULL,0,0,1,'2023-11-04 14:11:53','2023-11-05 15:37:18'),(387,166,'شاي ايرلي جري - مبيعات','شاي ايرلي جري - مبيعات','10002',NULL,1,NULL,NULL,NULL,NULL,NULL,0,0,1,'2023-11-04 14:12:03','2023-11-05 15:25:34'),(388,163,'RUSH.FA TAN MOCCA','RUSH.FA TAN MOCCA','10249',NULL,1,NULL,NULL,NULL,NULL,NULL,0,0,1,'2023-11-04 14:12:48','2024-01-16 20:09:51'),(389,164,'Rush.fa Nescafe','Rush.fa Nescafe','10250',NULL,1,NULL,NULL,NULL,NULL,NULL,0,0,1,'2023-11-04 14:13:31','2024-01-16 20:10:30'),(390,165,'RUSH.FA MANGO','RUSH.FA MANGO','10027',NULL,1,NULL,NULL,NULL,NULL,NULL,0,0,1,'2023-11-04 14:13:40','2024-01-16 20:11:17'),(391,436,'شيباتا سادة (25)','شيباتا سادة (25)','10012',NULL,1,NULL,NULL,NULL,NULL,NULL,0,0,1,'2023-11-27 17:42:11','2023-12-09 18:59:11'),(392,437,'شيباتا سادة - حبوب (30)','شيباتا سادة - حبوب (30)','10013',NULL,1,NULL,NULL,NULL,NULL,NULL,0,0,1,'2023-11-27 17:42:58','2023-12-09 18:59:26'),(393,438,'ستيك 26 سم ابيض','ستيك 26 سم ابيض','10020',NULL,1,NULL,NULL,NULL,NULL,NULL,0,0,1,'2023-11-27 17:47:11','2023-12-09 19:00:09'),(394,439,'توست جامبو ابيض','توست جامبو ابيض','10023',NULL,1,NULL,NULL,NULL,NULL,NULL,0,0,1,'2023-11-27 17:47:38','2024-01-03 17:50:23'),(395,440,'ديمي باجيت 26 سم ابيض','ديمي باجيت 26 سم ابيض','10028',NULL,1,NULL,NULL,NULL,NULL,NULL,0,0,1,'2023-11-27 17:48:37','2023-12-09 19:00:46'),(396,441,'صدر مطري 2ك لذيذ','صدر مطري 2ك لذيذ','10032',NULL,1,NULL,NULL,NULL,NULL,NULL,0,0,1,'2023-11-27 18:57:32','2023-11-27 19:02:40'),(397,442,'بيبي فريز','بيبي فريز','10035',NULL,1,NULL,NULL,NULL,NULL,NULL,0,0,1,'2023-11-27 19:19:21','2023-11-27 19:19:21'),(398,443,'فطر','فطر','10038',NULL,1,NULL,NULL,NULL,NULL,NULL,0,0,1,'2023-11-27 19:26:05','2023-11-27 19:26:05'),(399,444,'فلفل حلو / حار','فلفل حلو / حار','10042',NULL,1,NULL,NULL,NULL,NULL,NULL,0,0,1,'2023-11-27 19:45:03','2023-11-28 16:53:59'),(400,445,'ستيك 26 سم  اسمر','ستيك 26 سم  اسمر','10046',NULL,1,NULL,NULL,NULL,NULL,NULL,0,0,1,'2023-11-28 13:54:03','2023-11-28 13:54:03'),(401,446,'شيباتا سادة (33)','شيباتا سادة (33)','10047',NULL,1,NULL,NULL,NULL,NULL,NULL,0,0,1,'2023-11-28 15:48:35','2023-12-09 18:59:33'),(402,447,'جرجير','جرجير','10060',NULL,1,NULL,NULL,NULL,NULL,NULL,0,0,1,'2023-11-28 16:44:35','2023-11-28 16:50:30'),(403,448,'جزر مبروش','جزر مبروش','10065',NULL,1,NULL,NULL,NULL,NULL,NULL,0,0,1,'2023-11-28 16:51:24','2023-11-28 16:51:24'),(404,449,'خس لولوبيندا','خس لولوبيندا','10067',NULL,1,NULL,NULL,NULL,NULL,NULL,0,0,1,'2023-11-28 16:52:49','2023-11-28 16:52:49'),(405,450,'ريحان 2%','ريحان 2%','10069',NULL,1,NULL,NULL,NULL,NULL,NULL,0,0,1,'2023-11-28 17:04:16','2023-12-31 17:03:13'),(406,451,'خضار مشكل','خضار مشكل','10070',NULL,1,NULL,NULL,NULL,NULL,NULL,0,0,1,'2023-12-04 18:26:42','2023-12-04 18:26:42'),(407,452,'بصل','بصل','10071',NULL,1,NULL,NULL,NULL,NULL,NULL,0,0,1,'2023-12-04 19:42:48','2023-12-04 19:42:48'),(408,453,'طحين','طحين','10072',NULL,1,NULL,NULL,NULL,NULL,NULL,0,0,1,'2023-12-06 15:17:55','2023-12-06 15:17:55'),(409,454,'ماجي','ماجي','10073',NULL,1,NULL,NULL,NULL,NULL,NULL,0,0,1,'2023-12-06 15:18:23','2023-12-06 15:18:23'),(410,455,'سنيورة','سنيورة','10074',NULL,1,NULL,NULL,NULL,NULL,NULL,0,0,1,'2023-12-06 15:20:05','2023-12-06 15:20:05'),(411,456,'روست تيركي','روست تيركي','10075',NULL,1,NULL,NULL,NULL,NULL,NULL,0,0,1,'2023-12-06 15:20:34','2023-12-06 15:20:34'),(412,457,'ذرة','ذرة','10076',NULL,1,NULL,NULL,NULL,NULL,NULL,0,0,1,'2023-12-06 15:22:48','2023-12-06 15:22:48'),(413,458,'جبنة بارمزان','جبنة بارمزان','10077',NULL,1,NULL,NULL,NULL,NULL,NULL,0,0,1,'2023-12-06 15:26:06','2023-12-06 15:26:06'),(414,459,'زنجبيل','زنجبيل','10079',NULL,1,NULL,NULL,NULL,NULL,NULL,0,0,1,'2023-12-09 13:19:39','2023-12-09 13:19:39'),(415,460,'رمان','رمان','10080',NULL,1,NULL,NULL,NULL,NULL,NULL,0,0,1,'2023-12-09 13:19:55','2023-12-09 13:19:55'),(416,461,'بندورة تشيري','بندورة تشيري','10081',NULL,1,NULL,NULL,NULL,NULL,NULL,0,0,1,'2023-12-09 13:21:06','2024-11-26 11:42:24'),(417,462,'فجل','فجل','10083',NULL,1,NULL,NULL,NULL,NULL,NULL,0,0,1,'2023-12-09 14:19:00','2023-12-09 14:19:00'),(418,463,'ثوم','ثوم','10084',NULL,1,NULL,NULL,NULL,NULL,NULL,0,0,1,'2023-12-09 14:19:34','2023-12-09 14:19:34'),(419,464,'شبت','شبت','10085',NULL,1,NULL,NULL,NULL,NULL,NULL,0,0,1,'2023-12-09 14:20:14','2023-12-09 14:20:14'),(420,465,'كيكة نابليون','كيكة نابليون','10086',NULL,1,NULL,NULL,NULL,NULL,NULL,0,0,1,'2023-12-09 15:11:17','2023-12-09 15:17:57'),(421,466,'Claire','Claire','10087',NULL,1,NULL,NULL,NULL,NULL,NULL,0,0,1,'2023-12-09 15:18:25','2024-02-01 14:19:58'),(422,467,'خس لولوروسا','خس لولوروسا','10089',NULL,1,NULL,NULL,NULL,NULL,NULL,0,0,1,'2023-12-09 17:13:36','2023-12-09 17:14:54'),(423,468,'شيباتا سادة (28)','شيباتا سادة (28)','10090',NULL,1,NULL,NULL,NULL,NULL,NULL,0,0,1,'2023-12-09 17:28:15','2023-12-09 18:59:40'),(424,469,'rost eco slice','rost eco slice','10105',NULL,1,NULL,NULL,NULL,NULL,NULL,0,0,1,'2023-12-14 17:15:49','2023-12-14 17:15:49'),(425,470,'ميتلاند حبش مدخن','ميتلاند حبش مدخن','10107',NULL,1,NULL,NULL,NULL,NULL,NULL,0,0,1,'2023-12-14 17:30:22','2023-12-14 17:30:22'),(426,471,'مونين - بيوريه خوخ','مونين - بيوريه خوخ','10108',NULL,1,NULL,NULL,NULL,NULL,NULL,0,0,1,'2023-12-14 18:04:16','2023-12-14 18:04:16'),(427,472,'مونين - كروكان ازرق','مونين - كروكان ازرق','10110',NULL,1,NULL,NULL,NULL,NULL,NULL,0,0,1,'2023-12-14 18:19:20','2023-12-14 18:19:20'),(428,473,'مونين - سيرب منجا','مونين - سيرب منجا','10111',NULL,1,NULL,NULL,NULL,NULL,NULL,0,0,1,'2023-12-14 18:28:23','2023-12-14 18:28:23'),(429,474,'لوتس توبينغ بكالدرين','لوتس توبينغ بكالدرين','10112',NULL,1,NULL,NULL,NULL,NULL,NULL,0,0,1,'2023-12-16 13:47:46','2023-12-16 13:48:09'),(430,475,'بستاشيو توبينغ بكالدرين','بستاشيو توبينغ بكالدرين','10113',NULL,1,NULL,NULL,NULL,NULL,NULL,0,0,1,'2023-12-16 13:48:44','2023-12-16 13:48:44'),(431,476,'شرائح شدر 10%','شرائح شدر 10%','10114',NULL,1,NULL,NULL,NULL,NULL,NULL,0,0,1,'2023-12-16 13:49:45','2023-12-16 13:53:02'),(432,477,'نبيل روست بقري 4%','نبيل روست بقري 4%','10115',NULL,1,NULL,NULL,NULL,NULL,NULL,0,0,1,'2023-12-16 13:50:44','2023-12-16 13:53:32'),(433,478,'عيدان قرفة','عيدان قرفة','10116',NULL,1,NULL,NULL,NULL,NULL,NULL,0,0,1,'2023-12-16 13:51:24','2023-12-16 13:51:24'),(434,479,'جوز قلب','جوز قلب','10117',NULL,1,NULL,NULL,NULL,NULL,NULL,0,0,1,'2023-12-16 13:52:11','2023-12-16 13:52:11'),(435,480,'لوز حب رباع/نصاص','لوز حب رباع/نصاص','10118',NULL,1,NULL,NULL,NULL,NULL,NULL,0,0,1,'2023-12-16 13:56:04','2023-12-16 13:56:04'),(436,481,'جبنة شدر احمر 10%','جبنة شدر احمر 10%','10120',NULL,1,NULL,NULL,NULL,NULL,NULL,0,0,1,'2023-12-16 13:58:38','2023-12-16 13:58:38'),(437,482,'جبنة برمزان 10%','جبنة برمزان 10%','10121',NULL,1,NULL,NULL,NULL,NULL,NULL,0,0,1,'2023-12-16 13:59:56','2023-12-16 13:59:56'),(438,483,'تيركي سنيورة شرائح 4%','تيركي سنيورة شرائح 4%','10122',NULL,1,NULL,NULL,NULL,NULL,NULL,0,0,1,'2023-12-16 14:01:50','2023-12-16 14:01:50'),(439,484,'موزاريلا مبروشة 10%','موزاريلا مبروشة 10%','10123',NULL,1,NULL,NULL,NULL,NULL,NULL,0,0,1,'2023-12-16 14:03:30','2023-12-16 14:03:30'),(440,485,'سحلب بودره','سحلب بودره','10124',NULL,1,NULL,NULL,NULL,NULL,NULL,0,0,1,'2023-12-16 14:04:17','2023-12-16 14:04:17'),(441,486,'عصير فان','عصير فان','10125',NULL,1,NULL,NULL,NULL,NULL,NULL,0,0,1,'2023-12-16 14:04:50','2023-12-16 14:04:50'),(442,487,'كراب ستيك','كراب ستيك','10126',NULL,1,NULL,NULL,NULL,NULL,NULL,0,0,1,'2023-12-16 14:06:33','2023-12-16 14:06:33'),(443,488,'بيض نباتي 1%','بيض نباتي 1%','10127',NULL,1,NULL,NULL,NULL,NULL,NULL,0,0,1,'2023-12-16 14:10:15','2023-12-16 14:10:44'),(444,489,'هوت دوق','هوت دوق','10128',NULL,1,NULL,NULL,NULL,NULL,NULL,0,0,1,'2023-12-16 14:11:51','2023-12-16 14:11:51'),(445,490,'سكر 0%','سكر 0%','10129',NULL,1,NULL,NULL,NULL,NULL,NULL,0,0,1,'2023-12-16 16:02:35','2023-12-16 16:02:35'),(446,491,'جبنة مثلثات 10%','جبنة مثلثات 10%','10130',NULL,1,NULL,NULL,NULL,NULL,NULL,0,0,1,'2023-12-16 16:03:44','2023-12-16 16:03:44'),(447,492,'لانشون دجاج 10%','لانشون دجاج 10%','10131',NULL,1,NULL,NULL,NULL,NULL,NULL,0,0,1,'2023-12-16 16:04:33','2023-12-16 16:04:33'),(448,493,'باديا زنجبيل','باديا زنجبيل','10132',NULL,1,NULL,NULL,NULL,NULL,NULL,0,0,1,'2023-12-16 16:05:20','2023-12-16 16:05:20'),(449,494,'جبنة بيضاء 10%','جبنة بيضاء 10%','10133',NULL,1,NULL,NULL,NULL,NULL,NULL,0,0,1,'2023-12-16 17:57:37','2023-12-16 17:57:37'),(450,495,'قرنفل','قرنفل','10134',NULL,1,NULL,NULL,NULL,NULL,NULL,0,0,1,'2023-12-16 18:12:59','2023-12-16 18:40:07'),(451,496,'قزحة حبة البركة','قزحة حبة البركة','10135',NULL,1,NULL,NULL,NULL,NULL,NULL,0,0,1,'2023-12-16 18:37:43','2023-12-16 18:37:43'),(452,497,'سمسم ابيض 10%','سمسم ابيض 10%','10136',NULL,1,NULL,NULL,NULL,NULL,NULL,0,0,1,'2023-12-16 18:38:14','2023-12-16 18:39:34'),(453,498,'يانسون','يانسون','10137',NULL,1,NULL,NULL,NULL,NULL,NULL,0,0,1,'2023-12-16 18:39:02','2023-12-16 18:39:02'),(454,499,'باديا دل ويت شبت','باديا دل ويت شبت','10138',NULL,1,NULL,NULL,NULL,NULL,NULL,0,0,1,'2023-12-16 18:47:35','2023-12-16 18:47:35'),(455,500,'انشوجا شرائح سفن بويز 4%','انشوجا شرائح سفن بويز 4%','10139',NULL,1,NULL,NULL,NULL,NULL,NULL,0,0,1,'2023-12-16 18:48:31','2023-12-31 17:07:04'),(456,501,'هالوبينو حار','هالوبينو حار','10140',NULL,1,NULL,NULL,NULL,NULL,NULL,0,0,1,'2023-12-16 18:49:04','2023-12-16 18:49:04'),(457,502,'هيل مطحون','هيل مطحون','10141',NULL,1,NULL,NULL,NULL,NULL,NULL,0,0,1,'2023-12-16 18:49:36','2023-12-16 18:49:36'),(458,503,'تونا 0%','تونا 0%','10142',NULL,1,NULL,NULL,NULL,NULL,NULL,0,0,1,'2023-12-16 18:50:17','2024-01-06 15:43:35'),(459,504,'جبنة سوزاريلا','جبنة سوزاريلا','10143',NULL,1,NULL,NULL,NULL,NULL,NULL,0,0,1,'2023-12-17 16:09:04','2023-12-17 16:09:04'),(460,505,'werthers','werthers','10144',NULL,1,NULL,NULL,NULL,NULL,NULL,0,0,1,'2023-12-18 12:55:47','2023-12-18 12:55:47'),(461,506,'ملبس','ملبس','10145',NULL,1,NULL,NULL,NULL,NULL,NULL,0,0,1,'2023-12-18 13:49:10','2023-12-18 13:49:10'),(462,507,'جبنة فيتا','جبنة فيتا','10146',NULL,1,NULL,NULL,NULL,NULL,NULL,0,0,1,'2023-12-18 14:01:57','2023-12-18 14:01:57'),(463,508,'صدر حبش 4%','صدر حبش 4%','10147',NULL,1,NULL,NULL,NULL,NULL,NULL,0,0,1,'2023-12-18 14:02:47','2024-01-02 14:29:52'),(464,509,'بابونج مع اوراق الزيزفون وحب اليانسون مع انليسة والافندر','بابونج مع اوراق الزيزفون وحب اليانسون مع انليسة والافندر','10148',NULL,1,NULL,NULL,NULL,NULL,NULL,0,0,1,'2023-12-18 14:20:00','2024-02-25 07:14:16'),(465,510,'English Breakfast 25  teabags','English Breakfast 25  teabags','10149',NULL,1,NULL,NULL,NULL,NULL,NULL,0,0,1,'2023-12-18 14:23:16','2024-02-22 07:28:56'),(466,511,'شاي اسود بالورد والبنفسج مع نكهات الفاكهة العطرية الفواحة','شاي اسود بالورد والبنفسج مع نكهات الفاكهة العطرية الفواحة','10150',NULL,1,NULL,NULL,NULL,NULL,NULL,0,0,1,'2023-12-18 14:24:13','2024-02-25 07:11:00'),(467,512,'lemonstalgia 25 teabags','lemonstalgia 25 teabags','10151',NULL,1,NULL,NULL,NULL,NULL,NULL,0,0,1,'2023-12-18 14:29:20','2023-12-20 17:52:23'),(468,513,'شاي اخضر , كمون , شومر , مليسة , نعنع , ليمون مجفف','Digestive Green 25 Teabags','10152',NULL,1,NULL,NULL,NULL,NULL,NULL,0,0,1,'2023-12-18 15:37:55','2023-12-18 15:37:55'),(469,514,'شاي اسود مع الميرامية المدخنة وحب الهال المطحون','Bedouin 25 Teabags','10153',NULL,1,NULL,NULL,NULL,NULL,NULL,0,0,1,'2023-12-18 15:39:17','2023-12-18 15:39:17'),(470,515,'زنجبيل مجفف مع النعنع والقرفة والمليسة','Cold buster 25 Teabags','10154',NULL,1,NULL,NULL,NULL,NULL,NULL,0,0,1,'2023-12-18 15:41:37','2023-12-18 15:41:37'),(471,516,'Yummy Flowers 25 Teabags','Yummy Flowers 25 Teabags','10155',NULL,1,NULL,NULL,NULL,NULL,NULL,0,0,1,'2023-12-19 17:10:55','2023-12-21 15:50:43'),(472,517,'Moringa Evening 25 Teabags','Moringa Evening 25 Teabags','10156',NULL,1,NULL,NULL,NULL,NULL,NULL,0,0,1,'2023-12-19 17:11:50','2023-12-20 17:52:18'),(473,518,'Earlgry 20 teabags','Earlgry 20 teabags','10158',NULL,1,NULL,NULL,NULL,NULL,NULL,0,0,1,'2023-12-20 17:17:35','2023-12-20 17:17:35'),(474,519,'Warmly yours 20 teabags','Warmly yours 20 teabags','10159',NULL,1,NULL,NULL,NULL,NULL,NULL,0,0,1,'2023-12-20 17:19:36','2023-12-20 17:19:36'),(475,520,'Nighty Herbs bedouin 20','Nighty Herbs bedouin 20','10160',NULL,1,NULL,NULL,NULL,NULL,NULL,0,0,1,'2023-12-20 17:22:04','2023-12-20 17:22:04'),(476,521,'Ya welcome 20 teabags','Ya welcome 20 teabags','10161',NULL,1,NULL,NULL,NULL,NULL,NULL,0,0,1,'2023-12-20 17:24:14','2023-12-20 17:24:14'),(477,522,'Green Jasmin  20 teabags','Green Jasmin  20 teabags','10162',NULL,1,NULL,NULL,NULL,NULL,NULL,0,0,1,'2023-12-20 17:25:10','2023-12-20 17:25:10'),(478,523,'Flirty Rpses 20 teabags','Flirty Rpses 20 teabags','10163',NULL,1,NULL,NULL,NULL,NULL,NULL,0,0,1,'2023-12-20 17:26:05','2023-12-20 17:52:12'),(479,524,'Chai Masala 20 teabags','Chai Masala 20 teabags','10164',NULL,1,NULL,NULL,NULL,NULL,NULL,0,0,1,'2023-12-20 17:28:22','2023-12-20 17:28:22'),(480,525,'lemonstalgia 20 teabags','lemonstalgia 20 teabags','10165',NULL,1,NULL,NULL,NULL,NULL,NULL,0,0,1,'2023-12-20 17:29:10','2023-12-20 17:29:10'),(481,526,'Green Garden 20 teabags','Green Garden 20 teabags','10166',NULL,1,NULL,NULL,NULL,NULL,NULL,0,0,1,'2023-12-20 17:29:58','2023-12-20 17:29:58'),(482,527,'HERBAL Red Heaven 20 teabags','HERBAL Red Heaven 20 teabags','10167',NULL,1,NULL,NULL,NULL,NULL,NULL,0,0,1,'2023-12-20 17:31:12','2023-12-20 17:31:12'),(483,528,'cold buster 20 teabags','cold buster 20 teabags','10168',NULL,1,NULL,NULL,NULL,NULL,NULL,0,0,1,'2023-12-20 17:32:13','2023-12-20 17:32:13'),(484,529,'Aftermoonish 20 Teabags','Aftermoonish 20 Teabags','10169',NULL,1,NULL,NULL,NULL,NULL,NULL,0,0,1,'2023-12-20 17:33:45','2023-12-20 17:33:45'),(485,530,'Yummy Flowers 20 Teabags','Yummy Flowers 20 Teabags','10170',NULL,1,NULL,NULL,NULL,NULL,NULL,0,0,1,'2023-12-20 17:48:42','2023-12-20 17:48:42'),(486,531,'Moringa Evening 20 Teabags','Moringa Evening 20 Teabags','10171',NULL,1,NULL,NULL,NULL,NULL,NULL,0,0,1,'2023-12-20 17:49:58','2023-12-20 17:49:58'),(487,532,'لبنة','لبنة','10172',NULL,1,NULL,NULL,NULL,NULL,NULL,0,0,1,'2023-12-23 15:04:57','2023-12-23 15:04:57'),(488,533,'جبنة بلو تشيز','جبنة بلو تشيز','10173',NULL,1,NULL,NULL,NULL,NULL,NULL,0,0,1,'2023-12-23 15:06:22','2023-12-23 15:06:22'),(489,535,'كومباتشا مشكل نصف لتر','كومباتشا مشكل نصف لتر','10174',NULL,1,NULL,NULL,NULL,NULL,NULL,0,0,1,'2023-12-23 15:20:44','2023-12-23 15:20:44'),(490,536,'كومباتشا مشكل ربع لتر','كومباتشا مشكل ربع لتر','10175',NULL,1,NULL,NULL,NULL,NULL,NULL,0,0,1,'2023-12-23 15:21:17','2023-12-23 15:21:17'),(491,537,'local bottle .5 LT','local bottle .5 LT','10176',NULL,1,NULL,NULL,NULL,NULL,NULL,0,0,1,'2023-12-23 15:23:37','2023-12-23 15:23:37'),(492,538,'كريما طبخ شيف جورميه','كريما طبخ شيف جورميه','10177',NULL,1,NULL,NULL,NULL,NULL,NULL,0,0,1,'2023-12-23 15:43:31','2023-12-23 15:43:31'),(493,539,'كريما طبخ اولدنبيرغر','كريما طبخ اولدنبيرغر','10178',NULL,1,NULL,NULL,NULL,NULL,NULL,0,0,1,'2023-12-23 15:44:28','2023-12-23 15:57:48'),(494,540,'صدر حبش تيركي سنيوره 4%','صدر حبش تيركي سنيوره 4%','10179',NULL,1,NULL,NULL,NULL,NULL,NULL,0,0,1,'2023-12-23 15:45:23','2023-12-23 16:09:48'),(495,541,'سنيورة روست بقري 2%','سنيورة روست بقري 2%','10180',NULL,1,NULL,NULL,NULL,NULL,NULL,0,0,1,'2023-12-23 15:47:55','2023-12-23 16:07:40'),(496,542,'حلوم سفن بويز 5%','حلوم سفن بويز 5%','10181',NULL,1,NULL,NULL,NULL,NULL,NULL,0,0,1,'2023-12-23 15:48:50','2023-12-23 16:08:51'),(497,543,'Emerald Green 20','Emerald Green 20','10182',NULL,1,NULL,NULL,NULL,NULL,NULL,0,0,1,'2023-12-23 16:24:53','2023-12-23 16:24:53'),(498,544,'Digestive Green 20','Digestive Green 20','10183',NULL,1,NULL,NULL,NULL,NULL,NULL,0,0,1,'2023-12-23 16:26:12','2023-12-23 16:26:12'),(499,545,'Earlgry 25 teabags','Earlgry 25 teabags','10184',NULL,1,NULL,NULL,NULL,NULL,NULL,0,0,1,'2023-12-23 16:31:40','2023-12-23 16:31:40'),(500,546,'Emerald Green 25','Emerald Green 25','10185',NULL,1,NULL,NULL,NULL,NULL,NULL,0,0,1,'2023-12-23 16:35:07','2023-12-23 16:35:07'),(501,547,'Warmly yours 25 teabags','Warmly yours 25 teabags','10186',NULL,1,NULL,NULL,NULL,NULL,NULL,0,0,1,'2023-12-23 16:42:50','2023-12-23 16:42:50'),(502,548,'Bedouin 25 Teabags','Bedouin 25 Teabags','10187',NULL,1,NULL,NULL,NULL,NULL,NULL,0,0,1,'2023-12-23 17:10:19','2023-12-23 17:10:19'),(503,549,'Nighty Herbs 25','Nighty Herbs 25','10188',NULL,1,NULL,NULL,NULL,NULL,NULL,0,0,1,'2023-12-23 17:11:15','2023-12-23 17:11:15'),(504,550,'Ya welcome 25 teabags','Ya welcome 25 teabags','10189',NULL,1,NULL,NULL,NULL,NULL,NULL,0,0,1,'2023-12-23 17:12:52','2023-12-23 17:12:52'),(505,551,'Green Jasmin 25 teabags','Green Jasmin 25 teabags','10190',NULL,1,NULL,NULL,NULL,NULL,NULL,0,0,1,'2023-12-23 17:25:31','2023-12-23 17:25:31'),(506,552,'Flirty Rpses 25 teabags','Flirty Rpses 25 teabags','10191',NULL,1,NULL,NULL,NULL,NULL,NULL,0,0,1,'2023-12-23 17:26:24','2023-12-23 17:26:24'),(507,553,'Chai Masala 25 teabags','Chai Masala 25 teabags','10192',NULL,1,NULL,NULL,NULL,NULL,NULL,0,0,1,'2023-12-23 17:27:04','2023-12-23 17:27:04'),(508,554,'Digestive Green 25 Teabags','Digestive Green 25 Teabags','10193',NULL,1,NULL,NULL,NULL,NULL,NULL,0,0,1,'2023-12-23 18:32:36','2023-12-23 18:32:36'),(509,555,'Green Garden 25 teabags','Green Garden 25 teabags','10194',NULL,1,NULL,NULL,NULL,NULL,NULL,0,0,1,'2023-12-23 18:33:51','2023-12-23 18:33:51'),(510,556,'HERBAL Red Heaven 25 teabags','HERBAL Red Heaven 25 teabags','10195',NULL,1,NULL,NULL,NULL,NULL,NULL,0,0,1,'2023-12-23 18:42:31','2023-12-23 18:42:31'),(511,557,'cold buster 25  teabags','cold buster 25  teabags','10196',NULL,1,NULL,NULL,NULL,NULL,NULL,0,0,1,'2023-12-23 18:47:59','2023-12-23 18:47:59'),(512,558,'Aftermoonish 25 Teabags','Aftermoonish 25 Teabags','10197',NULL,1,NULL,NULL,NULL,NULL,NULL,0,0,1,'2023-12-23 18:48:43','2023-12-24 17:57:36'),(513,559,'موزاريلا مبروشة 5%','موزاريلا مبروشة 5%','10198',NULL,1,NULL,NULL,NULL,NULL,NULL,0,0,1,'2023-12-24 18:01:12','2023-12-24 18:01:12'),(514,560,'جبنة قشقوان 10%','جبنة قشقوان 10%','10199',NULL,1,NULL,NULL,NULL,NULL,NULL,0,0,1,'2023-12-24 18:02:11','2023-12-24 18:02:11'),(515,561,'جبنة بربعة','جبنة بربعة','10200',NULL,1,NULL,NULL,NULL,NULL,NULL,0,0,1,'2023-12-24 19:34:50','2023-12-24 19:34:50'),(516,562,'جبنة دبل كريم 10%','جبنة دبل كريم 10%','10201',NULL,1,NULL,NULL,NULL,NULL,NULL,0,0,1,'2023-12-24 19:36:10','2023-12-24 19:36:10'),(517,563,'ماسترد','ماسترد','10202',NULL,1,NULL,NULL,NULL,NULL,NULL,0,0,1,'2023-12-24 19:38:14','2023-12-24 19:38:14'),(518,564,'كريم تشيز 10%','كريم تشيز 10%','10203',NULL,1,NULL,NULL,NULL,NULL,NULL,0,0,1,'2023-12-31 16:57:02','2023-12-31 16:57:02'),(519,565,'زبدة 4%','زبدة 4%','10204',NULL,1,NULL,NULL,NULL,NULL,NULL,0,0,1,'2023-12-31 16:57:33','2023-12-31 16:57:33'),(520,566,'زعتر','زعتر','10205',NULL,1,NULL,NULL,NULL,NULL,NULL,0,0,1,'2023-12-31 16:58:48','2023-12-31 16:58:48'),(521,567,'سيزون تروبيكال','سيزون تروبيكال','10206',NULL,1,NULL,NULL,NULL,NULL,NULL,0,0,1,'2023-12-31 16:59:50','2023-12-31 16:59:50'),(522,568,'بهارات','بهارات','10207',NULL,1,NULL,NULL,NULL,NULL,NULL,0,0,1,'2023-12-31 17:01:01','2023-12-31 17:01:01'),(523,569,'باديا ستيك سيزونغ','باديا ستيك سيزونغ','10208',NULL,1,NULL,NULL,NULL,NULL,NULL,0,0,1,'2023-12-31 17:02:33','2023-12-31 17:02:33'),(524,570,'ريحان 10%','ريحان 10%','10209',NULL,1,NULL,NULL,NULL,NULL,NULL,0,0,1,'2023-12-31 17:03:49','2023-12-31 17:04:15'),(525,571,'فلفل اسود حب','فلفل اسود حب','10210',NULL,1,NULL,NULL,NULL,NULL,NULL,0,0,1,'2023-12-31 17:05:16','2023-12-31 17:05:16'),(526,572,'زيت شمس 4%','زيت شمس 4%','10211',NULL,1,NULL,NULL,NULL,NULL,NULL,0,0,1,'2023-12-31 17:06:09','2023-12-31 17:06:09'),(527,573,'خل','خل','10212',NULL,1,NULL,NULL,NULL,NULL,NULL,0,0,1,'2024-01-02 14:24:53','2024-01-02 14:24:53'),(528,574,'سيراتشى صوص تايجر','سيراتشى صوص تايجر','10213',NULL,1,NULL,NULL,NULL,NULL,NULL,0,0,1,'2024-01-02 14:26:26','2024-01-02 14:26:26'),(529,575,'دبس رمان','دبس رمان','10214',NULL,1,NULL,NULL,NULL,NULL,NULL,0,0,1,'2024-01-02 14:30:49','2024-01-02 14:30:49'),(530,576,'كيبرز','كيبرز','10215',NULL,1,NULL,NULL,NULL,NULL,NULL,0,0,1,'2024-01-02 14:32:27','2024-01-02 14:32:27'),(531,577,'ملح 2%','ملح 2%','10216',NULL,1,NULL,NULL,NULL,NULL,NULL,0,0,1,'2024-01-02 14:33:08','2024-01-02 14:33:08'),(532,578,'جبتة فيتا 10%','جبتة فيتا 10%','10217',NULL,1,NULL,NULL,NULL,NULL,NULL,0,0,1,'2024-01-02 14:42:59','2024-01-02 14:42:59'),(533,579,'زيتون 5%','زيتون 5%','10218',NULL,1,NULL,NULL,NULL,NULL,NULL,0,0,1,'2024-01-02 14:43:44','2024-01-02 14:43:44'),(534,580,'بندق','بندق','10219',NULL,1,NULL,NULL,NULL,NULL,NULL,0,0,1,'2024-01-03 15:28:11','2024-01-03 15:28:11'),(535,581,'مستكة حب','مستكة حب','10220',NULL,1,NULL,NULL,NULL,NULL,NULL,0,0,1,'2024-01-03 15:31:26','2024-01-03 15:31:26'),(536,582,'مستكة سائل','مستكة سائل','10221',NULL,1,NULL,NULL,NULL,NULL,NULL,0,0,1,'2024-01-03 15:31:56','2024-01-03 15:31:56'),(537,583,'حليب بودره','حليب بودره','10222',NULL,1,NULL,NULL,NULL,NULL,NULL,0,0,1,'2024-01-03 15:32:32','2024-01-03 15:32:32'),(538,584,'سناكات رياضية طبية - بي دي','سناكات رياضية طبية - بي دي','10223',NULL,1,NULL,NULL,NULL,NULL,NULL,0,0,1,'2024-01-03 16:41:12','2024-01-03 16:41:12'),(539,585,'بيض','بيض','10225',NULL,1,NULL,NULL,NULL,NULL,NULL,0,0,1,'2024-01-03 18:31:42','2024-01-03 18:31:42'),(540,586,'جبنة حلوم فاكيوم 5%','جبنة حلوم فاكيوم 5%','10226',NULL,1,NULL,NULL,NULL,NULL,NULL,0,0,1,'2024-01-06 14:15:45','2024-01-06 14:15:45'),(541,587,'دجاج','دجاج','10227',NULL,1,NULL,NULL,NULL,NULL,NULL,0,0,1,'2024-01-06 14:18:36','2024-01-06 14:18:36'),(542,588,'سن توب','سن توب','10228',NULL,1,NULL,NULL,NULL,NULL,NULL,0,0,1,'2024-01-06 14:36:06','2024-01-06 14:36:06'),(543,589,'cup of christman 25 teabags','cup of christman 25 teabags','10229',NULL,1,NULL,NULL,NULL,NULL,NULL,0,0,1,'2024-01-06 15:15:39','2024-01-06 15:15:39'),(544,590,'Bedouin 20Teabags','Bedouin 20Teabags','10230',NULL,1,NULL,NULL,NULL,NULL,NULL,0,0,1,'2024-01-06 15:19:15','2024-01-06 15:19:15'),(545,591,'cup of christman 20 teabags','cup of christman 20 teabags','10231',NULL,1,NULL,NULL,NULL,NULL,NULL,0,0,1,'2024-01-06 15:31:29','2024-01-06 15:31:29'),(546,592,'German chocolate cake pc','German chocolate cake pc','10232',NULL,1,NULL,NULL,NULL,NULL,NULL,0,0,1,'2024-01-06 16:19:47','2024-02-29 11:34:47'),(547,593,'Strawberry cake','Strawberry cake','10233',NULL,1,NULL,NULL,NULL,NULL,NULL,0,0,1,'2024-01-06 16:20:54','2024-01-06 16:20:54'),(548,594,'red Velvet Cake','red Velvet Cake','10234',NULL,1,NULL,NULL,NULL,NULL,NULL,0,0,1,'2024-01-06 16:22:27','2025-05-04 08:28:08'),(549,595,'Croissant Cheese','Croissant Cheese','10235',NULL,1,NULL,NULL,NULL,NULL,NULL,0,0,1,'2024-01-06 16:24:06','2024-01-06 16:24:06'),(550,596,'Brownies Pcs','Brownies Pcs','10236',NULL,1,NULL,NULL,NULL,NULL,NULL,0,0,1,'2024-01-06 16:25:32','2024-09-22 10:56:04'),(551,597,'Cookies Crockets','Cookies Crockets','10237',NULL,1,NULL,NULL,NULL,NULL,NULL,0,0,1,'2024-01-06 16:26:55','2024-01-06 16:26:55'),(552,598,'Apple pie pcs','Apple pie pcs','10238',NULL,1,NULL,NULL,NULL,NULL,NULL,0,0,1,'2024-01-06 16:28:04','2024-01-06 16:28:04'),(553,599,'Carrot Cake pcs','Carrot Cake pcs','10239',NULL,1,NULL,NULL,NULL,NULL,NULL,0,0,1,'2024-01-06 16:29:05','2024-01-06 16:29:05'),(554,600,'Cheese cake blueberry','Cheese cake blueberry','10240',NULL,1,NULL,NULL,NULL,NULL,NULL,0,0,1,'2024-01-06 16:56:13','2024-01-06 17:04:40'),(555,601,'Toffee with Caramel','Toffee with Caramel','10247',NULL,1,NULL,NULL,NULL,NULL,NULL,1,1,1,'2024-01-16 20:06:16','2024-08-18 10:29:09'),(556,602,'Special Milk','Special Milk','10296',NULL,1,NULL,NULL,NULL,NULL,NULL,0,0,1,'2024-01-16 20:09:01','2024-01-18 14:15:47'),(557,603,'RASPBERRY','RASPBERRY','10256',NULL,1,NULL,NULL,NULL,NULL,NULL,0,0,1,'2024-01-16 20:22:42','2024-01-16 20:22:42'),(558,604,'Nighty herbs','Nighty herbs','10259',NULL,1,NULL,NULL,NULL,NULL,NULL,0,0,1,'2024-01-16 20:40:57','2024-01-16 20:40:57'),(559,605,'ICE','ICE','10264',NULL,1,NULL,NULL,NULL,NULL,NULL,0,0,1,'2024-01-16 20:45:51','2024-01-16 20:45:51'),(560,606,'English brekfast','English brekfast','10274',NULL,1,NULL,NULL,NULL,NULL,NULL,0,0,1,'2024-01-17 14:12:47','2024-01-17 14:12:47'),(561,607,'Turtle Tea Cup','Turtle Tea Cup','10288',NULL,1,NULL,NULL,NULL,NULL,NULL,0,0,1,'2024-01-17 14:41:00','2024-02-21 09:08:33'),(562,608,'WITH MILK','WITH MILK','10291',NULL,1,NULL,NULL,NULL,NULL,NULL,0,0,1,'2024-01-17 17:21:37','2024-01-17 17:21:37'),(563,609,'LEMON','LEMON','10294',NULL,1,NULL,NULL,NULL,NULL,NULL,0,0,1,'2024-01-17 17:52:19','2024-01-17 17:52:19'),(564,610,'Book','Book','10297',NULL,1,NULL,NULL,NULL,NULL,NULL,0,0,1,'2024-01-18 14:25:42','2024-01-18 14:25:42'),(565,611,'Con gas','Con gas','10300',NULL,1,NULL,NULL,NULL,NULL,NULL,0,0,1,'2024-01-18 15:03:40','2024-01-18 15:03:40'),(566,612,'Cold Buster','Cold Buster','10301',NULL,1,NULL,NULL,NULL,NULL,NULL,0,0,1,'2024-01-18 15:04:14','2024-01-18 15:04:14'),(567,613,'MULTI GREEN','MULTI GREEN','10302',NULL,1,NULL,NULL,NULL,NULL,NULL,0,0,1,'2024-01-18 16:10:17','2024-01-18 16:10:17'),(568,614,'Warmly','Warmly','10303',NULL,1,NULL,NULL,NULL,NULL,NULL,0,0,1,'2024-01-18 16:11:37','2024-01-18 16:11:37'),(569,615,'Ya welcome','Ya welcome','10304',NULL,1,NULL,NULL,NULL,NULL,NULL,0,0,1,'2024-01-18 16:12:19','2024-01-18 16:12:19'),(570,616,'Toffee Crunch','Toffee Crunch','10305',NULL,1,NULL,NULL,NULL,NULL,NULL,0,0,1,'2024-01-18 16:25:30','2024-01-18 16:25:30'),(571,617,'Espresso Affogato','Espresso Affogato','10306',NULL,1,NULL,NULL,NULL,NULL,NULL,0,0,1,'2024-01-18 16:50:26','2024-01-18 16:50:26'),(572,618,'Firty Roses','Firty Roses','10307',NULL,1,NULL,NULL,NULL,NULL,NULL,0,0,1,'2024-01-18 16:51:16','2024-01-18 16:51:16'),(574,620,'Add bubble','Add bubble','10309',NULL,1,NULL,NULL,NULL,NULL,NULL,0,0,1,'2024-01-18 17:41:21','2024-01-18 17:41:21'),(575,621,'Bedouin','Bedouin','10310',NULL,1,NULL,NULL,NULL,NULL,NULL,0,0,1,'2024-01-18 17:42:08','2024-01-18 17:42:08'),(576,622,'Chai Masala','Chai Masala','10311',NULL,1,NULL,NULL,NULL,NULL,NULL,0,0,1,'2024-01-18 17:42:57','2024-01-18 17:42:57'),(577,623,'Dessert','Dessert','10312',NULL,1,NULL,NULL,NULL,NULL,NULL,0,0,1,'2024-01-18 17:45:20','2024-01-18 17:45:20'),(578,624,'Digestive Green','Digestive Green','10313',NULL,1,NULL,NULL,NULL,NULL,NULL,0,0,1,'2024-01-18 17:45:54','2024-09-09 11:51:50'),(579,625,'Emerald','Emerald','10314',NULL,1,NULL,NULL,NULL,NULL,NULL,0,0,1,'2024-01-18 17:47:11','2024-01-18 17:47:11'),(580,626,'Espresso Affogato','Espresso Affogato','10315',NULL,1,NULL,NULL,NULL,NULL,NULL,0,0,1,'2024-01-18 17:47:41','2024-01-18 17:47:41'),(581,627,'Firty Roses','Firty Roses','10316',NULL,1,NULL,NULL,NULL,NULL,NULL,0,0,1,'2024-01-18 17:47:58','2024-01-18 17:47:58'),(582,628,'Green Garden','Green Garden','10317',NULL,1,NULL,NULL,NULL,NULL,NULL,0,0,1,'2024-01-18 17:48:38','2024-01-18 17:48:38'),(583,629,'Herbal Red Heaven','Herbal Red Heaven','10318',NULL,1,NULL,NULL,NULL,NULL,NULL,0,0,1,'2024-01-18 17:49:07','2024-01-18 17:49:07'),(584,630,'Ice cream scoop','Ice cream scoop','10320',NULL,1,NULL,NULL,NULL,NULL,NULL,0,0,1,'2024-01-18 17:54:19','2024-01-18 17:54:19'),(585,631,'PURE BLACK','PURE BLACK','10321',NULL,1,NULL,NULL,NULL,NULL,NULL,0,0,1,'2024-01-18 17:56:12','2024-01-18 17:56:12'),(586,632,'PURE GREEN','PURE GREEN','10322',NULL,1,NULL,NULL,NULL,NULL,NULL,0,0,1,'2024-01-18 17:59:08','2024-01-18 17:59:08'),(587,633,'Afternoonish','Afternoonish','10323',NULL,1,NULL,NULL,NULL,NULL,NULL,0,0,1,'2024-01-18 20:05:10','2024-01-18 20:05:10'),(588,634,'GOLD SODA','GOLD SODA','10324',NULL,1,NULL,NULL,NULL,NULL,NULL,0,0,1,'2024-01-18 20:07:18','2024-01-18 20:07:18'),(589,635,'mug','mug','10325',NULL,1,NULL,NULL,NULL,NULL,NULL,0,0,1,'2024-01-18 20:12:38','2024-01-18 20:12:38'),(590,636,'قهوة نابولي حب','قهوة نابولي حب','10326',NULL,1,NULL,NULL,NULL,NULL,NULL,0,0,1,'2024-01-30 15:48:44','2024-01-30 15:48:44'),(591,637,'قهوة دي كاف كوفي بلانت','قهوة دي كاف كوفي بلانت','10327',NULL,1,NULL,NULL,NULL,NULL,NULL,0,0,1,'2024-01-30 15:53:34','2024-01-30 15:53:34'),(592,638,'قهوة نابولي حب 250 غم','قهوة نابولي حب 250 غم','10328',NULL,1,NULL,NULL,NULL,NULL,NULL,0,0,1,'2024-01-30 15:54:51','2024-01-30 15:54:51'),(593,639,'قهوة نابولي مطحون 250','قهوة نابولي مطحون 250','10329',NULL,1,NULL,NULL,NULL,NULL,NULL,0,0,1,'2024-01-30 15:55:40','2024-01-30 15:55:40'),(594,640,'قهوة حب روست 70/205 غ','قهوة حب روست 70/205 غ','10330',NULL,1,NULL,NULL,NULL,NULL,NULL,0,0,1,'2024-01-30 15:56:56','2024-01-30 15:56:56'),(595,641,'HALLOUMI SALAD','HALLOUMI SALAD','10331',NULL,1,NULL,NULL,NULL,NULL,NULL,1,1,1,'2024-02-01 13:41:28','2024-06-03 08:08:47'),(597,643,'Matcha','Matcha','10334',NULL,1,NULL,NULL,NULL,NULL,NULL,0,0,1,'2024-02-06 18:21:45','2024-02-06 18:21:45'),(598,644,'TACO SALAD','TACO SALAD','10335',NULL,1,NULL,NULL,NULL,NULL,NULL,0,0,1,'2024-02-06 19:38:17','2024-02-06 19:38:17'),(599,645,'Green Jasmine','Green Jasmine','10336',NULL,1,NULL,NULL,NULL,NULL,NULL,0,0,1,'2024-02-06 19:47:06','2024-02-06 19:47:06'),(600,646,'lemonstalgia','lemonstalgia','10339',NULL,1,NULL,NULL,NULL,NULL,NULL,0,0,1,'2024-02-07 17:24:34','2024-02-07 17:24:34'),(601,647,'سكوتي الشوفان باريستا 1 لتر','سكوتي الشوفان باريستا 1 لتر','10308',NULL,1,NULL,NULL,NULL,NULL,NULL,0,0,1,'2024-02-22 11:10:42','2024-02-22 11:10:42'),(602,648,'عجينة كوكيز','عجينة كوكيز','10333',NULL,1,NULL,NULL,NULL,NULL,NULL,0,0,1,'2024-02-22 12:11:06','2024-02-22 12:11:06'),(603,649,'نبيل دجاج فاهيتا مع بهارات 10%','نبيل دجاج فاهيتا مع بهارات 10%','10340',NULL,1,NULL,NULL,NULL,NULL,NULL,0,0,1,'2024-02-25 07:51:40','2024-02-25 07:55:16'),(604,650,'red bull watermelon','red bull watermelon','10341',NULL,1,NULL,NULL,NULL,NULL,NULL,0,0,1,'2024-02-25 09:13:55','2024-02-25 09:13:55'),(608,654,'pb bar','pb bar','10344',NULL,1,NULL,NULL,NULL,NULL,NULL,0,0,1,'2024-02-29 10:11:32','2024-02-29 10:11:32'),(613,659,'Tiramisu pcs','Tiramisu pcs','10345',NULL,1,NULL,NULL,NULL,NULL,NULL,0,0,1,'2024-02-29 10:49:37','2024-02-29 11:46:19'),(615,661,'Chocolate mousse pce','Chocolate mousse pce','10346',NULL,1,NULL,NULL,NULL,NULL,NULL,0,0,1,'2024-02-29 10:53:09','2024-02-29 11:46:12'),(617,663,'Ar bar','Ar bar','10347',NULL,1,NULL,NULL,NULL,NULL,NULL,0,0,1,'2024-03-04 09:54:44','2024-03-04 09:54:44'),(618,664,'كراب اوساكي المنصور','كراب اوساكي المنصور','10348',NULL,1,NULL,NULL,NULL,NULL,NULL,0,0,1,'2024-03-06 09:22:52','2024-03-06 09:24:04'),(619,665,'تشيز كيك فستق حلبي','تشيز كيك فستق حلبي','10349',NULL,1,NULL,NULL,NULL,NULL,NULL,0,0,1,'2024-05-06 09:02:31','2024-05-06 09:02:31'),(620,669,'تشيز كيك فراوله','تشيز كيك فراوله','10350',NULL,1,NULL,NULL,NULL,NULL,NULL,0,0,1,'2024-05-06 09:05:32','2024-05-06 09:05:32'),(621,670,'بطيخ','بطيخ','10351',NULL,1,NULL,NULL,NULL,NULL,NULL,0,0,1,'2024-05-08 09:26:32','2024-05-08 09:26:32'),(622,675,'شمام','شمام','10352',NULL,1,NULL,NULL,NULL,NULL,NULL,0,0,1,'2024-05-08 09:32:49','2024-05-08 09:32:49'),(623,676,'بوظة تشيز كيك','بوظة تشيز كيك','10353',NULL,1,NULL,NULL,NULL,NULL,NULL,0,0,1,'2024-05-09 08:05:56','2024-06-30 06:48:59'),(624,677,'زيت زيتون 0%','زيت زيتون 0%','10354',NULL,1,NULL,NULL,NULL,NULL,NULL,0,0,1,'2024-05-11 09:03:44','2024-05-11 09:03:44'),(625,678,'arabic breakfast 25 teabags','arabic breakfast 25 teabags','10355',NULL,1,NULL,NULL,NULL,NULL,NULL,0,0,1,'2024-05-12 07:44:47','2024-05-12 08:09:25'),(626,682,'blooming tea  كيس بني 8طابات','blooming tea  كيس بني 8طابات','10356',NULL,1,NULL,NULL,NULL,NULL,NULL,0,0,1,'2024-05-12 07:55:14','2024-05-12 08:10:14'),(627,684,'blooming tea كيس اسود 12 طابه','blooming tea كيس اسود 12 طابه','10357',NULL,1,NULL,NULL,NULL,NULL,NULL,0,0,1,'2024-05-12 08:01:08','2024-05-12 08:08:41'),(628,685,'arabic breakfast 20 teabags','arabic breakfast 20 teabags','10358',NULL,1,NULL,NULL,NULL,NULL,NULL,0,0,1,'2024-05-12 08:11:22','2024-05-12 08:11:22'),(629,686,'زبده','زبده','10359',NULL,1,NULL,NULL,NULL,NULL,NULL,0,0,1,'2024-05-26 07:25:39','2024-05-26 07:25:39'),(630,687,'CRAB SALAD','CRAB SALAD','10360',NULL,1,NULL,NULL,NULL,NULL,NULL,0,0,1,'2024-05-29 11:14:41','2024-05-29 11:14:41'),(631,688,'German Cake','German Cake','10361',NULL,1,NULL,NULL,NULL,NULL,NULL,0,0,1,'2024-05-29 12:02:40','2024-05-29 12:02:40'),(632,348,'ICED SPANISH LATTE s','ICED SPANISH LATTE s','10363',NULL,1,1,1,2,2,2,1,1,1,'2024-05-30 11:39:01','2024-06-03 08:29:47'),(633,120,'V60','V60','10364',NULL,1,NULL,NULL,NULL,NULL,NULL,1,1,1,'2024-06-04 06:51:19','2024-06-23 06:07:40'),(634,120,'V60','V60','10365',NULL,1,NULL,NULL,NULL,NULL,NULL,1,1,1,'2024-06-04 06:52:14','2024-06-23 06:07:40'),(635,689,'Pistachio Latte','Pistachio Latte','10366',NULL,1,NULL,NULL,NULL,NULL,NULL,1,1,1,'2024-06-04 06:56:09','2024-08-22 09:39:21'),(636,690,'Pistachio Milkshake','Pistachio Milkshake','10367',NULL,1,NULL,NULL,NULL,NULL,NULL,0,0,1,'2024-06-06 11:22:40','2024-08-31 10:45:28'),(637,691,'TACO SALAD','TACO SALAD','10368',NULL,1,NULL,NULL,NULL,NULL,NULL,0,0,1,'2024-06-06 12:08:14','2024-06-06 12:08:14'),(638,692,'Coffee Planet','Coffee Planet','10369',NULL,1,NULL,NULL,NULL,NULL,NULL,0,0,1,'2024-06-06 12:09:01','2024-08-18 10:28:05'),(639,693,'TACO SALAD','TACO SALAD','10370',NULL,1,NULL,NULL,NULL,NULL,NULL,0,0,1,'2024-06-06 12:26:56','2024-06-06 12:26:56'),(640,694,'LIKE THE MILKY WAY','LIKE THE MILKY WAY','10371',NULL,1,NULL,NULL,NULL,NULL,NULL,0,0,1,'2024-06-06 13:37:13','2024-09-21 07:23:51'),(641,695,'TACO SALAD','TACO SALAD','10372',NULL,1,NULL,NULL,NULL,NULL,NULL,0,0,1,'2024-06-11 07:55:46','2024-06-11 07:55:46'),(642,696,'7 Up','7 Up','10373',NULL,1,NULL,NULL,NULL,NULL,NULL,0,0,1,'2024-06-11 13:04:48','2024-06-11 13:04:48'),(643,697,'Honey','Honey','10374',NULL,1,NULL,NULL,NULL,NULL,NULL,0,0,1,'2024-06-11 13:14:08','2024-08-25 11:47:28'),(644,698,'Yummy Flowers','Yummy Flowers','10375',NULL,1,NULL,NULL,NULL,NULL,NULL,0,0,1,'2024-06-11 13:57:30','2024-08-22 12:40:17'),(645,699,'Marshmallow','Marshmallow','10376',NULL,1,NULL,NULL,NULL,NULL,NULL,0,0,1,'2024-06-12 05:42:18','2024-09-18 10:13:00'),(646,700,'Claire packet','Claire packet','10377',NULL,1,NULL,NULL,NULL,NULL,NULL,0,0,1,'2024-06-12 07:44:30','2024-09-19 06:55:05'),(647,701,'ICE','ICE','10378',NULL,1,NULL,NULL,NULL,NULL,NULL,0,0,1,'2024-06-12 08:19:54','2024-09-18 10:55:04'),(648,702,'Matcha Latte','Matcha Latte','10379',NULL,1,NULL,NULL,NULL,NULL,NULL,0,0,1,'2024-06-12 11:35:09','2024-08-22 09:36:19'),(649,703,'Arabic Milkshake','Arabic Milkshake','10380',NULL,1,NULL,NULL,NULL,NULL,NULL,0,0,1,'2024-06-13 08:51:50','2024-08-22 11:59:23'),(650,704,'croissant plain 60 GM Fully Baked','croissant plain 60 GM Fully Baked','10381',NULL,1,NULL,NULL,NULL,NULL,NULL,0,0,1,'2024-06-26 09:56:49','2024-06-26 09:58:09'),(651,705,'شيباتا سادة (27)','شيباتا سادة (27)','10382',NULL,1,NULL,NULL,NULL,NULL,NULL,0,0,1,'2024-06-26 10:09:44','2024-06-26 10:15:49'),(652,706,'ميني رول سادة','ميني رول سادة','10383',NULL,1,NULL,NULL,NULL,NULL,NULL,0,0,1,'2024-06-26 10:15:03','2024-06-26 10:15:03'),(653,707,'فلتر قهوة ابيض مليتا','فلتر قهوة ابيض مليتا','10384',NULL,1,NULL,NULL,NULL,NULL,NULL,0,0,1,'2024-06-26 11:14:24','2024-06-26 11:21:43'),(654,708,'مخلل دل اميركان جاردن','مخلل دل اميركان جاردن','10385',NULL,1,NULL,NULL,NULL,NULL,NULL,0,0,1,'2024-06-26 11:35:30','2024-06-26 11:35:30'),(655,709,'شاي غزاليين 0%','شاي غزاليين 0%','10386',NULL,1,NULL,NULL,NULL,NULL,NULL,0,0,1,'2024-06-26 12:12:50','2024-06-26 12:12:50'),(656,710,'نبيل زنجر + تندر','نبيل زنجر + تندر','10387',NULL,1,NULL,NULL,NULL,NULL,NULL,0,0,1,'2024-06-27 12:07:06','2024-06-27 12:07:06'),(657,711,'صدر دجاج الوادي','صدر دجاج الوادي','10388',NULL,1,NULL,NULL,NULL,NULL,NULL,0,0,1,'2024-06-27 12:09:41','2024-06-27 12:09:41'),(658,712,'اوريجانو','اوريجانو','10389',NULL,1,NULL,NULL,NULL,NULL,NULL,0,0,1,'2024-06-27 12:25:08','2025-01-21 11:53:53'),(659,715,'ثوم مطحون','ثوم مطحون','10390',NULL,1,NULL,NULL,NULL,NULL,NULL,0,0,1,'2024-06-27 12:28:48','2024-06-27 12:28:48'),(660,716,'حليب مطعمات','حليب مطعمات','10391',NULL,1,NULL,NULL,NULL,NULL,NULL,0,0,1,'2024-06-27 12:30:37','2024-06-27 12:30:37'),(661,717,'نبيل ستيك مطبوخ','نبيل ستيك مطبوخ','10392',NULL,1,NULL,NULL,NULL,NULL,NULL,0,0,1,'2024-06-27 13:04:00','2024-06-27 13:04:00'),(662,719,'بيكر ستكس بطاطا','بيكر ستكس بطاطا','10393',NULL,1,NULL,NULL,NULL,NULL,NULL,0,0,1,'2024-06-27 13:32:43','2024-06-27 13:32:43'),(663,720,'خبز','خبز','10394',NULL,1,NULL,NULL,NULL,NULL,NULL,0,0,1,'2024-06-29 12:56:16','2024-06-29 12:56:16'),(664,721,'سنيورة شرائح بقري  4%','سنيورة شرائح بقري','10395',NULL,1,NULL,NULL,NULL,NULL,NULL,0,0,1,'2024-06-30 12:39:14','2024-06-30 12:39:14'),(665,723,'شرائح روست بقري 5%','شرائح روست بقري 5%','10396',NULL,1,NULL,NULL,NULL,NULL,NULL,0,0,1,'2024-06-30 12:40:59','2024-06-30 12:40:59'),(666,724,'زيتون اسود شرائح','زيتون اسود شرائح','10397',NULL,1,NULL,NULL,NULL,NULL,NULL,0,0,1,'2024-06-30 12:49:45','2024-06-30 12:49:45'),(667,725,'صوص بقري محمد 4%','صوص بقري محمد 4%','10398',NULL,1,NULL,NULL,NULL,NULL,NULL,0,0,1,'2024-07-01 09:22:43','2024-07-01 09:22:43'),(668,726,'سنيورة صدر دجاج مجمد 10%','سنيورة صدر دجاج مجمد 10%','10399',NULL,1,NULL,NULL,NULL,NULL,NULL,0,0,1,'2024-07-01 09:23:53','2024-07-01 09:25:48'),(669,727,'RTE Grand40zikg brea','RTE Grand40zikg brea','10400',NULL,1,NULL,NULL,NULL,NULL,NULL,0,0,1,'2024-07-01 09:25:17','2024-07-01 09:25:17'),(670,728,'CUP','CUP','10401',NULL,1,NULL,NULL,NULL,NULL,NULL,0,0,1,'2024-07-01 10:11:19','2024-07-01 10:11:19'),(671,729,'النعمة شرائح بقري سادة 2%','النعمة شرائح بقري سادة 2%','10402',NULL,1,NULL,NULL,NULL,NULL,NULL,0,0,1,'2024-07-01 12:01:40','2024-07-01 12:01:40'),(672,730,'شراب تفاح طبيعي','شراب تفاح طبيعي','10403',NULL,1,NULL,NULL,NULL,NULL,NULL,0,0,1,'2024-07-02 09:16:59','2024-07-02 09:16:59'),(673,731,'شراب ليمون طبيعي','شراب ليمون طبيعي','10404',NULL,1,NULL,NULL,NULL,NULL,NULL,0,0,1,'2024-07-02 09:22:55','2024-07-02 09:22:55'),(674,732,'شراب مشكل اصفر طبيعي','شراب مشكل اصفر طبيعي','10405',NULL,1,NULL,NULL,NULL,NULL,NULL,0,0,1,'2024-07-02 09:29:28','2024-07-02 09:29:28'),(675,733,'BBQ chicken','BBQ chicken','10406',NULL,1,NULL,NULL,NULL,NULL,NULL,0,0,1,'2024-07-02 11:22:16','2024-07-02 11:22:16'),(676,734,'FAHITA','FAHITA','10407',NULL,1,NULL,NULL,NULL,NULL,NULL,0,0,1,'2024-07-02 12:01:20','2024-07-02 12:01:20'),(677,735,'ستيك 20 سم ابيض','ستيك 20 سم ابيض','10408',NULL,1,NULL,NULL,NULL,NULL,NULL,0,0,1,'2024-07-03 10:19:29','2024-07-03 10:19:29'),(678,736,'ستيك 16سم ابيض','ستيك 16سم ابيض','10409',NULL,1,NULL,NULL,NULL,NULL,NULL,0,0,1,'2024-07-03 10:20:37','2024-07-03 10:20:37'),(679,737,'RED BULL SUGER FREE','RED BULL SUGER FREE','10410',NULL,1,NULL,NULL,NULL,NULL,NULL,0,0,1,'2024-07-03 10:32:34','2024-07-03 10:32:34'),(680,738,'Add bubble','Add bubble','10411',NULL,1,NULL,NULL,NULL,NULL,NULL,0,0,1,'2024-07-05 13:45:40','2024-07-05 13:45:40'),(681,739,'3AZOMA MUHAISEN','3AZOMA MUHAISEN','10412',NULL,1,NULL,NULL,NULL,NULL,NULL,0,0,1,'2024-07-05 15:33:56','2024-09-18 09:38:58'),(682,740,'RED BULL WHITE EDITION','RED BULL WHITE EDITION','10413',NULL,1,NULL,NULL,NULL,NULL,NULL,0,0,1,'2024-07-06 09:10:06','2024-07-06 09:15:25'),(683,741,'صحتين فيلية دجاج مقرمش حار','صحتين فيلية دجاج مقرمش حار','10414',NULL,1,NULL,NULL,NULL,NULL,NULL,0,0,1,'2024-07-06 09:24:51','2024-07-06 09:24:51'),(684,743,'ارز','ارز','10415',NULL,1,NULL,NULL,NULL,NULL,NULL,0,0,1,'2024-07-06 09:27:47','2024-07-06 09:27:47'),(685,744,'Teapot','Teapot','10416',NULL,1,NULL,NULL,NULL,NULL,NULL,0,0,1,'2024-07-07 10:29:32','2024-07-07 10:29:32'),(686,745,'حليب بنكهة الفراولة','حليب بنكهة الفراولة','10417',NULL,1,NULL,NULL,NULL,NULL,NULL,0,0,1,'2024-07-08 10:44:51','2024-07-08 10:46:59'),(687,746,'حليبب بالشوكلاتة','حليبب بالشوكلاتة','10418',NULL,1,NULL,NULL,NULL,NULL,NULL,0,0,1,'2024-07-08 10:45:57','2024-07-08 10:46:22'),(688,747,'تروبيكانا  سلم لو كالوري','تروبيكانا  سلم لو كالوري','10419',NULL,1,NULL,NULL,NULL,NULL,NULL,0,0,1,'2024-07-08 11:06:32','2024-07-08 11:06:32'),(689,748,'coconut bar','coconut bar','10420',NULL,1,NULL,NULL,NULL,NULL,NULL,0,0,1,'2024-07-08 11:21:45','2024-07-08 11:23:22'),(690,749,'سمك سردين','سمك سردين','10421',NULL,1,NULL,NULL,NULL,NULL,NULL,0,0,1,'2024-07-11 07:00:45','2024-07-11 07:01:39'),(691,750,'لبنة مشكل 5%','لبنة مشكل 5%','10422',NULL,1,NULL,NULL,NULL,NULL,NULL,0,0,1,'2024-07-11 07:04:14','2024-07-11 07:04:14'),(692,751,'حليب بنكهة الموز','حليب بنكهة الموز','10423',NULL,1,NULL,NULL,NULL,NULL,NULL,0,0,1,'2024-07-13 10:20:52','2024-07-13 10:20:52'),(693,752,'حليب بالفانيلا','حليب بالفانيلا','10424',NULL,1,NULL,NULL,NULL,NULL,NULL,0,0,1,'2024-07-13 10:21:48','2024-07-13 10:21:48'),(694,753,'بوظة فراولة باللتر','بوظة فراولة باللتر','10425',NULL,1,NULL,NULL,NULL,NULL,NULL,0,0,1,'2024-07-13 11:11:03','2024-07-13 11:11:03'),(695,754,'بوظة علكة باللتر','بوظة علكة باللتر','10426',NULL,1,NULL,NULL,NULL,NULL,NULL,0,0,1,'2024-07-13 11:12:23','2024-07-13 11:12:23'),(696,755,'Blooming tea','Blooming tea','10427',NULL,1,NULL,NULL,NULL,NULL,NULL,0,0,1,'2024-07-17 11:33:48','2024-07-17 11:33:48'),(697,756,'Arabic Breakfast','Arabic Breakfast','10428',NULL,1,NULL,NULL,NULL,NULL,NULL,0,0,1,'2024-07-20 08:51:38','2024-07-20 08:51:38'),(698,757,'Muffin','Muffin','10429',NULL,1,NULL,NULL,NULL,NULL,NULL,0,0,1,'2024-07-24 13:00:44','2024-07-24 13:00:44'),(699,758,'ds espresso','ds espresso','10430',NULL,1,NULL,NULL,NULL,NULL,NULL,0,0,1,'2024-07-29 13:20:48','2024-07-29 13:20:48'),(700,759,'GUATEMALA EL VERGEL','GUATEMALA EL VERGEL','10431',NULL,1,NULL,NULL,NULL,NULL,NULL,0,0,1,'2024-07-29 13:23:10','2024-07-29 13:23:10'),(701,760,'COLOMBIA LAS PALMAS 1K','COLOMBIA LAS PALMAS 1K','10432',NULL,1,NULL,NULL,NULL,NULL,NULL,0,0,1,'2024-07-29 13:24:31','2024-07-29 13:24:31'),(702,761,'كيتكو كتل بالملح والخل','كيتكو كتل بالملح والخل','10433',NULL,1,NULL,NULL,NULL,NULL,NULL,0,0,1,'2024-07-30 09:04:25','2024-07-30 09:04:25'),(703,762,'كيتكو بليس رقائق باربكيو بالعسل','كيتكو بليس رقائق باربكيو بالعسل','10434',NULL,1,NULL,NULL,NULL,NULL,NULL,0,0,1,'2024-07-30 09:05:52','2024-07-30 09:23:33'),(704,763,'كيتكو بليس رقائق الخضار','كيتكو بليس رقائق الخضار','10435',NULL,1,NULL,NULL,NULL,NULL,NULL,0,0,1,'2024-07-30 09:06:52','2024-07-30 09:06:52'),(705,764,'ميكسيتا تورتيلا شيبس بطعم الجبنه الناتشو','ميكسيتا تورتيلا شيبس بطعم الجبنه الناتشو','10436',NULL,1,NULL,NULL,NULL,NULL,NULL,0,0,1,'2024-07-30 09:08:27','2024-07-30 09:08:27'),(706,765,'ميكسيتا تورتيلا شيبس بطعم الحلو والحامض','ميكسيتا تورتيلا شيبس بطعم الحلو والحامض','10437',NULL,1,NULL,NULL,NULL,NULL,NULL,0,0,1,'2024-07-30 09:09:14','2024-07-30 09:09:14'),(707,766,'ميكسيتا تورتيلا شيبس بالفلفل الحلو والحار','ميكسيتا تورتيلا شيبس بالفلفل الحلو والحار','10438',NULL,1,NULL,NULL,NULL,NULL,NULL,0,0,1,'2024-07-30 09:10:17','2024-07-30 09:10:17'),(708,767,'كيتكو ستيكس  عيدان بالدجاج مشوي','كيتكو ستيكس  عيدان بالدجاج مشوي','10439',NULL,1,NULL,NULL,NULL,NULL,NULL,0,0,1,'2024-07-30 09:11:54','2024-07-30 09:11:54'),(709,768,'كيتكو ستيكس  عيدان بالكاتشاب','كيتكو ستيكس  عيدان بالكاتشاب','10440',NULL,1,NULL,NULL,NULL,NULL,NULL,0,0,1,'2024-07-30 09:12:42','2024-07-30 09:12:42'),(710,769,'كيتكو ستيكس  عيدان كريم الحامض والبصل','كيتكو ستيكس  عيدان كريم الحامض والبصل','10441',NULL,1,NULL,NULL,NULL,NULL,NULL,0,0,1,'2024-07-30 09:13:57','2024-07-30 09:13:57'),(711,770,'كيتكو ستيكس  عيدان بابريكا','كيتكو ستيكس  عيدان بابريكا','10442',NULL,1,NULL,NULL,NULL,NULL,NULL,0,0,1,'2024-07-30 09:15:25','2024-07-30 09:15:25'),(712,771,'koita organic almond milk','koita organic almond milk','10443',NULL,1,NULL,NULL,NULL,NULL,NULL,0,0,1,'2024-07-30 09:52:19','2024-07-30 09:52:19'),(713,772,'koita OAT Milk','koita OAT Milk','10444',NULL,1,NULL,NULL,NULL,NULL,NULL,0,0,1,'2024-07-30 09:53:47','2024-07-30 09:53:47'),(714,773,'ستيك 10 سم ابيض','ستيك 10 سم ابيض','10445',NULL,1,NULL,NULL,NULL,NULL,NULL,0,0,1,'2024-07-30 11:25:01','2024-07-30 11:26:14'),(715,774,'كركديه','كركديه','10446',NULL,1,NULL,NULL,NULL,NULL,NULL,0,0,1,'2024-07-30 11:34:34','2024-07-30 11:34:34'),(716,775,'فاهيتا دجاج 1000 غم الوادي','فاهيتا دجاج 1000 غم الوادي','10447',NULL,1,NULL,NULL,NULL,NULL,NULL,0,0,1,'2024-07-31 13:18:49','2024-07-31 13:18:49'),(717,776,'فرانك بقري حجم كبير الوادي','فرانك بقري حجم كبير الوادي','10448',NULL,1,NULL,NULL,NULL,NULL,NULL,0,0,1,'2024-07-31 13:20:01','2024-07-31 13:20:01'),(718,777,'كيكة البرتقال','كيكة البرتقال','10449',NULL,1,NULL,NULL,NULL,NULL,NULL,0,0,1,'2024-08-01 09:32:11','2024-10-23 12:26:26'),(719,778,'باديا كيجن','باديا كيجن','10450',NULL,1,NULL,NULL,NULL,NULL,NULL,0,0,1,'2024-08-01 11:03:10','2024-08-01 11:03:10'),(720,779,'خل بلسمك','خل بلسمك','10451',NULL,1,NULL,NULL,NULL,NULL,NULL,0,0,1,'2024-08-01 11:03:58','2024-08-01 11:03:58'),(721,780,'نسكافيه بلاك','نسكافيه بلاك','10452',NULL,1,NULL,NULL,NULL,NULL,NULL,0,0,1,'2024-08-01 11:06:05','2024-08-01 11:06:05'),(722,781,'كوفي ميت','كوفي ميت','10453',NULL,1,NULL,NULL,NULL,NULL,NULL,0,0,1,'2024-08-01 11:07:10','2024-08-01 11:07:10'),(723,782,'بطاطا','بطاطا','10454',NULL,1,NULL,NULL,NULL,NULL,NULL,0,0,1,'2024-08-03 08:13:30','2024-08-03 08:13:30'),(724,783,'ستيك بقري فيلادلفيا 500 غم الوادي','ستيك بقري فيلادلفيا 500 غم الوادي','10455',NULL,1,NULL,NULL,NULL,NULL,NULL,0,0,1,'2024-08-03 09:01:44','2024-08-03 09:01:44'),(725,784,'بوظة اوريو باللتر','بوظة اوريو باللتر','10456',NULL,1,NULL,NULL,NULL,NULL,NULL,0,0,1,'2024-08-03 10:58:29','2024-08-03 11:01:00'),(726,785,'croissant regular catering','croissant regular catering','10457',NULL,1,NULL,NULL,NULL,NULL,NULL,0,0,1,'2024-08-08 08:38:54','2024-08-08 08:38:54'),(727,786,'مقدوس','مقدوس','10458',NULL,1,NULL,NULL,NULL,NULL,NULL,0,0,1,'2024-08-08 09:11:05','2024-08-08 09:11:05'),(728,787,'شيباتا زيتون (30)','شيباتا زيتون (30)','10459',NULL,1,NULL,NULL,NULL,NULL,NULL,0,0,1,'2024-08-08 09:56:28','2024-08-08 09:56:28'),(729,788,'شيباتا زيتون (28)','شيباتا زيتون (28)','10460',NULL,1,NULL,NULL,NULL,NULL,NULL,0,0,1,'2024-08-08 09:57:45','2024-08-08 09:57:45'),(730,789,'جزر','جزر','10461',NULL,1,NULL,NULL,NULL,NULL,NULL,0,0,1,'2024-08-08 10:02:37','2024-08-08 10:02:37'),(731,790,'salted caramel sauce','salted caramel sauce','10462',NULL,1,NULL,NULL,NULL,NULL,NULL,0,0,1,'2024-08-08 11:19:29','2024-08-08 11:19:29'),(732,791,'Blooming tea ورده مفتحة','Blooming tea ورده مفتحة','10463',NULL,1,NULL,NULL,NULL,NULL,NULL,0,0,1,'2024-08-13 09:25:04','2024-08-13 09:25:04'),(733,792,'matcha ماتشا شاي اخضر ياباني  مطحون  (كيس اسود)','matcha ماتشا شاي اخضر ياباني  مطحون  (كيس اسود)','10464',NULL,1,NULL,NULL,NULL,NULL,NULL,0,0,1,'2024-08-13 09:27:28','2024-08-13 09:27:28'),(734,793,'كيكة الكوكيز','كيكة الكوكيز','10465',NULL,1,NULL,NULL,NULL,NULL,NULL,0,0,1,'2024-08-13 11:55:54','2024-11-04 10:15:04'),(735,794,'كيتكو  كتل بنكهة الجبنة والثوم','كيتكو  كتل بنكهة الجبنة والثوم','10466',NULL,1,NULL,NULL,NULL,NULL,NULL,0,0,1,'2024-08-15 10:38:12','2024-08-15 10:38:12'),(736,795,'كيتكو بليس عيدان الخضار  الاصلية','كيتكو بليس عيدان الخضار  الاصلية','10467',NULL,1,NULL,NULL,NULL,NULL,NULL,0,0,1,'2024-08-15 10:40:21','2024-08-15 10:40:21'),(737,796,'Lotus latte','Lotus latte','10468',NULL,1,NULL,NULL,NULL,NULL,NULL,0,0,1,'2024-08-22 12:40:58','2024-08-22 12:40:58'),(738,797,'koita organic coconut milk 1 lt','koita organic coconut milk 1 lt','10469',NULL,1,NULL,NULL,NULL,NULL,NULL,0,0,1,'2024-08-24 13:42:56','2024-08-24 13:42:56'),(739,798,'koita soy  Milk','koita soy  Milk','10470',NULL,1,NULL,NULL,NULL,NULL,NULL,0,0,1,'2024-08-24 13:44:30','2024-08-24 13:44:30'),(740,799,'فاين سحب سوفت','فاين سحب سوفت','10471',NULL,1,NULL,NULL,NULL,NULL,NULL,0,0,1,'2024-09-05 05:41:05','2024-09-05 05:56:30'),(741,800,'طقم تغليف VIP','طقم تغليف VIP','10472',NULL,1,NULL,NULL,NULL,NULL,NULL,0,0,1,'2024-09-05 05:44:08','2024-09-05 05:51:42'),(742,801,'Costa Rica Sonora','Costa Rica Sonora','10473',NULL,1,NULL,NULL,NULL,NULL,NULL,0,0,1,'2024-09-05 06:04:33','2024-09-05 06:04:33'),(743,802,'علب شفاف','علب شفاف','10474',NULL,1,NULL,NULL,NULL,NULL,NULL,0,0,1,'2024-09-14 07:26:04','2024-09-14 07:28:37'),(744,803,'فاين رول بشكير','فاين رول بشكير','10475',NULL,1,NULL,NULL,NULL,NULL,NULL,0,0,1,'2024-09-14 07:26:49','2024-09-14 07:26:49'),(745,804,'سطل مهملات','سطل مهملات','10476',NULL,1,NULL,NULL,NULL,NULL,NULL,0,0,1,'2024-09-14 07:29:48','2024-09-14 07:29:48'),(746,805,'كبسوهلات قهوة ايتالي','كبسوهلات قهوة ايتالي','10477',NULL,1,NULL,NULL,NULL,NULL,NULL,0,0,1,'2024-09-14 07:55:01','2024-09-14 07:55:01'),(747,806,'كبسولات برازيل','كبسولات برازيل','10478',NULL,1,NULL,NULL,NULL,NULL,NULL,0,0,1,'2024-09-14 07:56:01','2024-09-14 07:56:01'),(748,807,'كبسولات قهوة فرنش','كبسولات قهوة فرنش','10479',NULL,1,NULL,NULL,NULL,NULL,NULL,0,0,1,'2024-09-14 07:56:54','2024-09-14 07:56:54'),(749,808,'كبسولات ديكاف 50 قطعة','كبسولات ديكاف 50 قطعة','10480',NULL,1,NULL,NULL,NULL,NULL,NULL,0,0,1,'2024-09-14 07:57:33','2024-09-14 07:57:33'),(750,809,'كبسولات اسبريسو كوفي بلانت 10 قطع','كبسولات اسبريسو كوفي بلانت 10 قطع','10481',NULL,1,NULL,NULL,NULL,NULL,NULL,0,0,1,'2024-09-15 06:21:58','2024-09-15 06:21:58'),(751,810,'كبسولات ديكاف كوفي بلانت 10 قطع','كبسولات ديكاف كوفي بلانت 10 قطع','10482',NULL,1,NULL,NULL,NULL,NULL,NULL,0,0,1,'2024-09-15 06:24:28','2024-09-15 06:24:28'),(752,811,'كبسولات ريستريتو كوفي بلانت 10 قطع','كبسولات ريستريتو كوفي بلانت 10 قطع','10483',NULL,1,NULL,NULL,NULL,NULL,NULL,0,0,1,'2024-09-15 06:25:26','2024-09-15 06:25:26'),(753,812,'كبسولات لونجو كوفي بلانت 10 قطع','كبسولات لونجو كوفي بلانت 10 قطع','10484',NULL,1,NULL,NULL,NULL,NULL,NULL,0,0,1,'2024-09-15 06:26:32','2024-09-15 06:26:32'),(754,813,'فلتر بن 20115 صغير','فلتر بن 20115 صغير','10485',NULL,1,NULL,NULL,NULL,NULL,NULL,0,0,1,'2024-09-15 06:35:20','2024-09-15 06:35:20'),(755,814,'بيتيفور مشكل','بيتيفور مشكل','10486',NULL,1,NULL,NULL,NULL,NULL,NULL,0,0,1,'2024-09-17 07:48:42','2024-09-17 07:48:42'),(756,815,'كراسين وموالح','كراسين وموالح','10487',NULL,1,NULL,NULL,NULL,NULL,NULL,0,0,1,'2024-09-17 07:49:28','2024-09-17 07:49:28'),(757,816,'salad black round / regular quinoa','salad black round / regular quinoa','10488',NULL,1,NULL,NULL,NULL,NULL,NULL,0,0,1,'2024-09-18 11:58:49','2024-09-18 11:58:49'),(758,817,'كيك خلطة','كيك خلطة','10489',NULL,1,NULL,NULL,NULL,NULL,NULL,0,0,1,'2024-09-22 10:25:02','2024-09-22 10:25:02'),(759,818,'سابيلهات كبير','سابيلهات كبير','10490',NULL,1,NULL,NULL,NULL,NULL,NULL,0,0,1,'2024-09-22 10:26:26','2024-09-22 10:26:26'),(760,819,'شيبس بنكهة ملح البحر','شيبس بنكهة ملح البحر','10491',NULL,1,NULL,NULL,NULL,NULL,NULL,0,0,1,'2024-09-23 13:28:23','2024-09-23 13:28:23'),(761,820,'premium cold sanwiches','premium cold sanwiches','10492',NULL,1,NULL,NULL,NULL,NULL,NULL,0,0,1,'2024-09-26 10:57:05','2024-09-26 11:03:41'),(762,821,'salad black round /protein','salad black round /protein','10493',NULL,1,NULL,NULL,NULL,NULL,NULL,0,0,1,'2024-09-26 10:59:03','2024-09-26 11:02:49'),(763,822,'ساندوش تيركي','ساندوش تيركي','10494',NULL,1,NULL,NULL,NULL,NULL,NULL,0,0,1,'2024-10-05 13:29:33','2024-10-21 11:03:34'),(764,823,'روست بيف','روست بيف','10495',NULL,1,NULL,NULL,NULL,NULL,NULL,0,0,1,'2024-10-05 13:30:18','2024-10-05 13:30:18'),(765,824,'ساندوش بيتزا','ساندوش بيتزا','10496',NULL,1,NULL,NULL,NULL,NULL,NULL,0,0,1,'2024-10-05 13:34:07','2025-01-06 09:47:38'),(766,825,'ساندوش حلوم','ساندوش حلوم','10497',NULL,1,NULL,NULL,NULL,NULL,NULL,0,0,1,'2024-10-05 13:38:36','2024-10-21 11:04:11'),(767,826,'ساندويش دجاج الباربيكيو','ساندويش دجاج الباربيكيو','10498',NULL,1,NULL,NULL,NULL,NULL,NULL,0,0,1,'2024-10-07 07:17:28','2024-10-07 07:17:28'),(768,827,'سلطة الجرجير','سلطة الجرجير','10499',NULL,1,NULL,NULL,NULL,NULL,NULL,0,0,1,'2024-10-07 07:18:23','2024-10-21 11:04:54'),(769,828,'Quinoa salad','Quinoa salad','10500',NULL,1,NULL,NULL,NULL,NULL,NULL,0,0,1,'2024-10-09 13:02:17','2024-10-09 13:02:17'),(770,829,'سلطة باستا','سلطة باستا','10501',NULL,1,NULL,NULL,NULL,NULL,NULL,0,0,1,'2024-10-14 11:26:32','2024-10-14 11:26:32'),(771,830,'Croissant chocolate','Croissant chocolate','10502',NULL,1,NULL,NULL,NULL,NULL,NULL,0,0,1,'2024-10-14 12:01:18','2024-10-14 12:01:18'),(772,831,'صن بايت بالجبنة','صن بايت بالجبنة','10503',NULL,1,NULL,NULL,NULL,NULL,NULL,0,0,1,'2024-10-15 11:47:17','2024-10-15 11:47:17'),(773,832,'اصابع ويفر مغطس','اصابع ويفر مغطس','10504',NULL,1,NULL,NULL,NULL,NULL,NULL,0,0,1,'2024-10-15 11:50:05','2024-10-15 11:50:05'),(774,833,'بيج بريك 28','بيج بريك 28','10505',NULL,1,NULL,NULL,NULL,NULL,NULL,0,0,1,'2024-10-15 11:50:53','2024-10-15 11:50:53'),(775,834,'ويفر مغطس فول سوداني','ويفر مغطس فول سوداني','10506',NULL,1,NULL,NULL,NULL,NULL,NULL,0,0,1,'2024-10-15 11:52:09','2024-10-15 11:52:09'),(776,835,'داي بريك بالشوكلاته','داي بريك بالشوكلاته','10507',NULL,1,NULL,NULL,NULL,NULL,NULL,0,0,1,'2024-10-15 11:52:58','2024-10-15 11:52:58'),(777,836,'داي بريك بندق','داي بريك بندق','10508',NULL,1,NULL,NULL,NULL,NULL,NULL,0,0,1,'2024-10-15 11:53:43','2025-02-18 07:48:35'),(778,837,'اكلوو لاغون بجوز الهند','اكلوو لاغون بجوز الهند','10509',NULL,1,NULL,NULL,NULL,NULL,NULL,0,0,1,'2024-10-15 11:55:08','2024-10-15 11:55:08'),(779,838,'ويفر مغطس -بريك تايم 13','ويفر مغطس -بريك تايم 13','10510',NULL,1,NULL,NULL,NULL,NULL,NULL,0,0,1,'2024-10-15 11:56:16','2024-10-15 11:56:16'),(780,839,'ويفر مغطس بريكستا 13','ويفر مغطس بريكستا 13','10511',NULL,1,NULL,NULL,NULL,NULL,NULL,0,0,1,'2024-10-15 11:57:05','2024-10-15 11:57:05'),(781,840,'sauce chocolate 2L','sauce chocolate 2L','10512',NULL,1,NULL,NULL,NULL,NULL,NULL,0,0,1,'2024-10-15 12:03:21','2024-10-15 12:03:21'),(782,841,'white mastic chocolanelle 500gr','white mastic chocolanelle 500gr','10513',NULL,1,NULL,NULL,NULL,NULL,NULL,0,0,1,'2024-10-15 12:06:01','2024-10-15 12:06:01'),(783,842,'chocolanelle salte caramel 500g','chocolanelle salte caramel 500g','10514',NULL,1,NULL,NULL,NULL,NULL,NULL,0,0,1,'2024-10-15 12:08:24','2024-10-15 12:08:24'),(784,843,'chocolanelle hazelnut 500g','chocolanelle hazelnut 500g','10515',NULL,1,NULL,NULL,NULL,NULL,NULL,0,0,1,'2024-10-15 12:12:35','2024-10-15 12:12:35'),(785,844,'chocolanelle with sweeteners 500 g','chocolanelle with sweeteners 500 g','10516',NULL,1,NULL,NULL,NULL,NULL,NULL,0,0,1,'2024-10-15 12:14:08','2024-10-15 12:14:08'),(786,845,'sauce spanish 2L','sauce spanish 2L','10517',NULL,1,NULL,NULL,NULL,NULL,NULL,0,0,1,'2024-10-15 12:15:16','2024-10-15 12:15:16'),(787,846,'light sugar in envelopes 150pcs','light sugar in envelopes 150pcs','10518',NULL,1,NULL,NULL,NULL,NULL,NULL,0,0,1,'2024-10-15 12:17:15','2024-10-15 12:17:15'),(788,847,'اسبرسو 1 كيلو','اسبرسو 1 كيلو','10519',NULL,1,NULL,NULL,NULL,NULL,NULL,0,0,1,'2024-10-15 12:18:30','2024-10-15 12:18:30'),(789,848,'flav filter coffee hazelnut 250 g','flav filter coffee hazelnut 250 g','10520',NULL,1,NULL,NULL,NULL,NULL,NULL,0,0,1,'2024-10-15 12:20:14','2024-10-15 12:20:14'),(790,849,'filter','filter','10521',NULL,1,NULL,NULL,NULL,NULL,NULL,0,0,1,'2024-10-15 12:21:21','2024-10-15 12:21:21'),(791,850,'flair =peash blck tea = light =1L','flair =peash blck tea = light =1L','10522',NULL,1,NULL,NULL,NULL,NULL,NULL,0,0,1,'2024-10-15 12:23:11','2024-10-15 12:23:11'),(792,851,'pumps 8 ml flair','pumps 8 ml flair','10523',NULL,1,NULL,NULL,NULL,NULL,NULL,0,0,1,'2024-10-15 12:24:42','2024-10-15 12:24:42'),(793,852,'puree (pump 4ml )','puree (pump 4ml )','10524',NULL,1,NULL,NULL,NULL,NULL,NULL,0,0,1,'2024-10-15 12:25:54','2024-10-15 12:25:54'),(794,853,'chocolanelle with chocolate 500g','chocolanelle with chocolate 500g','10525',NULL,1,NULL,NULL,NULL,NULL,NULL,0,0,1,'2024-10-15 12:28:12','2024-10-15 12:28:12'),(795,854,'caramel flair syrup','caramel flair syrup','10526',NULL,1,NULL,NULL,NULL,NULL,NULL,0,0,1,'2024-10-15 12:30:59','2024-10-15 12:30:59'),(796,855,'caramel 0% flair syrup','caramel 0% flair syrup','10527',NULL,1,NULL,NULL,NULL,NULL,NULL,0,0,1,'2024-10-15 12:31:51','2024-10-15 12:31:51'),(797,856,'hazelnut  0% flair syrup','hazelnut  0% flair syrup','10528',NULL,1,NULL,NULL,NULL,NULL,NULL,0,0,1,'2024-10-15 12:32:54','2024-10-15 12:32:54'),(798,857,'strawberry  flair syrup','strawberry  flair syrup','10529',NULL,1,NULL,NULL,NULL,NULL,NULL,0,0,1,'2024-10-15 12:33:56','2024-10-15 12:33:56'),(799,858,'flair passion  flair syrup','flair passion  flair syrup','10530',NULL,1,NULL,NULL,NULL,NULL,NULL,0,0,1,'2024-10-15 12:35:05','2024-10-15 12:35:05'),(800,859,'blue curacao  flair syrup','blue curacao  flair syrup','10531',NULL,1,NULL,NULL,NULL,NULL,NULL,0,0,1,'2024-10-15 12:36:12','2024-10-15 12:36:12'),(801,860,'raspberry  flair syrup','raspberry  flair syrup','10532',NULL,1,NULL,NULL,NULL,NULL,NULL,0,0,1,'2024-10-15 12:37:13','2024-10-15 12:37:13'),(802,861,'pistachio  flair syrup','pistachio  flair syrup','10533',NULL,1,NULL,NULL,NULL,NULL,NULL,0,0,1,'2024-10-15 12:41:44','2024-10-15 12:41:44'),(803,862,'cinnamon  flair syrup','cinnamon  flair syrup','10534',NULL,1,NULL,NULL,NULL,NULL,NULL,0,0,1,'2024-10-15 12:42:54','2024-10-15 12:42:54'),(804,863,'mojito  flair syrup','mojito  flair syrup','10535',NULL,1,NULL,NULL,NULL,NULL,NULL,0,0,1,'2024-10-15 12:44:20','2024-10-15 12:44:20'),(805,864,'coconut  flair syrup','coconut  flair syrup','10536',NULL,1,NULL,NULL,NULL,NULL,NULL,0,0,1,'2024-10-15 12:45:14','2024-10-15 12:45:14'),(806,865,'peach black tea  flair syrup','peach black tea  flair syrup','10537',NULL,1,NULL,NULL,NULL,NULL,NULL,0,0,1,'2024-10-15 12:46:51','2024-10-15 12:46:51'),(807,866,'lemon black tea  flair syrup','lemon black tea  flair syrup','10538',NULL,1,NULL,NULL,NULL,NULL,NULL,0,0,1,'2024-10-15 12:48:29','2024-10-15 12:48:29'),(808,867,'raspberry black tea  flair syrup','raspberry black tea  flair syrup','10539',NULL,1,NULL,NULL,NULL,NULL,NULL,0,0,1,'2024-10-15 12:49:52','2024-10-15 12:49:52'),(809,868,'top sauce chocolate 1.3 kg','top sauce chocolate 1.3 kg','10540',NULL,1,NULL,NULL,NULL,NULL,NULL,0,0,1,'2024-10-15 12:51:52','2024-10-15 12:51:52'),(810,869,'fruit puree strawberry 1.3 kg','fruit puree strawberry 1.3 kg','10541',NULL,1,NULL,NULL,NULL,NULL,NULL,0,0,1,'2024-10-15 12:53:19','2024-10-15 12:53:19'),(811,870,'fruit puree blueberry 1.3 kg','fruit puree blueberry 1.3 kg','10542',NULL,1,NULL,NULL,NULL,NULL,NULL,0,0,1,'2024-10-15 12:54:56','2024-10-15 12:54:56'),(812,871,'fruit puree raspbrry 1.3 kg','fruit puree raspbrry 1.3 kg','10543',NULL,1,NULL,NULL,NULL,NULL,NULL,0,0,1,'2024-10-15 12:56:11','2024-10-15 12:56:11'),(813,872,'flair amaretto syrup','flair amaretto syrup','10544',NULL,1,NULL,NULL,NULL,NULL,NULL,0,0,1,'2024-10-15 12:57:33','2024-10-15 12:57:33'),(814,873,'vanilla flair syrup','vanilla flair syrup','10545',NULL,1,NULL,NULL,NULL,NULL,NULL,0,0,1,'2024-10-15 12:59:20','2024-10-15 12:59:20'),(815,874,'najjar capsules crdmm double 1*1','najjar capsules crdmm double 1*1','10546',NULL,1,NULL,NULL,NULL,NULL,NULL,0,0,1,'2024-10-20 05:35:40','2024-10-20 05:38:07'),(816,875,'قهوة كبسولات تركية النجار','قهوة كبسولات تركية النجار','10547',NULL,1,NULL,NULL,NULL,NULL,NULL,0,0,1,'2024-11-03 10:35:27','2024-11-03 10:35:27'),(817,876,'Add sauce','Add sauce','10548',NULL,1,NULL,NULL,NULL,NULL,NULL,0,0,1,'2024-11-04 09:35:26','2024-11-04 09:35:26'),(818,877,'AMERICAN R','AMERICAN R','10549',NULL,1,NULL,NULL,NULL,NULL,NULL,0,0,1,'2024-11-04 09:37:23','2024-11-04 09:37:23'),(819,878,'AMERICANO - ICED R','AMERICANO - ICED R','10550',NULL,1,NULL,NULL,NULL,NULL,NULL,0,0,1,'2024-11-04 09:42:24','2024-11-04 09:42:24'),(820,880,'Add FLAVOR','Add FLAVOR','10551',NULL,1,NULL,NULL,NULL,NULL,NULL,0,0,1,'2024-11-04 09:47:15','2024-11-04 09:47:15'),(821,881,'Add Milk','Add Milk','10552',NULL,1,NULL,NULL,NULL,NULL,NULL,0,0,1,'2024-11-04 09:47:43','2024-11-04 09:47:43'),(822,882,'Add sauce','Add sauce','10553',NULL,1,NULL,NULL,NULL,NULL,NULL,0,0,1,'2024-11-04 09:48:13','2024-11-04 09:48:13'),(823,883,'Energy Drink','Energy Drink','10554',NULL,1,NULL,NULL,NULL,NULL,NULL,0,0,1,'2024-11-04 09:50:35','2024-11-04 09:50:35'),(824,884,'LATTE -ICED R','LATTE -ICED R','10555',NULL,1,NULL,NULL,NULL,NULL,NULL,0,0,1,'2024-11-04 09:51:26','2024-11-04 09:51:26'),(825,885,'WHITE  MOCCA -ICED R','WHITE  MOCCA -ICED R','10556',NULL,1,NULL,NULL,NULL,NULL,NULL,0,0,1,'2024-11-04 09:52:06','2024-11-04 09:52:06'),(826,886,'Napelion Cake','Napelion Cake','10557',NULL,1,NULL,NULL,NULL,NULL,NULL,0,0,1,'2024-11-04 09:52:50','2024-11-21 08:26:00'),(827,887,'Caramel Frapp -ICED R','Caramel Frapp -ICED R','10558',NULL,1,NULL,NULL,NULL,NULL,NULL,0,0,1,'2024-11-04 10:00:46','2024-11-04 10:00:46'),(828,888,'Caramel Mecciato - ICED R','Caramel Mecciato - ICED R','10559',NULL,1,NULL,NULL,NULL,NULL,NULL,0,0,1,'2024-11-04 10:01:06','2024-11-04 10:01:06'),(829,889,'ICED TOFFEE WHITE MOCCA -S','ICED TOFFEE WHITE MOCCA -S','10560',NULL,1,NULL,NULL,NULL,NULL,NULL,0,0,1,'2024-11-04 10:02:06','2024-11-04 10:02:06'),(830,890,'AMERICAN - S','AMERICAN - S','10561',NULL,1,NULL,NULL,NULL,NULL,NULL,0,0,1,'2024-11-04 10:24:40','2024-11-04 10:24:40'),(831,891,'Add Honey','Add Honey','10562',NULL,1,NULL,NULL,NULL,NULL,NULL,0,0,1,'2024-11-04 10:25:17','2024-11-04 10:25:17'),(832,892,'Add SPECIAL MILK','Add SPECIAL MILK','10563',NULL,1,NULL,NULL,NULL,NULL,NULL,0,0,1,'2024-11-04 10:25:48','2024-11-04 10:25:48'),(833,893,'ICED LATTE WITH FLAVORE -S','ICED LATTE WITH FLAVORE -S','10564',NULL,1,NULL,NULL,NULL,NULL,NULL,0,0,1,'2024-11-04 10:26:55','2024-11-04 10:26:55'),(834,894,'ICED LATTE S','ICED LATTE S','10565',NULL,1,NULL,NULL,NULL,NULL,NULL,0,0,1,'2024-11-04 10:27:44','2024-11-04 10:27:44'),(835,895,'Turkish Coffee S','Turkish Coffee S','10566',NULL,1,NULL,NULL,NULL,NULL,NULL,0,0,1,'2024-11-04 10:28:27','2024-11-04 10:28:27'),(836,896,'Turkish Coffee -R','Turkish Coffee -R','10567',NULL,1,NULL,NULL,NULL,NULL,NULL,0,0,1,'2024-11-04 10:28:46','2024-11-04 10:28:46'),(837,897,'Turtle green tea cup','Turtle green tea cup','10568',NULL,1,NULL,NULL,NULL,NULL,NULL,0,0,1,'2024-11-04 10:29:09','2024-11-04 10:29:09'),(838,898,'CHOCOLATE -ICED R','CHOCOLATE -ICED R','10569',NULL,1,NULL,NULL,NULL,NULL,NULL,0,0,1,'2024-11-04 10:29:48','2024-11-04 10:29:48'),(839,899,'Solted Caramel -ICED R','Solted Caramel -ICED R','10570',NULL,1,NULL,NULL,NULL,NULL,NULL,0,0,1,'2024-11-04 10:30:27','2024-11-04 10:30:27'),(840,900,'CAPPUCCINO R','CAPPUCCINO R','10571',NULL,1,NULL,NULL,NULL,NULL,NULL,0,0,1,'2024-11-04 10:36:20','2024-11-04 10:36:20'),(841,901,'ICED AMERICANO - S','ICED AMERICANO - S','10572',NULL,1,NULL,NULL,NULL,NULL,NULL,0,0,1,'2024-11-04 10:58:05','2024-11-04 10:58:05'),(842,902,'ICED CAPPUCCINO -R','ICED CAPPUCCINO -R','10573',NULL,1,NULL,NULL,NULL,NULL,NULL,0,0,1,'2024-11-04 11:00:34','2024-11-04 11:00:34'),(843,903,'LEMON ICED TEA S','LEMON ICED TEA S','10574',NULL,1,NULL,NULL,NULL,NULL,NULL,0,0,1,'2024-11-04 11:00:52','2024-11-04 11:00:52'),(844,904,'MOJITO Energy Drink- S','MOJITO Energy Drink- S','10575',NULL,1,NULL,NULL,NULL,NULL,NULL,0,0,1,'2024-11-04 11:01:08','2024-11-04 11:01:08'),(845,905,'Macha Late -ICED S','Macha Late -ICED S','10576',NULL,1,NULL,NULL,NULL,NULL,NULL,0,0,1,'2024-11-04 11:01:27','2024-11-04 11:01:27'),(846,906,'PEACH ICED TEA S','PEACH ICED TEA S','10577',NULL,1,NULL,NULL,NULL,NULL,NULL,0,0,1,'2024-11-04 11:01:45','2024-11-04 11:01:45'),(847,907,'WHITE  MOCCA -R','WHITE  MOCCA -R','10578',NULL,1,NULL,NULL,NULL,NULL,NULL,0,0,1,'2024-11-04 11:02:04','2024-11-04 11:02:04'),(848,908,'Roast Beef Sandwich','Roast Beef Sandwich','10579',NULL,1,NULL,NULL,NULL,NULL,NULL,0,0,1,'2024-11-04 11:03:15','2024-11-04 11:03:15'),(849,909,'ICED MOCHACCINO - S','ICED MOCHACCINO - S','10580',NULL,1,NULL,NULL,NULL,NULL,NULL,0,0,1,'2024-11-04 11:15:07','2024-11-04 11:15:07'),(850,910,'CAPPUCCINO -R','CAPPUCCINO -R','10581',NULL,1,NULL,NULL,NULL,NULL,NULL,0,0,1,'2024-11-04 11:33:43','2024-11-04 11:33:43'),(851,911,'CHOCOLATE  Dark- Waite - R','CHOCOLATE  Dark- Waite - R','10582',NULL,1,NULL,NULL,NULL,NULL,NULL,0,0,1,'2024-11-04 11:34:07','2024-11-04 11:34:07'),(852,912,'English Cake','English Cake','10583',NULL,1,NULL,NULL,NULL,NULL,NULL,0,0,1,'2024-11-04 11:34:32','2024-11-04 11:34:32'),(853,913,'RASPBERRY ICED TEA S','RASPBERRY ICED TEA S','10584',NULL,1,NULL,NULL,NULL,NULL,NULL,0,0,1,'2024-11-04 11:34:56','2024-11-04 11:34:56'),(854,914,'TOFFEE WHITE MOCCA -ICED R','TOFFEE WHITE MOCCA -ICED R','10585',NULL,1,NULL,NULL,NULL,NULL,NULL,0,0,1,'2024-11-04 11:35:21','2024-11-04 11:35:21'),(855,915,'Turkey Sandwich','Turkey Sandwich','10586',NULL,1,NULL,NULL,NULL,NULL,NULL,0,0,1,'2024-11-04 11:35:45','2024-11-04 11:35:45'),(856,916,'VANILLA -ICED R','VANILLA -ICED R','10587',NULL,1,NULL,NULL,NULL,NULL,NULL,0,0,1,'2024-11-04 11:36:10','2024-11-04 11:36:10'),(857,917,'ADD WHIPPED CREAM','ADD WHIPPED CREAM','10588',NULL,1,NULL,NULL,NULL,NULL,NULL,0,0,1,'2024-11-04 12:00:55','2024-11-04 12:00:55'),(858,918,'Add Rainbow sprinkles','Add Rainbow sprinkles','10589',NULL,1,NULL,NULL,NULL,NULL,NULL,0,0,1,'2024-11-04 12:13:03','2024-11-04 12:13:03'),(859,919,'English Cake','English Cake','10590',NULL,1,NULL,NULL,NULL,NULL,NULL,0,0,1,'2024-11-04 12:13:25','2024-11-04 12:13:25'),(860,920,'MOCHACCINO - R','MOCHACCINO - R','10591',NULL,1,NULL,NULL,NULL,NULL,NULL,0,0,1,'2024-11-04 12:13:45','2024-11-04 12:13:45'),(861,921,'PEACH PASSION- ICED R','PEACH PASSION- ICED R','10592',NULL,1,NULL,NULL,NULL,NULL,NULL,0,0,1,'2024-11-04 12:14:12','2024-11-04 12:14:12'),(862,922,'Roast Beef Sandwich','Roast Beef Sandwich','10593',NULL,1,NULL,NULL,NULL,NULL,NULL,0,0,1,'2024-11-04 12:14:30','2024-11-04 12:14:30'),(863,923,'SPANISH LATTE R','SPANISH LATTE R','10594',NULL,1,NULL,NULL,NULL,NULL,NULL,0,0,1,'2024-11-04 12:14:53','2024-11-04 12:14:53'),(864,924,'Add Marshmallow','Add Marshmallow','10595',NULL,1,NULL,NULL,NULL,NULL,NULL,0,0,1,'2024-11-04 12:54:03','2024-11-04 12:54:03'),(865,925,'ALMOND JOY FULL -R','ALMOND JOY FULL -R','10596',NULL,1,NULL,NULL,NULL,NULL,NULL,0,0,1,'2024-11-04 12:57:07','2024-11-04 12:57:07'),(866,926,'Add coconut flakes','Add coconut flakes','10597',NULL,1,NULL,NULL,NULL,NULL,NULL,0,0,1,'2024-11-04 12:57:58','2024-11-25 13:58:53'),(867,927,'Protein Bar','Protein Bar','10598',NULL,1,NULL,NULL,NULL,NULL,NULL,0,0,1,'2024-11-04 13:22:38','2024-11-04 13:22:38'),(868,928,'Sparkling Water','Sparkling Water','10599',NULL,1,NULL,NULL,NULL,NULL,NULL,0,0,1,'2024-11-05 07:16:32','2024-11-05 07:16:32'),(869,929,'ICED LATTE WITH FLAVORE -S','ICED LATTE WITH FLAVORE -S','10600',NULL,1,NULL,NULL,NULL,NULL,NULL,0,0,1,'2024-11-05 07:19:34','2024-11-05 07:19:34'),(870,930,'ICED TEA Peach R','ICED TEA Peach R','10601',NULL,1,NULL,NULL,NULL,NULL,NULL,0,0,1,'2024-11-05 07:19:52','2024-11-05 07:19:52'),(871,931,'ICED WHITE  MOCCA -S','ICED WHITE  MOCCA -S','10602',NULL,1,NULL,NULL,NULL,NULL,NULL,0,0,1,'2024-11-05 07:20:12','2024-11-05 07:20:12'),(872,932,'MOCHACCINO - S','MOCHACCINO - S','10603',NULL,1,NULL,NULL,NULL,NULL,NULL,0,0,1,'2024-11-05 07:20:31','2024-11-05 07:20:31'),(873,933,'Macha Late -R','Macha Late -R','10604',NULL,1,NULL,NULL,NULL,NULL,NULL,0,0,1,'2024-11-05 07:20:51','2024-11-05 07:20:51'),(874,934,'Spanish Latte S','Spanish Latte S','10605',NULL,1,NULL,NULL,NULL,NULL,NULL,0,0,1,'2024-11-05 07:21:09','2024-11-05 07:21:09'),(875,935,'Caramel Frapp -ICED S','Caramel Frapp -ICED S','10606',NULL,1,NULL,NULL,NULL,NULL,NULL,0,0,1,'2024-11-05 07:45:18','2024-11-05 07:45:18'),(876,936,'Chicken Caesar Salad','Chicken Caesar Salad','10607',NULL,1,NULL,NULL,NULL,NULL,NULL,0,0,1,'2024-11-05 07:45:49','2024-11-05 07:45:49'),(877,937,'LATTE R','LATTE R','10608',NULL,1,NULL,NULL,NULL,NULL,NULL,0,0,1,'2024-11-05 07:46:16','2024-11-05 07:46:16'),(878,938,'LATTE WITH FLAVORE - ICED R','LATTE WITH FLAVORE - ICED R','10609',NULL,1,NULL,NULL,NULL,NULL,NULL,0,0,1,'2024-11-05 07:46:46','2024-11-05 07:46:46'),(879,939,'Latte With Flavore R','Latte With Flavore R','10610',NULL,1,NULL,NULL,NULL,NULL,NULL,0,0,1,'2024-11-05 07:47:15','2024-11-05 07:47:15'),(880,940,'Latte With Flavore S','Latte With Flavore S','10611',NULL,1,NULL,NULL,NULL,NULL,NULL,0,0,1,'2024-11-05 07:47:36','2024-11-05 07:47:36'),(881,941,'Rocca Salad','Rocca Salad','10612',NULL,1,NULL,NULL,NULL,NULL,NULL,0,0,1,'2024-11-05 07:47:57','2024-11-05 07:47:57'),(882,942,'Rush.Fa.Frappe R','Rush.Fa.Frappe R','10613',NULL,1,NULL,NULL,NULL,NULL,NULL,0,0,1,'2024-11-05 07:48:18','2024-11-05 07:48:18'),(883,943,'Americano S','Americano S','10614',NULL,1,NULL,NULL,NULL,NULL,NULL,0,0,1,'2024-11-05 08:29:52','2024-11-05 08:29:52'),(884,944,'Matcha S','Matcha S','10615',NULL,1,NULL,NULL,NULL,NULL,NULL,0,0,1,'2024-11-05 08:45:46','2024-11-05 08:45:46'),(885,945,'Wihte Mocca S','Wihte Mocca S','10616',NULL,1,NULL,NULL,NULL,NULL,NULL,0,0,1,'2024-11-05 09:22:35','2024-11-05 09:22:35'),(886,946,'Maccaccino R','Maccaccino R','10617',NULL,1,NULL,NULL,NULL,NULL,NULL,0,0,1,'2024-11-05 10:35:41','2024-11-05 10:35:41'),(887,947,'Maccaccino S','Maccaccino S','10618',NULL,1,NULL,NULL,NULL,NULL,NULL,0,0,1,'2024-11-05 10:36:00','2024-11-05 10:36:00'),(888,948,'Mojito Virgin S','Mojito Virgin S','10619',NULL,1,NULL,NULL,NULL,NULL,NULL,0,0,1,'2024-11-05 12:34:33','2024-11-05 12:34:33'),(889,949,'Espresso Longo','Espresso Longo','10620',NULL,1,NULL,NULL,NULL,NULL,NULL,0,0,1,'2024-11-10 10:09:48','2024-11-10 10:09:48'),(890,950,'سلطة فيجن','سلطة فيجين','10621',NULL,1,NULL,NULL,NULL,NULL,NULL,0,0,1,'2024-11-13 12:15:11','2024-11-13 12:15:11'),(891,951,'matcha latte mix 1kg','matcha latte mix 1kg','10622',NULL,1,NULL,NULL,NULL,NULL,NULL,0,0,1,'2024-11-13 12:52:09','2024-11-13 12:52:09'),(892,952,'Hot Chocolate mix powder 1kg','Hot Chocolate mix powder 1kg','10623',NULL,1,NULL,NULL,NULL,NULL,NULL,0,0,1,'2024-11-13 12:53:54','2024-11-13 12:53:54'),(893,953,'mochaccino mix powder 1kg','mochaccino mix powder 1kg','10624',NULL,1,NULL,NULL,NULL,NULL,NULL,0,0,1,'2024-11-13 12:54:59','2024-11-13 12:54:59'),(894,954,'uganda specialty coffee 250g','uganda specialty coffee 250g','10625',NULL,1,NULL,NULL,NULL,NULL,NULL,0,0,1,'2024-11-13 12:56:06','2024-11-13 12:56:06'),(895,955,'single ethiopia w 250g','single ethiopia w 250g','10626',NULL,1,NULL,NULL,NULL,NULL,NULL,0,0,1,'2024-11-13 12:57:04','2024-11-13 12:57:04'),(896,956,'single brazil mogiana 250g','single brazil mogiana 250g','10627',NULL,1,NULL,NULL,NULL,NULL,NULL,0,0,1,'2024-11-13 12:58:07','2024-11-13 12:58:07'),(897,957,'single colombia tolima 250g','single colombia tolima 250g','10628',NULL,1,NULL,NULL,NULL,NULL,NULL,0,0,1,'2024-11-13 12:59:13','2024-11-13 12:59:13'),(898,958,'single etiopian hampela 250g','single etiopian hampela 250g','10629',NULL,1,NULL,NULL,NULL,NULL,NULL,0,0,1,'2024-11-13 13:00:18','2024-11-13 13:00:18'),(899,959,'espresso prestigious blend 1kg','espresso prestigious blend 1kg','10630',NULL,1,NULL,NULL,NULL,NULL,NULL,0,0,1,'2024-11-13 13:01:31','2024-11-13 13:01:31'),(900,960,'تيفاني فول سوداني','تيفاني فول سوداني','10631',NULL,1,NULL,NULL,NULL,NULL,NULL,0,0,1,'2024-11-17 10:31:21','2024-11-17 10:31:21'),(901,961,'ويفر مغطس بريك سوبا','ويفر مغطس بريك سوبا','10632',NULL,1,NULL,NULL,NULL,NULL,NULL,0,0,1,'2024-11-17 10:32:05','2024-11-17 10:32:05'),(902,962,'شوكلاته ادور 13 غم','شوكلاته ادور 13 غم','10633',NULL,1,NULL,NULL,NULL,NULL,NULL,0,0,1,'2024-11-17 10:33:06','2024-11-17 10:33:06'),(903,963,'كونتا بالم شوكلاه بجوز الهند','كونتا بالم شوكلاه بجوز الهند','10634',NULL,1,NULL,NULL,NULL,NULL,NULL,0,0,1,'2024-11-17 10:34:11','2024-11-17 10:34:11'),(904,964,'سمر بريك بندق','سمر بريك بندق','10635',NULL,1,NULL,NULL,NULL,NULL,NULL,0,0,1,'2024-11-17 10:35:09','2024-11-17 10:35:09'),(905,965,'اوه بوي بسكويت بنكهة الاصلية','اوه بوي بسكويت بنكهة الاصلية','10636',NULL,1,NULL,NULL,NULL,NULL,NULL,0,0,1,'2024-11-17 10:35:53','2024-11-17 10:35:53'),(906,966,'ويفر مغطس بريك باور 17 غم','ويفر مغطس بريك باور 17 غم','10637',NULL,1,NULL,NULL,NULL,NULL,NULL,0,0,1,'2024-11-17 10:36:42','2024-11-17 10:36:42'),(907,967,'رمان بلدي','رمان بلدي','10638',NULL,1,NULL,NULL,NULL,NULL,NULL,0,0,1,'2024-11-26 11:47:50','2024-11-26 11:47:50'),(908,968,'فلفل حلو اخضر','فلفل حلو اخضر','10639',NULL,1,NULL,NULL,NULL,NULL,NULL,0,0,1,'2024-11-26 11:48:30','2024-11-26 11:48:30'),(909,974,'جزر مستورد','جزر مستورد','10640',NULL,1,NULL,NULL,NULL,NULL,NULL,0,0,1,'2024-11-26 11:51:39','2024-11-26 11:51:39'),(910,975,'كراب ستك اوساكي','كراب ستك اوساكي','10641',NULL,1,NULL,NULL,NULL,NULL,NULL,0,0,1,'2024-11-26 11:52:20','2024-11-26 11:52:20'),(911,976,'بندورة معلقة','بندورة معلقة','10642',NULL,1,NULL,NULL,NULL,NULL,NULL,0,0,1,'2024-11-26 12:01:45','2024-11-26 12:01:45'),(912,977,'فلفل الوان','فلفل الوان','10643',NULL,1,NULL,NULL,NULL,NULL,NULL,0,0,1,'2024-11-26 12:02:42','2024-11-26 12:02:42'),(913,978,'كوردن بلو 10 قطع','كوردن بلو 10 قطع','10644',NULL,1,NULL,NULL,NULL,NULL,NULL,0,0,1,'2024-11-26 12:22:09','2024-11-26 12:22:09'),(914,979,'علب سلطة 350 متصل','علب سلطة 350 متصل','10645',NULL,1,NULL,NULL,NULL,NULL,NULL,0,0,1,'2024-11-30 12:24:47','2024-11-30 12:24:47'),(915,980,'غطاء علب فتة قبة','غطاء علب فتة قبة','10646',NULL,1,NULL,NULL,NULL,NULL,NULL,0,0,1,'2024-11-30 12:25:44','2024-11-30 12:25:44'),(916,981,'كاسات 16 اونص كرتون دبل وول','كاسات 16 اونص كرتون دبل وول','10647',NULL,1,NULL,NULL,NULL,NULL,NULL,0,0,1,'2024-11-30 12:26:54','2024-11-30 12:26:54'),(917,982,'غاز','غاز','10648',NULL,1,NULL,NULL,NULL,NULL,NULL,0,0,1,'2024-12-01 13:04:22','2024-12-01 13:04:22'),(918,983,'hario v60 dripper kit transparent','hario v60 dripper kit transparent','10649',NULL,1,NULL,NULL,NULL,NULL,NULL,0,0,1,'2024-12-07 07:56:23','2024-12-07 07:56:23'),(919,984,'guatemala los arroyos 1k','guatemala los arroyos 1k','10650',NULL,1,NULL,NULL,NULL,NULL,NULL,0,0,1,'2024-12-07 07:57:35','2024-12-07 07:57:35'),(920,985,'black kittle','black kittle','10651',NULL,1,NULL,NULL,NULL,NULL,NULL,0,0,1,'2024-12-07 07:58:36','2024-12-07 07:58:36'),(921,986,'staff meal','staff meal','10652',NULL,1,NULL,NULL,NULL,NULL,NULL,0,0,1,'2024-12-08 07:12:25','2024-12-08 07:12:25'),(922,987,'najjar capsules cardamoom 100g','najjar capsules cardamoom 100g','10653',NULL,1,NULL,NULL,NULL,NULL,NULL,0,0,1,'2024-12-11 06:21:00','2024-12-11 06:21:00'),(923,988,'شاي كرك','شاي كرك','10654',NULL,1,NULL,NULL,NULL,NULL,NULL,0,0,1,'2024-12-14 12:45:29','2024-12-14 12:45:29'),(924,989,'Tiffany Break','Tiffany Break','10655',NULL,1,NULL,NULL,NULL,NULL,NULL,0,0,1,'2024-12-14 13:08:12','2024-12-14 13:08:12'),(925,990,'Breaksta','Breaksta','10656',NULL,1,NULL,NULL,NULL,NULL,NULL,0,0,1,'2024-12-14 13:08:43','2024-12-14 13:08:43'),(926,991,'Tiffany Choco Bk RIZ','Tiffany Choco Bk RIZ','10657',NULL,1,NULL,NULL,NULL,NULL,NULL,0,0,1,'2024-12-14 13:09:36','2024-12-14 13:09:36'),(927,992,'my motto Vanilla','my motto Vanilla','10658',NULL,1,NULL,NULL,NULL,NULL,NULL,0,0,1,'2024-12-14 13:10:05','2024-12-14 13:10:05'),(928,993,'mymotto waffer','mymotto waffer','10659',NULL,1,NULL,NULL,NULL,NULL,NULL,0,0,1,'2024-12-14 13:10:42','2024-12-14 13:10:42'),(929,994,'Tiffany Break time','Tiffany Break time','10660',NULL,1,NULL,NULL,NULL,NULL,NULL,0,0,1,'2024-12-14 13:11:15','2024-12-14 13:11:15'),(930,995,'Day BREAK','Day BREAK','10661',NULL,1,NULL,NULL,NULL,NULL,NULL,0,0,1,'2024-12-14 13:11:43','2024-12-14 13:11:43'),(931,996,'Tiffany summer Break','Tiffany summer Break','10662',NULL,1,NULL,NULL,NULL,NULL,NULL,0,0,1,'2024-12-14 13:12:22','2024-12-14 13:12:22'),(932,997,'CANNARY WAFER','CANNARY WAFER','10663',NULL,1,NULL,NULL,NULL,NULL,NULL,0,0,1,'2024-12-14 13:13:14','2024-12-14 13:13:14'),(933,998,'my motto cocoa','my motto cocoa','10664',NULL,1,NULL,NULL,NULL,NULL,NULL,0,0,1,'2024-12-14 13:14:05','2024-12-14 13:14:05'),(934,999,'MEAL','MEAL','10665',NULL,1,NULL,NULL,NULL,NULL,NULL,0,0,1,'2024-12-21 10:23:05','2024-12-21 10:23:05'),(935,1000,'london fog 20 teabags','london fog 20 teabags','10666',NULL,1,NULL,NULL,NULL,NULL,NULL,0,0,1,'2024-12-21 14:16:00','2024-12-21 14:16:00'),(936,1001,'mexican chicken / mic 2','mexican chicken / mic 2','10667',NULL,1,NULL,NULL,NULL,NULL,NULL,0,0,1,'2024-12-22 06:52:14','2024-12-22 06:52:14'),(937,1002,'powder choco marchoc zero 1 k','powder choco marchoc zero 1 k','10668',NULL,1,NULL,NULL,NULL,NULL,NULL,0,0,1,'2024-12-24 09:33:34','2024-12-24 09:33:34'),(938,1003,'Mukhshi /MIC 2','Mukhshi /MIC 2','10669',NULL,1,NULL,NULL,NULL,NULL,NULL,0,0,1,'2025-01-04 12:50:37','2025-01-04 12:50:37'),(939,1004,'kubbeh labanyeh','kubbeh labanyeh','10670',NULL,1,NULL,NULL,NULL,NULL,NULL,0,0,1,'2025-01-04 12:57:08','2025-01-04 12:57:08'),(940,1005,'afghani /750 cc','afghani /750 cc','10671',NULL,1,NULL,NULL,NULL,NULL,NULL,0,0,1,'2025-01-04 13:00:18','2025-01-04 13:00:18'),(941,1006,'qidreh /beef','qidreh /beef','10672',NULL,1,NULL,NULL,NULL,NULL,NULL,0,0,1,'2025-01-04 13:01:22','2025-01-04 13:01:22'),(942,1007,'qidreh /chicken breast','qidreh /chicken breast','10673',NULL,1,NULL,NULL,NULL,NULL,NULL,0,0,1,'2025-01-04 13:02:42','2025-01-04 13:02:42'),(943,1008,'biryani /600cc','biryani /600cc','10674',NULL,1,NULL,NULL,NULL,NULL,NULL,0,0,1,'2025-01-04 13:03:38','2025-01-04 13:03:38'),(944,1009,'mnazaleh /mic 2','mnazaleh /mic 2','10675',NULL,1,NULL,NULL,NULL,NULL,NULL,0,0,1,'2025-01-04 13:04:51','2025-01-04 13:04:51'),(945,1010,'zirbian /600cc','zirbian /600cc','10676',NULL,1,NULL,NULL,NULL,NULL,NULL,0,0,1,'2025-01-04 13:06:00','2025-01-04 13:06:00'),(946,1011,'PERU CAJAMARCA 1 KG','PERU CAJAMARCA 1 KG','10677',NULL,1,NULL,NULL,NULL,NULL,NULL,0,0,1,'2025-01-13 09:04:09','2025-01-13 09:04:09'),(947,1013,'HONDURAS LAS FLORES 1K','HONDURAS LAS FLORES 1K','10678',NULL,1,NULL,NULL,NULL,NULL,NULL,0,0,1,'2025-01-13 09:06:31','2025-01-13 09:06:31'),(948,1014,'COLOMBIA HUILA 1KG','COLOMBIA HUILA 1KG','10679',NULL,1,NULL,NULL,NULL,NULL,NULL,0,0,1,'2025-01-13 09:07:35','2025-01-13 09:07:35'),(949,1015,'تشكن سيزار ساندويش','تشكن سيزار ساندويش','10680',NULL,1,NULL,NULL,NULL,NULL,NULL,0,0,1,'2025-01-13 09:40:05','2025-05-29 11:18:50'),(950,1016,'Almond Toffee Crumbs','Almond Toffee Crumbs','10681',NULL,1,NULL,NULL,NULL,NULL,NULL,0,0,1,'2025-01-13 09:51:19','2025-01-13 09:51:19'),(951,1017,'مياه ايفال 330 مل','مياه ايفال 330 مل','10682',NULL,1,NULL,NULL,NULL,NULL,NULL,0,0,1,'2025-01-13 11:46:50','2025-01-13 11:46:50'),(952,1018,'ment','ment','10683',NULL,1,NULL,NULL,NULL,NULL,NULL,0,0,1,'2025-01-20 06:22:02','2025-01-20 06:22:02'),(953,1019,'كبكة القرفة','كبكة القرفة','10684',NULL,1,NULL,NULL,NULL,NULL,NULL,0,0,1,'2025-01-21 06:31:24','2025-01-21 06:31:24'),(954,1021,'كيكة الكروكان','كيكة الكروكان','10685',NULL,1,NULL,NULL,NULL,NULL,NULL,0,0,1,'2025-01-21 06:34:32','2025-01-21 06:34:32'),(955,1022,'EUREKA HELIOS HOPPER','EUREKA HELIOS HOPPER','10686',NULL,1,NULL,NULL,NULL,NULL,NULL,0,0,1,'2025-01-23 07:34:37','2025-01-23 07:34:37'),(956,1023,'stuffed croissant 90 gram yellow cheese','stuffed croissant 90 gram yellow cheese','10687',NULL,1,NULL,NULL,NULL,NULL,NULL,0,0,1,'2025-01-25 12:27:13','2025-01-27 13:00:14'),(957,1024,'stuffed croissant 90 gram white  cheese','stuffed croissant 90 gram white  cheese','10688',NULL,1,NULL,NULL,NULL,NULL,NULL,0,0,1,'2025-01-27 13:03:00','2025-02-10 11:22:24'),(958,1025,'سكر محلي خالي من السعرات الحرارية','سكر محلي خالي من السعرات الحرارية','10689',NULL,1,NULL,NULL,NULL,NULL,NULL,0,0,1,'2025-02-01 06:46:10','2025-02-01 06:46:10'),(959,1026,'london fog 25 teabags','london fog 25 teabags','10690',NULL,1,NULL,NULL,NULL,NULL,NULL,0,0,1,'2025-02-10 11:46:11','2025-02-10 11:46:11'),(960,1027,'ستيك ساندوش','ستيك ساندوش','10691',NULL,1,NULL,NULL,NULL,NULL,NULL,0,0,1,'2025-02-13 07:34:59','2025-02-13 07:34:59'),(961,1028,'جوردن بلو ساندوش','جوردن بلو ساندوش','10692',NULL,1,NULL,NULL,NULL,NULL,NULL,0,0,1,'2025-02-13 09:13:31','2025-02-13 09:13:31'),(962,1029,'ويفر مغطس بريك هابي 13.5 غم / 2412','ويفر مغطس بريك هابي 13.5 غم / 2412','10693',NULL,1,NULL,NULL,NULL,NULL,NULL,0,0,1,'2025-02-18 07:14:34','2025-08-05 14:36:46'),(963,1030,'شوكولاتة ادور 13 غم 2424','شوكولاتة ادور 13 غم 2424','10694',NULL,1,NULL,NULL,NULL,NULL,NULL,0,0,1,'2025-02-18 07:15:09','2025-02-18 07:15:09'),(964,1031,'ويفر مغطس بريكستا 13 غم / 2412 + 4 فري','ويفر مغطس بريكستا 13 غم / 2412 + 4 فري','10695',NULL,1,NULL,NULL,NULL,NULL,NULL,0,0,1,'2025-02-18 07:15:45','2025-02-18 07:15:45'),(965,1032,'شوكولاتة ميلك مان بالحليب 13 غم 2412','شوكولاتة ميلك مان بالحليب 13 غم 2412','10696',NULL,1,NULL,NULL,NULL,NULL,NULL,0,0,1,'2025-02-18 07:16:22','2025-02-18 07:16:22'),(966,1033,'تيفاني فول سوداني مملح 15 غم 2412','تيفاني فول سوداني مملح 15 غم 2412','10697',NULL,1,NULL,NULL,NULL,NULL,NULL,0,0,1,'2025-02-18 07:16:58','2025-02-18 07:16:58'),(967,1034,'كوانتا بالم ستار شوكولاته محشوة بجوز الهند 18.5 غم / 2412','كوانتا بالم ستار شوكولاته محشوة بجوز الهند 18.5 غم / 2412','10698',NULL,1,NULL,NULL,NULL,NULL,NULL,0,0,1,'2025-02-18 07:17:34','2025-02-18 07:17:34'),(968,1035,'اكلوو لاغون بجوز الهند مغطى بالشوكولاتة 20 غم 2412','اكلوو لاغون بجوز الهند مغطى بالشوكولاتة 20 غم 2412','10699',NULL,1,NULL,NULL,NULL,NULL,NULL,0,0,1,'2025-02-18 07:18:02','2025-02-18 07:18:02'),(969,1036,'شوكولاته فيوري بالكاكاو 14 غم 2424','شوكولاته فيوري بالكاكاو 14 غم 2424','10700',NULL,1,NULL,NULL,NULL,NULL,NULL,0,0,1,'2025-02-18 07:18:28','2025-02-18 07:18:28'),(970,1037,'شوكولاتة فيوري كراميل 15 غم 2424','شوكولاتة فيوري كراميل 15 غم 2424','10701',NULL,1,NULL,NULL,NULL,NULL,NULL,0,0,1,'2025-02-18 07:18:57','2025-02-18 07:18:57'),(971,1038,'كيكة تمر','كيكة تمر','10702',NULL,1,NULL,NULL,NULL,NULL,NULL,0,0,1,'2025-02-26 07:08:53','2025-02-26 07:08:53'),(972,1039,'dozan tea pot with warmer','dozan tea pot with warmer','10703',NULL,1,NULL,NULL,NULL,NULL,NULL,0,0,1,'2025-02-27 11:06:30','2025-02-27 11:06:30'),(973,1040,'ETHIOPIA GUJI 1 KG','ETHIOPIA GUJI 1 KG','10704',NULL,1,NULL,NULL,NULL,NULL,NULL,0,0,1,'2025-04-24 10:05:53','2025-04-24 10:05:53'),(974,1041,'stuffed croissant 90 gram yellow cheese','stuffed croissant 90 gram yellow cheese','10705',NULL,1,NULL,NULL,NULL,NULL,NULL,0,0,1,'2025-04-28 08:03:51','2025-04-28 08:04:56'),(975,1042,'بيرين مياه 270مل غازية اكسترا زجاج','بيرين مياه 270مل غازية اكسترا زجاج','10706',NULL,1,NULL,NULL,NULL,NULL,NULL,0,0,1,'2025-04-28 11:52:52','2025-04-28 11:52:52'),(976,1043,'كاسات 14 اونص دبل وول','كاسات 14 اونص دبل وول','10707',NULL,1,NULL,NULL,NULL,NULL,NULL,0,0,1,'2025-05-03 13:19:08','2025-05-03 13:19:08'),(977,1044,'red Velvet Cake 8%','red Velvet Cake 8%','10708',NULL,1,NULL,NULL,NULL,NULL,NULL,0,0,1,'2025-05-08 09:46:09','2025-05-08 09:46:09'),(978,1045,'جوزية','جوزية','10709',NULL,1,NULL,NULL,NULL,NULL,NULL,0,0,1,'2025-05-11 10:08:04','2025-05-11 10:08:04'),(979,1046,'RUSHFA HIBISCUS  ICED TEA','RUSHFA HIBISCUS  ICED TEA','10710',NULL,1,NULL,NULL,NULL,NULL,NULL,0,0,1,'2025-05-20 08:28:00','2025-05-20 08:28:00'),(980,1047,'قنينة مياه مطبوعه','قنينة مياه مطبوعه','10711',NULL,1,NULL,NULL,NULL,NULL,NULL,0,0,1,'2025-06-23 05:17:38','2025-06-23 05:17:38'),(981,1050,'قهوة العميد','قهوة العميد','11111',NULL,1,NULL,NULL,NULL,NULL,NULL,0,0,1,'2025-06-24 13:10:20','2025-06-24 13:10:20'),(982,1052,'Medium Salads','Medium Salads','8888',NULL,1,NULL,NULL,NULL,NULL,NULL,0,0,1,'2025-07-01 09:00:13','2025-07-01 09:00:13'),(983,1053,'Medium Salads','Medium Salads','10712',NULL,1,NULL,NULL,NULL,NULL,NULL,0,0,1,'2025-07-01 09:02:34','2025-07-01 09:02:34'),(984,1054,'small salade','small salade','01010',NULL,1,NULL,NULL,NULL,NULL,NULL,0,0,1,'2025-07-01 12:20:02','2025-07-01 12:20:02'),(985,1058,'Small Salads','Small Salads','9999',NULL,1,NULL,NULL,NULL,NULL,NULL,0,0,1,'2025-07-01 12:25:09','2025-07-01 12:25:09'),(986,1061,'small salade','small salade','6363',NULL,1,NULL,NULL,NULL,NULL,NULL,0,0,1,'2025-07-01 12:29:40','2025-07-01 12:29:40'),(987,1062,'small salad','small salad','10713',NULL,1,NULL,NULL,NULL,NULL,NULL,0,0,1,'2025-07-02 12:52:21','2025-07-02 12:52:21'),(988,1063,'ميني ساندوش','ميني ساندوش','10714',NULL,1,NULL,NULL,NULL,NULL,NULL,0,0,1,'2025-07-02 14:46:42','2025-07-02 14:46:42'),(989,1064,'شراب الكوكتيل الطبيعي','شراب الكوكتيل الطبيعي','10715',NULL,1,NULL,NULL,NULL,NULL,NULL,0,0,1,'2025-07-05 05:54:58','2025-07-05 05:54:58'),(990,1068,'شراب الكوكتيل الطبيعي','شراب الكوكتيل الطبيعي','10716',NULL,1,NULL,NULL,NULL,NULL,NULL,0,0,1,'2025-07-05 05:58:32','2025-07-05 05:58:32'),(991,1070,'بوظة مانجا باللتر','بوظة مانجا باللتر','10717',NULL,1,NULL,NULL,NULL,NULL,NULL,0,0,1,'2025-07-06 09:49:36','2025-07-06 09:49:36'),(992,1076,'بوم بوم','بوم بوم','10718',NULL,1,NULL,NULL,NULL,NULL,NULL,0,0,1,'2025-07-14 09:06:15','2025-07-14 09:06:15'),(993,1077,'شراب مشكل احمر طبيعي','شراب مشكل احمر طبيعي','10719',NULL,1,NULL,NULL,NULL,NULL,NULL,0,0,1,'2025-07-14 09:50:31','2025-07-14 09:50:31'),(994,1080,'بلو مكس طبيعي','بلو مكس طبيعي','10720',NULL,1,NULL,NULL,NULL,NULL,NULL,0,0,1,'2025-07-14 09:53:01','2025-07-14 09:53:01'),(995,1081,'شراب بلو مكس طبيعي','شراب بلو مكس طبيعي','10721',NULL,1,NULL,NULL,NULL,NULL,NULL,0,0,1,'2025-07-14 09:55:48','2025-07-14 09:55:48'),(996,1082,'ويفر ماجيستو فانيليا','ويفر ماجيستو فانيليا','10722',NULL,1,NULL,NULL,NULL,NULL,NULL,0,0,1,'2025-07-14 10:22:11','2025-07-14 10:22:11'),(997,1083,'اوه بوي مغطس دبل','اوه بوي مغطس دبل','10723',NULL,1,NULL,NULL,NULL,NULL,NULL,0,0,1,'2025-07-14 12:08:46','2025-07-14 12:08:46'),(998,1084,'ابولو شوكلاته','ابولو شوكلاته','10724',NULL,1,NULL,NULL,NULL,NULL,NULL,0,0,1,'2025-07-14 12:12:24','2025-07-14 12:12:24'),(999,1085,'يونكرز 16','يونكرز 16','10725',NULL,1,NULL,NULL,NULL,NULL,NULL,0,0,1,'2025-07-14 12:13:25','2025-07-14 12:13:25'),(1000,1086,'مونتاز مفطس ويفر','مونتاز مفطس ويفر','10726',NULL,1,NULL,NULL,NULL,NULL,NULL,0,0,1,'2025-07-14 12:14:41','2025-07-14 12:14:41'),(1001,1087,'bum bum','bum bum','10727',NULL,1,NULL,NULL,NULL,NULL,NULL,0,0,1,'2025-07-16 09:19:33','2025-07-16 09:19:33'),(1002,1088,'سلطة روكا','سلطة روكا','10728',NULL,1,NULL,NULL,NULL,NULL,NULL,0,0,1,'2025-07-17 10:19:24','2025-07-17 10:19:24'),(1003,1089,'سكوير مشكل','سكوير مشكل','10729',NULL,1,NULL,NULL,NULL,NULL,NULL,0,0,1,'2025-07-21 05:51:09','2025-07-21 05:51:09'),(1004,1092,'سينامون','سينامون','10730',NULL,1,NULL,NULL,NULL,NULL,NULL,0,0,1,'2025-07-21 05:53:14','2025-07-21 05:53:14'),(1005,1093,'نوتيلا','نوتيلا','10731',NULL,1,NULL,NULL,NULL,NULL,NULL,0,0,1,'2025-07-28 09:48:01','2025-07-28 09:48:01'),(1006,1094,'ثلج','ثلج','10732',NULL,1,NULL,NULL,NULL,NULL,NULL,0,0,1,'2025-07-31 05:55:13','2025-07-31 05:55:13'),(1007,1095,'نكتار المانجا الطبيعي جديد','نكتار المانجا الطبيعي جديد','10733',NULL,1,NULL,NULL,NULL,NULL,NULL,0,0,1,'2025-08-05 13:37:12','2025-08-05 13:37:12'),(1009,1097,'غطاء ساخن','غطاء ساخن','10734',NULL,1,NULL,NULL,NULL,NULL,NULL,0,0,1,'2025-08-12 12:06:26','2025-08-12 12:06:26'),(1010,1098,'Americano Large New','Americano Large New','10735',NULL,1,NULL,NULL,NULL,NULL,NULL,1,1,1,'2025-09-10 07:30:30','2025-09-24 10:57:27'),(1012,1100,'Americano Medium New','Americano Medium New','10736',NULL,1,NULL,NULL,NULL,NULL,NULL,1,1,1,'2025-09-10 07:32:55','2025-09-23 17:34:03'),(1013,1101,'Americano Regular Large New','Americano Regular Large New','10737',NULL,1,NULL,NULL,NULL,NULL,NULL,1,1,1,'2025-09-10 07:59:25','2025-09-24 07:23:34'),(1014,1102,'Americano Regular Medium New','American Regular Medium New','10738',NULL,1,NULL,NULL,NULL,NULL,NULL,1,1,1,'2025-09-10 08:02:58','2025-09-24 08:15:08'),(1015,1103,'Americano With Milk Medium New','American With Milk Medium New','10739',NULL,1,NULL,NULL,NULL,NULL,NULL,1,1,1,'2025-09-10 08:05:10','2025-09-24 08:18:11'),(1016,1104,'Blueberry Cheesecake Large New','Blueberry Cheesecake Large New','10740',NULL,1,NULL,NULL,NULL,NULL,NULL,1,1,1,'2025-09-10 08:07:23','2025-09-24 07:18:28'),(1017,1105,'Blueberry Cheesecake Medium New','Blueberry Cheesecake Medium New','10741',NULL,1,NULL,NULL,NULL,NULL,NULL,1,1,1,'2025-09-10 08:10:08','2025-09-24 07:17:29'),(1018,1106,'Cappuccino Medium New','Cappuccino Medium New','10742',NULL,1,NULL,NULL,NULL,NULL,NULL,1,1,1,'2025-09-10 08:11:24','2025-09-24 07:16:31'),(1019,1107,'Cappuccino With Flavore Large New','Cappuccino With Flavore Large New','10743',NULL,1,NULL,NULL,NULL,NULL,NULL,1,1,1,'2025-09-10 08:13:02','2025-09-24 07:15:33'),(1020,1108,'Cappuccino With Flavore Medium New','Cappuccino With Flavore Medium New','10744',NULL,1,NULL,NULL,NULL,NULL,NULL,1,1,1,'2025-09-10 08:14:10','2025-09-24 07:09:40'),(1021,1109,'Cappuccino large New','Cappuccino large New','10745',NULL,1,NULL,NULL,NULL,NULL,NULL,1,1,1,'2025-09-10 08:15:21','2025-09-24 07:05:21'),(1022,1110,'Caramel Macchiato Large New','Caramel Macchiato Large New','10746',NULL,1,NULL,NULL,NULL,NULL,NULL,1,1,1,'2025-09-10 08:16:32','2025-09-24 07:04:21'),(1023,1111,'Caramel Macchiato Medium New','Caramel Macchiato Medium New','10747',NULL,1,NULL,NULL,NULL,NULL,NULL,1,1,1,'2025-09-10 08:17:27','2025-09-24 07:03:02'),(1024,1112,'Cheese Cake New','Cheese Cake New','10748',NULL,1,NULL,NULL,NULL,NULL,NULL,1,1,1,'2025-09-10 08:18:30','2025-09-24 07:02:09'),(1025,1113,'Chicken Cesar Salad New','Chicken Cesar Salad New','10749',NULL,1,NULL,NULL,NULL,NULL,NULL,1,1,1,'2025-09-10 08:19:46','2025-09-24 07:00:34'),(1026,1114,'Chicken Cesar Sub New','Chicken Cesar Sub New','10750',NULL,1,NULL,NULL,NULL,NULL,NULL,1,1,1,'2025-09-10 08:20:52','2025-09-24 07:01:16'),(1027,1115,'Chicken Pesto New','Chicken Pesto New','10751',NULL,1,NULL,NULL,NULL,NULL,NULL,1,1,1,'2025-09-10 08:21:49','2025-09-24 06:59:31'),(1028,1116,'Chocolate Bar New','Chocolate Bar New','10752',NULL,1,NULL,NULL,NULL,NULL,NULL,1,1,1,'2025-09-10 08:22:55','2025-09-24 06:58:42'),(1029,1117,'Chocolate Medium New','Chocolate Medium New','10753',NULL,1,NULL,NULL,NULL,NULL,NULL,1,1,1,'2025-09-10 08:24:08','2025-09-24 06:57:58'),(1030,1118,'Cookies New','Cookies New','10754',NULL,1,NULL,NULL,NULL,NULL,NULL,1,1,1,'2025-09-10 08:25:13','2025-09-24 06:57:00'),(1031,1119,'Corden Blue New','Corden Blue New','10755',NULL,1,NULL,NULL,NULL,NULL,NULL,1,1,1,'2025-09-10 08:26:33','2025-09-24 06:55:57'),(1032,1120,'Cortado Medium New','Cortado Medium New','10756',NULL,1,NULL,NULL,NULL,NULL,NULL,1,1,1,'2025-09-10 08:28:36','2025-09-24 06:55:03'),(1033,1121,'Crab salad New','Crab salad New','10757',NULL,1,NULL,NULL,NULL,NULL,NULL,1,1,1,'2025-09-10 08:30:14','2025-09-24 06:54:13'),(1034,1122,'Croissant New','Croissant New','10758',NULL,1,NULL,NULL,NULL,NULL,NULL,1,1,1,'2025-09-10 08:31:14','2025-10-12 10:30:04'),(1035,1123,'Deli Nwe','Deli Nwe','10759',NULL,1,NULL,NULL,NULL,NULL,NULL,1,1,1,'2025-09-10 08:32:03','2025-09-24 06:52:46'),(1036,1124,'Espresso Longo Medium New','Espresso Longo Medium New','10760',NULL,1,NULL,NULL,NULL,NULL,NULL,1,1,1,'2025-09-10 08:33:07','2025-09-24 06:51:54'),(1037,1125,'Expresso 1shot Medium New','Expresso 1shot Medium New','10761',NULL,1,NULL,NULL,NULL,NULL,NULL,1,1,1,'2025-09-10 08:34:21','2025-09-24 06:51:02'),(1038,1126,'Expresso Double Shot Medium New','Expresso Double Shot Medium New','10762',NULL,1,NULL,NULL,NULL,NULL,NULL,1,1,1,'2025-09-10 08:35:53','2025-09-24 06:49:44'),(1039,1127,'Extra Flavors New','Extra Flavors New','10763',NULL,1,NULL,NULL,NULL,NULL,NULL,1,1,1,'2025-09-10 08:37:47','2025-09-24 06:48:46'),(1040,1128,'Flat White Large New','Flat White Large New','10764',NULL,1,NULL,NULL,NULL,NULL,NULL,1,1,1,'2025-09-10 08:41:02','2025-09-24 06:47:00'),(1041,1129,'Extra Shot New','Extra Shot New','10765',NULL,1,NULL,NULL,NULL,NULL,NULL,1,1,1,'2025-09-10 08:42:22','2025-09-24 06:45:59'),(1042,1130,'Flat White Medium New','Flat White Medium New','10766',NULL,1,NULL,NULL,NULL,NULL,NULL,1,1,1,'2025-09-10 08:46:29','2025-09-23 13:12:20'),(1043,1131,'Frappuccino L New','Frappuccino L New','10767',NULL,1,NULL,NULL,NULL,NULL,NULL,1,1,1,'2025-09-10 08:47:49','2025-09-23 13:14:43'),(1044,1132,'Frappuccino M New','Frappuccino M New','10768',NULL,1,NULL,NULL,NULL,NULL,NULL,1,1,1,'2025-09-10 08:48:43','2025-09-23 13:18:29'),(1045,1133,'G Soda New','G Soda New','10769',NULL,1,NULL,NULL,NULL,NULL,NULL,1,1,1,'2025-09-10 08:50:50','2025-09-23 13:19:06'),(1046,1134,'HONEY Cake New','HONEY Cake New','10770',NULL,1,NULL,NULL,NULL,NULL,NULL,1,1,1,'2025-09-10 08:51:53','2025-09-23 13:19:44'),(1047,1135,'Halloumi New','Halloumi New','10771',NULL,1,NULL,NULL,NULL,NULL,NULL,1,1,1,'2025-09-10 09:29:24','2025-09-23 13:20:15'),(1048,1136,'Halloumi Salad New','Halloumi Salad New','10772',NULL,1,NULL,NULL,NULL,NULL,NULL,1,1,1,'2025-09-10 09:31:12','2025-09-23 13:21:00'),(1049,1137,'Hot Chocolate M New','Hot Chocolate M New','10773',NULL,1,NULL,NULL,NULL,NULL,NULL,1,1,1,'2025-09-10 09:34:15','2025-09-23 13:22:00'),(1050,1138,'Ice Creem Scoop New','Ice Creem Scoop New','10774',NULL,1,NULL,NULL,NULL,NULL,NULL,1,1,1,'2025-09-11 06:42:39','2025-09-23 13:22:49'),(1051,1139,'Jozeih New','Jozeih New','10775',NULL,1,NULL,NULL,NULL,NULL,NULL,1,1,1,'2025-09-11 06:43:27','2025-09-23 13:23:39'),(1052,1140,'Latte Large New','Latte Large New','10776',NULL,1,NULL,NULL,NULL,NULL,NULL,1,1,1,'2025-09-11 06:44:41','2025-09-23 13:26:25'),(1053,1141,'Latte Medium New','Latte Medium New','10777',NULL,1,NULL,NULL,NULL,NULL,NULL,1,1,1,'2025-09-11 06:45:43','2025-09-23 13:27:00'),(1054,1142,'Latte With Flavore Large New','Latte With Flavore Large New','10778',NULL,1,NULL,NULL,NULL,NULL,NULL,1,1,1,'2025-09-11 06:47:49','2025-09-23 13:27:43'),(1055,1143,'Latte With Flavore Medium New','Latte With Flavore Medium New','10779',NULL,1,NULL,NULL,NULL,NULL,NULL,1,1,1,'2025-09-11 06:48:52','2025-09-23 13:28:22'),(1056,1144,'Lemon Fresh L New','Lemon Fresh L New','10780',NULL,1,NULL,NULL,NULL,NULL,NULL,1,1,1,'2025-09-11 06:52:06','2025-09-23 13:29:21'),(1057,1145,'Lemon Fresh M New','Lemon Fresh M New','10781',NULL,1,NULL,NULL,NULL,NULL,NULL,1,1,1,'2025-09-11 06:52:54','2025-09-23 13:30:17'),(1058,1146,'Lemon Large New','Lemon Large New','10782',NULL,1,NULL,NULL,NULL,NULL,NULL,1,1,1,'2025-09-11 07:02:23','2025-09-23 13:32:03'),(1059,1147,'MOCHACCINO - Medium New','MOCHACCINO - Medium New','10783',NULL,1,NULL,NULL,NULL,NULL,NULL,1,1,1,'2025-09-11 07:03:30','2025-09-23 13:35:37'),(1060,1148,'Macha L New','Macha L New','10784',NULL,1,NULL,NULL,NULL,NULL,NULL,1,1,1,'2025-09-11 07:04:26','2025-09-23 13:36:44'),(1061,1149,'Macha M New','Macha M New','10785',NULL,1,NULL,NULL,NULL,NULL,NULL,1,1,1,'2025-09-11 07:05:15','2025-09-23 13:37:58'),(1062,1150,'Mini Bar New','Mini Bar New','10786',NULL,1,NULL,NULL,NULL,NULL,NULL,1,1,1,'2025-09-11 07:06:05','2025-09-23 13:39:39'),(1063,1151,'Mix cheese New','Mix cheese New','10787',NULL,1,NULL,NULL,NULL,NULL,NULL,1,1,1,'2025-09-11 07:06:50','2025-09-23 13:40:31'),(1064,1152,'Mochaccino Medium New','Mochaccino Medium New','10788',NULL,1,NULL,NULL,NULL,NULL,NULL,1,1,1,'2025-09-11 07:07:41','2025-09-23 13:41:30'),(1065,1153,'Mojito Virgin L New','Mojito Virgin L New','10789',NULL,1,NULL,NULL,NULL,NULL,NULL,1,1,1,'2025-09-11 07:08:31','2025-09-23 13:42:21'),(1066,1154,'Nepoleon Cake New','Nepoleon Cake New','10790',NULL,1,NULL,NULL,NULL,NULL,NULL,1,1,1,'2025-09-11 07:09:28','2025-09-23 13:43:10'),(1067,1155,'Nescafe Staff New','Nescafe Staff New','10791',NULL,1,NULL,NULL,NULL,NULL,NULL,1,1,1,'2025-09-11 07:10:16','2025-09-23 13:44:08'),(1068,1156,'Orange Fresh L New','Orange Fresh L New','10792',NULL,1,NULL,NULL,NULL,NULL,NULL,1,1,1,'2025-09-11 07:11:08','2025-09-23 13:45:00'),(1069,1157,'Orange Fresh M New','Orange Fresh M New','10793',NULL,1,NULL,NULL,NULL,NULL,NULL,1,1,1,'2025-09-11 07:11:56','2025-09-23 13:45:58'),(1070,1158,'Oreo Medium New','Oreo Medium New','10794',NULL,1,NULL,NULL,NULL,NULL,NULL,1,1,1,'2025-09-11 07:12:46','2025-09-23 13:46:40'),(1071,1159,'Peach Large New','Peach Large New','10795',NULL,1,NULL,NULL,NULL,NULL,NULL,1,1,1,'2025-09-11 07:13:36','2025-09-23 13:49:26'),(1072,1160,'Peach Medium New','Peach Medium New','10796',NULL,1,NULL,NULL,NULL,NULL,NULL,1,1,1,'2025-09-11 07:14:18','2025-09-23 13:50:21'),(1073,1161,'Peach Passion Large New','Peach Passion Large New','10797',NULL,1,NULL,NULL,NULL,NULL,NULL,1,1,1,'2025-09-11 07:15:02','2025-09-23 13:51:47'),(1074,1162,'Peach Passion Medium New','Peach Passion Medium New','10798',NULL,1,NULL,NULL,NULL,NULL,NULL,1,1,1,'2025-09-11 07:15:44','2025-09-23 13:52:50'),(1075,1163,'Peach Passion Medium New','Peach Passion Medium','10799',NULL,1,NULL,NULL,NULL,NULL,NULL,1,1,1,'2025-09-11 07:16:34','2025-09-23 13:55:15'),(1076,1164,'Perrieh New','Perrieh New','10800',NULL,1,NULL,NULL,NULL,NULL,NULL,1,1,1,'2025-09-11 07:17:39','2025-09-23 13:56:19'),(1077,1165,'Pina Colada Large New','Pina Colada Large New','10801',NULL,1,NULL,NULL,NULL,NULL,NULL,1,1,1,'2025-09-11 07:18:34','2025-09-23 13:57:02'),(1078,1166,'Pina Colada Medium New','Pina Colada Medium New','10802',NULL,1,NULL,NULL,NULL,NULL,NULL,1,1,1,'2025-09-11 07:19:24','2025-09-23 13:57:55'),(1079,1167,'Raspberry Large New','Raspberry Large New','10803',NULL,1,NULL,NULL,NULL,NULL,NULL,1,1,1,'2025-09-11 07:20:11','2025-09-23 13:58:38'),(1080,1168,'Raspberry Medium New','Raspberry Medium New','10804',NULL,1,NULL,NULL,NULL,NULL,NULL,1,1,1,'2025-09-11 07:20:55','2025-09-23 14:00:05'),(1081,1169,'Red Bull New','Red Bull New','10805',NULL,1,NULL,NULL,NULL,NULL,NULL,1,1,1,'2025-09-11 07:22:10','2025-09-23 14:01:10'),(1082,1170,'Red Bull with Flavoure New','Red Bull with Flavoure New','10806',NULL,1,NULL,NULL,NULL,NULL,NULL,1,1,1,'2025-09-11 07:24:42','2025-09-23 14:02:01'),(1083,1171,'Red Strawberry Large New','Red Strawberry Large New','10807',NULL,1,NULL,NULL,NULL,NULL,NULL,1,1,1,'2025-09-11 07:25:35','2025-09-23 14:02:45'),(1084,1172,'Red Strawberry Medium New','Red Strawberry Medium New','10808',NULL,1,NULL,NULL,NULL,NULL,NULL,1,1,1,'2025-09-11 07:28:06','2025-09-23 14:04:53'),(1085,1173,'Roast Beef New','Roast Beef New','10809',NULL,1,NULL,NULL,NULL,NULL,NULL,1,1,1,'2025-09-11 07:28:53','2025-09-23 14:05:43'),(1086,1174,'Rocca Salad New','Rocca Salad New','10810',NULL,1,NULL,NULL,NULL,NULL,NULL,1,1,1,'2025-09-11 07:29:49','2025-09-23 14:06:40'),(1087,1175,'Rush Fa Banana  Medium New','Rush Fa Banana  Medium New','10811',NULL,1,NULL,NULL,NULL,NULL,NULL,1,1,1,'2025-09-11 07:30:49','2025-09-23 14:07:27'),(1088,1176,'Rush Fa Breeze Medium New','Rush Fa Breeze Medium New','10812',NULL,1,NULL,NULL,NULL,NULL,NULL,1,1,1,'2025-09-11 07:32:11','2025-09-23 14:08:19'),(1089,1177,'Rush Fa Mango  Medium New','Rush Fa Mango  Medium New','10813',NULL,1,NULL,NULL,NULL,NULL,NULL,1,1,1,'2025-09-11 07:33:06','2025-09-23 14:09:15'),(1090,1178,'Rush Fa Mango Large New','Rush Fa Mango Large New','10814',NULL,1,NULL,NULL,NULL,NULL,NULL,1,1,1,'2025-09-11 07:33:48','2025-09-23 14:10:10'),(1091,1179,'Rush Fa Nescafe M New','Rush Fa Nescafe M New','10815',NULL,1,NULL,NULL,NULL,NULL,NULL,1,1,1,'2025-09-11 07:35:10','2025-09-23 14:15:10'),(1092,1180,'Rush Fa Tan Mocca Medium New','Rush Fa Tan Mocca Medium New','10816',NULL,1,NULL,NULL,NULL,NULL,NULL,1,1,1,'2025-09-11 07:36:20','2025-09-23 14:15:54'),(1093,1181,'Spanish Latte Large New','Spanish Latte Large New','10817',NULL,1,NULL,NULL,NULL,NULL,NULL,1,1,1,'2025-09-11 07:37:12','2025-09-23 14:17:30'),(1094,1182,'Spanish Latte Medium New','Spanish Latte Medium New','10818',NULL,1,NULL,NULL,NULL,NULL,NULL,1,1,1,'2025-09-11 07:38:05','2025-09-23 14:18:18'),(1095,1183,'Special Milk New','Special Milk New','10819',NULL,1,NULL,NULL,NULL,NULL,NULL,1,1,1,'2025-09-11 07:39:01','2025-09-23 14:29:52'),(1096,1184,'Taco Salad New','Taco Salad New','10820',NULL,1,NULL,NULL,NULL,NULL,NULL,1,1,1,'2025-09-11 07:39:55','2025-09-23 14:30:33'),(1097,1185,'Tea New','Tea New','10821',NULL,1,NULL,NULL,NULL,NULL,NULL,1,1,1,'2025-09-11 07:40:43','2025-09-23 14:31:04'),(1098,1186,'Toffee White Mocca L New','Toffee White Mocca L New','10822',NULL,1,NULL,NULL,NULL,NULL,NULL,1,1,1,'2025-09-11 07:41:34','2025-09-23 14:31:41'),(1099,1187,'Toffee White Mocca M New','Toffee White Mocca M New','10823',NULL,1,NULL,NULL,NULL,NULL,NULL,1,1,1,'2025-09-11 07:42:21','2025-09-23 14:32:22'),(1100,1188,'Tuna Salad New','Tuna Salad New','10824',NULL,1,NULL,NULL,NULL,NULL,NULL,1,1,1,'2025-09-11 07:43:09','2025-09-23 14:33:08'),(1101,1189,'Turkey New','Turkey New','10825',NULL,1,NULL,NULL,NULL,NULL,NULL,1,1,1,'2025-09-11 07:44:00','2025-09-23 14:33:44'),(1102,1190,'Turkey Coffee Large New','Turkey Coffee Large New','10826',NULL,1,NULL,NULL,NULL,NULL,NULL,1,1,1,'2025-09-11 07:44:44','2025-09-23 14:34:30'),(1103,1191,'Turkey Coffee Medium New','Turkey Coffee Medium New','10827',NULL,1,NULL,NULL,NULL,NULL,NULL,1,1,1,'2025-09-11 07:45:27','2025-09-23 14:35:29'),(1104,1192,'Turtle Green Cup Medium New','Turtle Green Cup Medium New','10828',NULL,1,NULL,NULL,NULL,NULL,NULL,1,1,1,'2025-09-11 07:46:18','2025-09-23 14:36:06'),(1105,1193,'V60 Medium New','V60 Medium New','10829',NULL,1,NULL,NULL,NULL,NULL,NULL,1,1,1,'2025-09-11 07:48:08','2025-09-23 14:36:49'),(1106,1194,'Vanilla Large New','Vanilla Large New','10830',NULL,1,NULL,NULL,NULL,NULL,NULL,1,1,1,'2025-09-11 07:48:53','2025-09-23 14:37:31'),(1107,1195,'Vanilla Medium New','Vanilla Medium New','10831',NULL,1,NULL,NULL,NULL,NULL,NULL,1,1,1,'2025-09-11 07:49:35','2025-09-23 14:38:11'),(1108,1196,'Water New','Water New','10832',NULL,1,NULL,NULL,NULL,NULL,NULL,1,1,1,'2025-09-11 07:50:13','2025-09-23 14:38:44'),(1109,1197,'White Mocha L New','White Mocha L New','10833',NULL,1,NULL,NULL,NULL,NULL,NULL,1,1,1,'2025-09-11 08:05:34','2025-09-23 14:39:19'),(1110,1198,'White Mocha M New','White Mocha M New','10834',NULL,1,NULL,NULL,NULL,NULL,NULL,1,1,1,'2025-09-11 08:06:32','2025-09-23 14:40:59'),(1111,1199,'بوم','بوم','10835',NULL,1,NULL,NULL,NULL,NULL,NULL,0,0,1,'2025-09-24 10:40:10','2025-09-24 10:40:10'),(1112,1200,'ابريق حليب 20اونص','ابريق حليب 20اونص','10836',NULL,1,NULL,NULL,NULL,NULL,NULL,0,0,1,'2025-09-29 07:34:03','2025-09-29 07:34:03'),(1113,1201,'سلطة عربية','سلطة عربية','10837',NULL,1,NULL,NULL,NULL,NULL,NULL,1,1,1,'2025-10-09 09:38:49','2025-10-09 09:38:49'),(1114,1202,'بوم بوم','Boom Boom','10838',NULL,1,NULL,NULL,NULL,NULL,NULL,1,1,1,'2025-10-12 10:22:29','2025-10-12 10:26:11'),(1115,1203,'ميني كلير','Mini Ekleri','10839',NULL,1,NULL,NULL,NULL,NULL,NULL,1,1,1,'2025-10-12 10:46:02','2025-10-14 08:52:53'),(1116,1204,'انجلش كيك','English Cake','10840',NULL,1,NULL,NULL,NULL,NULL,NULL,1,1,1,'2025-10-12 10:47:18','2025-10-12 13:44:44'),(1117,1205,'ميني كوكيز','Mini Cookes','10841',NULL,1,NULL,NULL,NULL,NULL,NULL,1,1,1,'2025-10-12 10:56:53','2025-10-14 09:16:57'),(1118,1206,'ميني كوكيز +اميركان','Mini cookies&Amiricano','10842',NULL,1,NULL,NULL,NULL,NULL,NULL,1,1,1,'2025-10-14 09:20:37','2025-10-14 09:27:30'),(1119,1207,'ميني كوكيز&اميركان','Mini cookies&Amirican','10843',NULL,1,NULL,NULL,NULL,NULL,NULL,0,0,1,'2025-10-14 09:22:22','2025-10-14 09:22:22'),(1120,1208,'انجلش كيك &اميركان','English Cake&Amirican','10844',NULL,1,NULL,NULL,NULL,NULL,NULL,1,1,1,'2025-10-14 09:25:34','2025-10-14 09:25:34'),(1121,1209,'انجلش كيك +اميركانو','English cake&Amiricano','10845',NULL,1,NULL,NULL,NULL,NULL,NULL,1,1,1,'2025-10-14 09:33:36','2025-10-14 09:33:36'),(1122,1210,'ميني كوكيز&اسبريسو','Mini Cookies&Espresso','10846',NULL,1,NULL,NULL,NULL,NULL,NULL,1,1,1,'2025-10-14 09:37:16','2025-10-14 09:37:16'),(1123,1211,'German cake New','German cake New','10847',NULL,1,NULL,NULL,NULL,NULL,NULL,1,1,1,'2025-11-01 09:14:46','2025-11-01 09:14:46'),(1124,1212,'Chocolate mousse New','Chocolate mousse New','10848',NULL,1,NULL,NULL,NULL,NULL,NULL,1,1,1,'2025-11-01 09:16:06','2025-11-01 09:16:06');

--
-- Table structure for table `bond_attachments`
--

CREATE TABLE `bond_attachments` (
  `id` bigint unsigned NOT NULL AUTO_INCREMENT,
  `bond_type` varchar(191) CHARACTER SET utf8mb4 COLLATE utf8mb4_unicode_ci NOT NULL,
  `bond_id` int NOT NULL,
  `file` varchar(191) CHARACTER SET utf8mb4 COLLATE utf8mb4_unicode_ci NOT NULL,
  `created_at` timestamp NULL DEFAULT NULL,
  `updated_at` timestamp NULL DEFAULT NULL,
  PRIMARY KEY (`id`)
) ENGINE=InnoDB AUTO_INCREMENT=16 DEFAULT CHARSET=utf8mb4 COLLATE=utf8mb4_unicode_ci;

--
-- Dumping data for table `bond_attachments`
--

INSERT INTO `bond_attachments` VALUES (2,'accounting.exchange',24,'accounting/exchanges/UGdmNBsIWeyexqAgfVMaP9L8MUHVUXWdnOYw7DjJ.jpg','2023-11-18 14:31:31','2023-11-18 14:31:31'),(4,'accounting.entry',393,'accounting/entries/BeSes12zUtImt546TyQfYfEwwLMBhQFAA69tJ1Zl.pdf','2024-04-01 12:48:17','2024-04-01 12:48:17'),(5,'accounting.entry',393,'accounting/entries/h1DJxwIBANlsTKuR7oyLW2YHrdycurGtNpoPL9xC.pdf','2024-04-01 12:48:39','2024-04-01 12:48:39'),(6,'accounting.entry',394,'accounting/entries/QjxqGdzp41sTSorROyZmu2Vd2t0ZD3AhbaFsE3AK.pdf','2024-04-01 13:19:49','2024-04-01 13:19:49'),(7,'accounting.entry',395,'accounting/entries/P18dukshrqhu4a3gqXd1tl08IssCGx3ft7ss5FMg.pdf','2024-04-01 14:03:56','2024-04-01 14:03:56'),(8,'accounting.entry',396,'accounting/entries/xLDFqpQuza4C34C6H5c6XBN7i1ClzT1y40xjyfIB.pdf','2024-04-01 14:10:55','2024-04-01 14:10:55'),(9,'accounting.entry',397,'accounting/entries/ZrjTMeGHu2GoHO8whUNcTPFibYvUsAmihF1VPyzA.pdf','2024-04-01 14:18:15','2024-04-01 14:18:15'),(12,'accounting.entry',398,'accounting/entries/MosWA8exjr70CEO9rDxvNSDObJjfOcMWnEXaYmI1.pdf','2024-04-01 14:31:04','2024-04-01 14:31:04'),(13,'accounting.entry',400,'accounting/entries/tqEMLbbgEFrSKSk0Nk8ZAJFSL1lOUP5NpbyoVNd2.pdf','2024-04-01 14:51:23','2024-04-01 14:51:23'),(14,'accounting.entry',401,'accounting/entries/w6mG4aZlYNwctwF2d2oDVgR27LoGFtWcTuATsiNQ.pdf','2024-04-01 14:58:22','2024-04-01 14:58:22'),(15,'accounting.entry',402,'accounting/entries/6ZaAnyU1iKelRQhBnb0cVRxkpJdMG0a56vSf0T0A.pdf','2024-04-01 15:03:41','2024-04-01 15:03:41');

--
-- Table structure for table `booths`
--

CREATE TABLE `booths` (
  `id` bigint unsigned NOT NULL AUTO_INCREMENT,
  `floor_id` bigint unsigned NOT NULL,
  `type` varchar(191) CHARACTER SET utf8mb4 COLLATE utf8mb4_unicode_ci NOT NULL COMMENT 'movable/immutable/temporal',
  `number` varchar(191) CHARACTER SET utf8mb4 COLLATE utf8mb4_unicode_ci NOT NULL,
  `title` varchar(191) CHARACTER SET utf8mb4 COLLATE utf8mb4_unicode_ci NOT NULL,
  `area` double(10,3) NOT NULL,
  `price` double(10,3) NOT NULL,
  `is_active` tinyint(1) NOT NULL DEFAULT '1',
  `is_rented` tinyint(1) NOT NULL DEFAULT '0',
  `notice` text CHARACTER SET utf8mb4 COLLATE utf8mb4_unicode_ci,
  `deleted_at` timestamp NULL DEFAULT NULL,
  `created_at` timestamp NULL DEFAULT NULL,
  `updated_at` timestamp NULL DEFAULT NULL,
  PRIMARY KEY (`id`),
  KEY `booths_floor_id_foreign` (`floor_id`),
  CONSTRAINT `booths_floor_id_foreign` FOREIGN KEY (`floor_id`) REFERENCES `floors` (`id`)
) ENGINE=InnoDB DEFAULT CHARSET=utf8mb4 COLLATE=utf8mb4_unicode_ci;

--
-- Dumping data for table `booths`
--


--
-- Table structure for table `box_day_entry_items`
--

CREATE TABLE `box_day_entry_items` (
  `id` bigint unsigned NOT NULL AUTO_INCREMENT,
  `box_day_id` bigint unsigned NOT NULL,
  `class` varchar(191) CHARACTER SET utf8mb4 COLLATE utf8mb4_unicode_ci NOT NULL DEFAULT 'Account' COMMENT 'Account/ReceivableAccount',
  `account_id` bigint NOT NULL,
  `amount` double NOT NULL,
  PRIMARY KEY (`id`),
  KEY `box_day_entry_items_box_day_id_foreign` (`box_day_id`),
  CONSTRAINT `box_day_entry_items_box_day_id_foreign` FOREIGN KEY (`box_day_id`) REFERENCES `box_days` (`id`)
) ENGINE=InnoDB AUTO_INCREMENT=34 DEFAULT CHARSET=utf8mb4 COLLATE=utf8mb4_unicode_ci;

--
-- Dumping data for table `box_day_entry_items`
--

INSERT INTO `box_day_entry_items` VALUES (1,2,'Account',150,355.305),(2,2,'Account',205,-306.297),(3,2,'Account',72,-49.0072),(4,3,'Account',150,163.025),(5,3,'Account',205,-330.358),(6,3,'Account',72,-52.85744),(7,3,'Account',243,217.99305),(8,3,'Account',168,2.20195),(9,4,'Account',150,86.67),(10,4,'Account',205,-143.036),(11,4,'Account',72,-22.8856),(12,4,'Account',243,78.4575),(13,4,'Account',168,0.7925),(14,5,'Account',150,147.175),(15,5,'Account',205,-331.072),(16,5,'Account',72,-52.972),(17,5,'Account',243,234.50625),(18,5,'Account',168,2.36875),(19,6,'Account',150,149.065),(20,6,'Account',205,-264.761),(21,6,'Account',72,-42.36176),(22,6,'Account',243,156.4794),(23,6,'Account',168,1.5806),(24,7,'Account',150,133.56),(25,7,'Account',205,-372.535),(26,7,'Account',72,-59.6048),(27,7,'Account',243,295.5942),(28,7,'Account',168,2.9858),(29,8,'Account',243,165.5379),(30,8,'Account',168,1.6721),(31,8,'Account',205,-236.891),(32,8,'Account',72,-37.90256),(33,8,'Account',150,107.58);

--
-- Table structure for table `box_days`
--

CREATE TABLE `box_days` (
  `id` bigint unsigned NOT NULL AUTO_INCREMENT,
  `day_date` date NOT NULL,
  `branch_id` bigint unsigned NOT NULL,
  `sales_total` double DEFAULT NULL,
  `returned_sales_total` double DEFAULT NULL,
  `is_closed` tinyint(1) NOT NULL DEFAULT '0',
  `closed_at` datetime DEFAULT NULL,
  `post_status` tinyint(1) NOT NULL DEFAULT '0',
  `posted_at` datetime DEFAULT NULL,
  `started_fotara_at` datetime DEFAULT NULL,
  `created_at` timestamp NULL DEFAULT NULL,
  `updated_at` timestamp NULL DEFAULT NULL,
  PRIMARY KEY (`id`),
  KEY `box_days_branch_id_foreign` (`branch_id`),
  CONSTRAINT `box_days_branch_id_foreign` FOREIGN KEY (`branch_id`) REFERENCES `branches` (`id`)
) ENGINE=InnoDB AUTO_INCREMENT=42 DEFAULT CHARSET=utf8mb4 COLLATE=utf8mb4_unicode_ci;

--
-- Dumping data for table `box_days`
--

INSERT INTO `box_days` VALUES (2,'2025-09-23',2,355.304,0,1,'2025-10-15 20:29:12',1,'2025-10-15 20:29:21',NULL,'2025-09-23 05:58:30','2025-10-15 17:29:21'),(3,'2025-09-24',2,383.221,0,1,'2025-10-15 20:29:27',1,'2025-10-15 20:29:32',NULL,'2025-09-24 04:36:03','2025-10-15 17:29:32'),(4,'2025-09-25',2,165.921,0,1,'2025-10-15 20:29:38',1,'2025-10-15 20:29:51',NULL,'2025-09-25 04:54:00','2025-10-15 17:29:51'),(5,'2025-09-27',2,0,0,1,'2025-10-18 11:54:11',1,'2025-10-18 14:13:40',NULL,'2025-09-27 04:03:34','2025-10-18 11:13:40'),(6,'2025-09-28',2,0,0,1,'2025-10-27 10:38:50',0,NULL,NULL,'2025-09-28 04:45:14','2025-10-27 07:38:50'),(7,'2025-09-29',2,432.143,0,1,'2025-10-28 21:42:17',0,NULL,NULL,'2025-09-29 04:25:17','2025-10-28 18:42:17'),(8,'2025-09-30',2,274.791,0,1,'2025-10-28 21:43:40',0,NULL,NULL,'2025-09-30 05:20:37','2025-10-28 18:43:40'),(9,'2025-10-01',2,0,0,0,NULL,0,NULL,NULL,'2025-10-01 05:28:19','2025-10-01 16:33:40'),(10,'2025-10-02',2,0,0,0,NULL,0,NULL,NULL,'2025-10-02 05:01:25','2025-10-02 19:04:07'),(11,'2025-10-04',2,0,0,0,NULL,0,NULL,NULL,'2025-10-04 04:24:34','2025-10-04 18:00:49'),(12,'2025-10-05',2,0,0,0,NULL,0,NULL,NULL,'2025-10-05 04:47:17','2025-10-05 17:14:51'),(13,'2025-10-06',2,0,0,0,NULL,0,NULL,NULL,'2025-10-06 04:55:26','2025-10-06 17:03:41'),(14,'2025-10-07',2,0,0,0,NULL,0,NULL,NULL,'2025-10-07 04:59:41','2025-10-07 15:35:31'),(15,'2025-10-08',2,0,0,0,NULL,0,NULL,NULL,'2025-10-08 05:31:54','2025-10-08 16:46:33'),(16,'2025-10-09',2,0,0,0,NULL,0,NULL,NULL,'2025-10-09 05:14:30','2025-10-09 16:39:12'),(17,'2025-10-11',2,0,0,0,NULL,0,NULL,NULL,'2025-10-11 04:39:11','2025-10-11 16:38:40'),(18,'2025-10-12',2,0,0,0,NULL,0,NULL,NULL,'2025-10-12 04:56:57','2025-10-12 16:55:47'),(19,'2025-10-13',2,0,0,0,NULL,0,NULL,NULL,'2025-10-13 04:43:36','2025-10-13 16:47:39'),(20,'2025-10-14',2,0,0,0,NULL,0,NULL,NULL,'2025-10-14 04:38:21','2025-10-14 16:27:18'),(21,'2025-10-15',2,0,0,0,NULL,0,NULL,NULL,'2025-10-15 05:04:46','2025-10-15 16:32:44'),(22,'2025-10-16',2,0,0,0,NULL,0,NULL,NULL,'2025-10-16 05:38:19','2025-10-16 17:24:56'),(23,'2025-10-18',2,0,0,0,NULL,0,NULL,NULL,'2025-10-18 05:11:58','2025-10-18 16:47:50'),(24,'2025-10-19',2,305.5297,0,0,NULL,0,NULL,NULL,'2025-10-19 05:22:45','2025-10-19 14:59:10'),(25,'2025-10-20',2,520.5138,0,0,NULL,0,NULL,NULL,'2025-10-20 04:46:56','2025-10-20 16:35:10'),(26,'2025-10-21',2,244.5931,0,0,NULL,0,NULL,NULL,'2025-10-21 04:52:36','2025-10-21 17:00:44'),(27,'2025-10-22',2,288.0594,0,0,NULL,0,NULL,NULL,'2025-10-22 05:15:27','2025-10-22 15:47:21'),(28,'2025-10-23',2,190.2647,0,0,NULL,0,NULL,NULL,'2025-10-23 05:09:58','2025-10-23 16:26:31'),(29,'2025-10-25',2,396.2441,0,0,NULL,0,NULL,NULL,'2025-10-25 04:35:41','2025-10-25 17:09:53'),(30,'2025-10-26',2,300.6459,0,0,NULL,0,NULL,NULL,'2025-10-26 04:11:19','2025-10-26 16:12:18'),(31,'2025-10-27',2,394.5335,0,0,NULL,0,NULL,NULL,'2025-10-27 04:38:57','2025-10-27 15:56:29'),(32,'2025-10-28',2,225.1254,0,0,NULL,0,NULL,NULL,'2025-10-28 04:41:26','2025-10-28 16:18:34'),(33,'2025-10-29',2,354.4249,0,0,NULL,0,NULL,NULL,'2025-10-29 05:00:52','2025-10-29 15:58:32'),(34,'2025-10-30',2,171.9704,0,0,NULL,0,NULL,NULL,'2025-10-30 04:29:43','2025-10-30 12:58:47'),(35,'2025-11-01',2,411.0943,0,0,NULL,0,NULL,NULL,'2025-11-01 05:05:09','2025-11-01 15:30:30'),(36,'2025-11-02',2,346.6104,0,0,NULL,0,NULL,NULL,'2025-11-02 04:24:12','2025-11-02 15:41:50'),(37,'2025-11-03',2,419.5147,0,0,NULL,0,NULL,NULL,'2025-11-03 04:21:16','2025-11-03 15:46:35'),(38,'2025-11-04',2,372.947,0,0,NULL,0,NULL,NULL,'2025-11-04 04:47:18','2025-11-04 16:16:25'),(39,'2025-11-05',2,331.984,0,0,NULL,0,NULL,NULL,'2025-11-05 05:16:24','2025-11-05 16:28:26'),(40,'2025-11-06',2,144.8449,0,0,NULL,0,NULL,NULL,'2025-11-06 04:59:06','2025-11-06 15:56:59'),(41,'2025-11-08',2,NULL,NULL,0,NULL,0,NULL,NULL,'2025-11-08 04:39:15','2025-11-08 04:39:15');

--
-- Table structure for table `boxes`
--

CREATE TABLE `boxes` (
  `id` bigint unsigned NOT NULL AUTO_INCREMENT,
  `box_day_id` bigint unsigned NOT NULL,
  `branch_id` bigint unsigned NOT NULL,
  `user_id` bigint unsigned DEFAULT NULL,
  `cash_device_id` bigint unsigned DEFAULT NULL,
  `custody_value` double(13,4) NOT NULL DEFAULT '0.0000',
  `date` date NOT NULL,
  `sales_total` double(13,4) DEFAULT '0.0000',
  `returned_sales_total` double(13,4) NOT NULL DEFAULT '0.0000',
  `is_closed` tinyint(1) NOT NULL DEFAULT '0',
  `closed_at` datetime DEFAULT NULL,
  `created_at` timestamp NULL DEFAULT NULL,
  `updated_at` timestamp NULL DEFAULT NULL,
  PRIMARY KEY (`id`),
  KEY `boxes_branch_id_foreign` (`branch_id`),
  KEY `boxes_box_day_id_foreign` (`box_day_id`),
  KEY `boxes_user_id_foreign` (`user_id`),
  KEY `boxes_cash_device_id_foreign` (`cash_device_id`),
  CONSTRAINT `boxes_box_day_id_foreign` FOREIGN KEY (`box_day_id`) REFERENCES `box_days` (`id`),
  CONSTRAINT `boxes_branch_id_foreign` FOREIGN KEY (`branch_id`) REFERENCES `branches` (`id`),
  CONSTRAINT `boxes_cash_device_id_foreign` FOREIGN KEY (`cash_device_id`) REFERENCES `cash_devices` (`id`),
  CONSTRAINT `boxes_user_id_foreign` FOREIGN KEY (`user_id`) REFERENCES `pos_users` (`id`)
) ENGINE=InnoDB AUTO_INCREMENT=48 DEFAULT CHARSET=utf8mb4 COLLATE=utf8mb4_unicode_ci;

--
-- Dumping data for table `boxes`
--

INSERT INTO `boxes` VALUES (4,2,2,1,2,0.0000,'2025-09-23',0.0000,0.0000,1,'2025-09-23 09:37:32','2025-09-23 05:58:30','2025-09-23 06:37:32'),(5,2,2,1,2,0.0000,'2025-09-23',0.0000,0.0000,1,'2025-09-23 09:38:47','2025-09-23 06:38:30','2025-09-23 06:38:47'),(6,2,2,1,2,0.0000,'2025-09-23',0.0000,0.0000,1,'2025-09-23 09:58:14','2025-09-23 06:40:29','2025-09-23 06:58:14'),(7,2,2,1,2,0.0000,'2025-09-23',355.3040,0.0000,1,'2025-09-23 21:38:11','2025-09-23 06:58:56','2025-10-15 17:29:12'),(8,3,2,1,2,0.0000,'2025-09-24',383.2210,0.0000,1,'2025-09-24 20:47:32','2025-09-24 04:36:03','2025-10-15 17:29:26'),(9,4,2,1,2,0.0000,'2025-09-25',165.9210,0.0000,1,'2025-09-25 17:02:47','2025-09-25 04:54:00','2025-10-15 17:29:38'),(10,5,2,1,2,0.0000,'2025-09-27',290.0980,0.0000,1,'2025-09-27 20:45:23','2025-09-27 04:03:34','2025-10-18 08:54:11'),(11,6,2,1,2,0.0000,'2025-09-28',0.0000,0.0000,1,'2025-09-28 20:11:05','2025-09-28 04:45:14','2025-09-28 17:11:05'),(12,7,2,1,2,0.0000,'2025-09-29',432.1430,0.0000,1,'2025-09-29 19:28:07','2025-09-29 04:25:17','2025-10-28 18:42:17'),(13,8,2,1,2,0.0000,'2025-09-30',274.7910,0.0000,1,'2025-09-30 19:20:07','2025-09-30 05:20:37','2025-10-28 18:43:40'),(14,9,2,1,2,0.0000,'2025-10-01',0.0000,0.0000,1,'2025-10-01 19:33:40','2025-10-01 05:28:19','2025-10-01 16:33:40'),(15,10,2,1,2,0.0000,'2025-10-02',0.0000,0.0000,1,'2025-10-02 22:04:07','2025-10-02 05:01:25','2025-10-02 19:04:07'),(16,11,2,1,2,0.0000,'2025-10-04',0.0000,0.0000,1,'2025-10-04 21:00:49','2025-10-04 04:24:34','2025-10-04 18:00:49'),(17,12,2,1,2,0.0000,'2025-10-05',0.0000,0.0000,1,'2025-10-05 20:14:51','2025-10-05 04:47:17','2025-10-05 17:14:51'),(18,13,2,1,2,0.0000,'2025-10-06',0.0000,0.0000,1,'2025-10-06 20:03:41','2025-10-06 04:55:26','2025-10-06 17:03:41'),(19,14,2,1,2,0.0000,'2025-10-07',0.0000,0.0000,1,'2025-10-07 18:35:31','2025-10-07 04:59:41','2025-10-07 15:35:31'),(20,15,2,1,2,0.0000,'2025-10-08',0.0000,0.0000,1,'2025-10-08 19:46:33','2025-10-08 05:31:54','2025-10-08 16:46:33'),(21,16,2,1,2,0.0000,'2025-10-09',0.0000,0.0000,1,'2025-10-09 19:39:12','2025-10-09 05:14:30','2025-10-09 16:39:12'),(22,17,2,1,2,0.0000,'2025-10-11',0.0000,0.0000,1,'2025-10-11 19:38:40','2025-10-11 04:39:11','2025-10-11 16:38:40'),(23,18,2,1,2,0.0000,'2025-10-12',0.0000,0.0000,1,'2025-10-12 19:55:47','2025-10-12 04:56:57','2025-10-12 16:55:47'),(24,19,2,1,2,0.0000,'2025-10-13',0.0000,0.0000,1,'2025-10-13 19:47:39','2025-10-13 04:43:36','2025-10-13 16:47:39'),(25,20,2,1,2,0.0000,'2025-10-14',0.0000,0.0000,1,'2025-10-14 19:27:18','2025-10-14 04:38:21','2025-10-14 16:27:18'),(26,21,2,1,2,0.0000,'2025-10-15',0.0000,0.0000,1,'2025-10-15 19:32:44','2025-10-15 05:04:46','2025-10-15 16:32:44'),(27,22,2,1,2,0.0000,'2025-10-16',0.0000,0.0000,1,'2025-10-16 20:24:56','2025-10-16 05:38:19','2025-10-16 17:24:56'),(28,23,2,1,2,0.0000,'2025-10-18',0.0000,0.0000,1,'2025-10-18 19:47:50','2025-10-18 05:11:58','2025-10-18 16:47:50'),(29,24,2,1,2,0.0000,'2025-10-19',305.5297,0.0000,1,'2025-10-19 17:59:10','2025-10-19 05:22:45','2025-10-19 14:59:10'),(30,25,2,1,2,0.0000,'2025-10-20',520.5138,0.0000,1,'2025-10-20 19:35:10','2025-10-20 04:46:56','2025-10-20 16:35:10'),(31,25,2,1,2,0.0000,'2025-10-20',0.0000,0.0000,1,'2025-10-21 07:52:21','2025-10-20 16:54:53','2025-10-21 04:52:21'),(32,26,2,1,2,0.0000,'2025-10-21',244.5931,0.0000,1,'2025-10-21 20:00:44','2025-10-21 04:52:36','2025-10-21 17:00:44'),(33,27,2,1,2,0.0000,'2025-10-22',288.0594,0.0000,1,'2025-10-22 18:47:21','2025-10-22 05:15:27','2025-10-22 15:47:21'),(34,28,2,1,2,0.0000,'2025-10-23',190.2647,0.0000,1,'2025-10-23 19:26:31','2025-10-23 05:09:58','2025-10-23 16:26:31'),(35,29,2,1,2,0.0000,'2025-10-25',396.2441,0.0000,1,'2025-10-25 20:09:53','2025-10-25 04:35:41','2025-10-25 17:09:53'),(36,30,2,1,2,0.0000,'2025-10-26',300.6459,0.0000,1,'2025-10-26 19:12:18','2025-10-26 04:11:19','2025-10-26 16:12:18'),(37,31,2,1,2,0.0000,'2025-10-27',394.5335,0.0000,1,'2025-10-27 18:56:29','2025-10-27 04:38:57','2025-10-27 15:56:29'),(38,32,2,1,2,0.0000,'2025-10-28',225.1254,0.0000,1,'2025-10-28 19:18:34','2025-10-28 04:41:26','2025-10-28 16:18:34'),(39,33,2,1,2,0.0000,'2025-10-29',354.4249,0.0000,1,'2025-10-29 18:58:32','2025-10-29 05:00:52','2025-10-29 15:58:32'),(40,34,2,1,2,0.0000,'2025-10-30',171.9704,0.0000,1,'2025-10-30 15:58:47','2025-10-30 04:29:43','2025-10-30 12:58:47'),(41,35,2,1,2,0.0000,'2025-11-01',411.0943,0.0000,1,'2025-11-01 18:30:30','2025-11-01 05:05:09','2025-11-01 15:30:30'),(42,36,2,1,2,0.0000,'2025-11-02',346.6104,0.0000,1,'2025-11-02 18:41:50','2025-11-02 04:24:12','2025-11-02 15:41:50'),(43,37,2,1,2,0.0000,'2025-11-03',419.5147,0.0000,1,'2025-11-03 18:46:35','2025-11-03 04:21:16','2025-11-03 15:46:35'),(44,38,2,1,2,0.0000,'2025-11-04',372.9470,0.0000,1,'2025-11-04 19:16:25','2025-11-04 04:47:18','2025-11-04 16:16:25'),(45,39,2,1,2,0.0000,'2025-11-05',331.9840,0.0000,1,'2025-11-05 19:28:26','2025-11-05 05:16:24','2025-11-05 16:28:26'),(46,40,2,1,2,0.0000,'2025-11-06',144.8449,0.0000,1,'2025-11-06 18:56:59','2025-11-06 04:59:06','2025-11-06 15:56:59'),(47,41,2,1,2,0.0000,'2025-11-08',79.2149,0.0000,0,NULL,'2025-11-08 04:39:15','2025-11-08 08:48:49');

--
-- Table structure for table `branch_connection_codes`
--

CREATE TABLE `branch_connection_codes` (
  `id` bigint unsigned NOT NULL AUTO_INCREMENT,
  `code` varchar(191) CHARACTER SET utf8mb4 COLLATE utf8mb4_unicode_ci NOT NULL,
  `label` varchar(191) CHARACTER SET utf8mb4 COLLATE utf8mb4_unicode_ci NOT NULL,
  PRIMARY KEY (`id`)
) ENGINE=InnoDB AUTO_INCREMENT=8 DEFAULT CHARSET=utf8mb4 COLLATE=utf8mb4_unicode_ci;

--
-- Dumping data for table `branch_connection_codes`
--

INSERT INTO `branch_connection_codes` VALUES (1,'finalSales','المبيعات'),(2,'finalReturnedSales','مردود المبيعات'),(3,'finalPurchases','المشتريات'),(4,'finalReturnedPurchases','مردود المشتريات'),(5,'finalPosSales','مبيعات نقاط البيع'),(6,'finalPosReturnedSales','مردودات نقاط البيع'),(7,'outlays','سحوبات نقاط البيع');

--
-- Table structure for table `branch_item`
--

CREATE TABLE `branch_item` (
  `id` bigint unsigned NOT NULL AUTO_INCREMENT,
  `branch_id` bigint unsigned NOT NULL,
  `item_id` bigint unsigned NOT NULL,
  PRIMARY KEY (`id`),
  KEY `branch_item_branch_id_foreign` (`branch_id`),
  KEY `branch_item_item_id_foreign` (`item_id`),
  CONSTRAINT `branch_item_branch_id_foreign` FOREIGN KEY (`branch_id`) REFERENCES `branches` (`id`),
  CONSTRAINT `branch_item_item_id_foreign` FOREIGN KEY (`item_id`) REFERENCES `items` (`id`)
) ENGINE=InnoDB AUTO_INCREMENT=4578 DEFAULT CHARSET=utf8mb4 COLLATE=utf8mb4_unicode_ci;

--
-- Dumping data for table `branch_item`
--

INSERT INTO `branch_item` VALUES (1,1,1),(2,2,1),(3,3,1),(4,4,1),(5,1,3),(6,2,3),(7,3,3),(8,4,3),(9,1,4),(10,2,4),(11,3,4),(12,4,4),(13,1,6),(14,2,6),(15,3,6),(16,4,6),(17,1,7),(18,2,7),(19,3,7),(20,4,7),(21,1,9),(22,2,9),(23,3,9),(24,4,9),(25,1,11),(26,2,11),(27,3,11),(28,4,11),(29,1,13),(30,2,13),(31,3,13),(32,4,13),(33,1,15),(34,2,15),(35,3,15),(36,4,15),(37,1,16),(38,2,16),(39,3,16),(40,4,16),(41,1,18),(42,2,18),(43,3,18),(44,4,18),(45,1,19),(46,2,19),(47,3,19),(48,4,19),(49,1,21),(50,2,21),(51,3,21),(52,4,21),(53,1,22),(54,2,22),(55,3,22),(56,4,22),(57,1,23),(58,2,23),(59,3,23),(60,4,23),(61,1,24),(62,2,24),(63,3,24),(64,4,24),(65,1,25),(66,2,25),(67,3,25),(68,4,25),(69,1,27),(70,2,27),(71,3,27),(72,4,27),(73,1,28),(74,2,28),(75,3,28),(76,4,28),(77,1,30),(78,2,30),(79,3,30),(80,4,30),(85,1,32),(86,2,32),(87,3,32),(88,4,32),(89,1,33),(90,2,33),(91,3,33),(92,4,33),(93,1,34),(94,2,34),(95,3,34),(96,4,34),(97,1,36),(98,2,36),(99,3,36),(100,4,36),(101,1,37),(102,2,37),(103,3,37),(104,4,37),(105,1,42),(106,2,42),(107,3,42),(108,4,42),(109,1,43),(110,2,43),(111,3,43),(112,4,43),(113,1,44),(114,2,44),(115,3,44),(116,4,44),(117,1,45),(118,2,45),(119,3,45),(120,4,45),(121,1,46),(122,2,46),(123,3,46),(124,4,46),(125,1,47),(126,2,47),(127,3,47),(128,4,47),(129,1,48),(130,2,48),(131,3,48),(132,4,48),(133,1,49),(134,2,49),(135,3,49),(136,4,49),(137,1,50),(138,2,50),(139,3,50),(140,4,50),(141,1,51),(142,2,51),(143,3,51),(144,4,51),(145,1,52),(146,2,52),(147,3,52),(148,4,52),(149,1,53),(150,2,53),(151,3,53),(152,4,53),(153,1,54),(154,2,54),(155,3,54),(156,4,54),(157,1,56),(158,2,56),(159,3,56),(160,4,56),(161,1,58),(162,2,58),(163,3,58),(164,4,58),(165,1,59),(166,2,59),(167,3,59),(168,4,59),(169,1,60),(170,2,60),(171,3,60),(172,4,60),(173,1,61),(174,2,61),(175,3,61),(176,4,61),(177,1,63),(178,2,63),(179,3,63),(180,4,63),(181,1,64),(182,2,64),(183,3,64),(184,4,64),(185,1,65),(186,2,65),(187,3,65),(188,4,65),(189,1,66),(190,2,66),(191,3,66),(192,4,66),(193,1,68),(194,2,68),(195,3,68),(196,4,68),(201,1,70),(202,2,70),(203,3,70),(204,4,70),(205,1,71),(206,2,71),(207,3,71),(208,4,71),(209,1,72),(210,2,72),(211,3,72),(212,4,72),(217,1,74),(218,2,74),(219,3,74),(220,4,74),(221,1,75),(222,2,75),(223,3,75),(224,4,75),(225,1,76),(226,2,76),(227,3,76),(228,4,76),(229,1,78),(230,2,78),(231,3,78),(232,4,78),(233,1,79),(234,2,79),(235,3,79),(236,4,79),(245,1,84),(246,2,84),(247,3,84),(248,4,84),(257,1,87),(258,2,87),(259,3,87),(260,4,87),(261,1,88),(262,2,88),(263,3,88),(264,4,88),(265,1,89),(266,2,89),(267,3,89),(268,4,89),(269,1,90),(270,2,90),(271,3,90),(272,4,90),(273,1,91),(274,2,91),(275,3,91),(276,4,91),(281,1,93),(282,2,93),(283,3,93),(284,4,93),(285,1,94),(286,2,94),(287,3,94),(288,4,94),(289,1,95),(290,2,95),(291,3,95),(292,4,95),(293,1,97),(294,2,97),(295,3,97),(296,4,97),(297,1,99),(298,2,99),(299,3,99),(300,4,99),(301,1,100),(302,2,100),(303,3,100),(304,4,100),(305,1,101),(306,2,101),(307,3,101),(308,4,101),(309,1,103),(310,2,103),(311,3,103),(312,4,103),(313,1,105),(314,2,105),(315,3,105),(316,4,105),(317,1,106),(318,2,106),(319,3,106),(320,4,106),(321,1,107),(322,2,107),(323,3,107),(324,4,107),(325,1,108),(326,2,108),(327,3,108),(328,4,108),(329,1,109),(330,2,109),(331,3,109),(332,4,109),(333,1,110),(334,2,110),(335,3,110),(336,4,110),(337,1,111),(338,2,111),(339,3,111),(340,4,111),(341,1,113),(342,2,113),(343,3,113),(344,4,113),(345,1,114),(346,2,114),(347,3,114),(348,4,114),(349,1,115),(350,2,115),(351,3,115),(352,4,115),(353,1,117),(354,2,117),(355,3,117),(356,4,117),(357,1,118),(358,2,118),(359,3,118),(360,4,118),(361,1,119),(362,2,119),(363,3,119),(364,4,119),(365,1,120),(366,2,120),(367,3,120),(368,4,120),(369,1,121),(370,2,121),(371,3,121),(372,4,121),(373,1,122),(374,2,122),(375,3,122),(376,4,122),(377,1,124),(378,2,124),(379,3,124),(380,4,124),(381,1,125),(382,2,125),(383,3,125),(384,4,125),(385,1,126),(386,2,126),(387,3,126),(388,4,126),(389,1,128),(390,2,128),(391,3,128),(392,4,128),(393,1,129),(394,2,129),(395,3,129),(396,4,129),(397,1,130),(398,2,130),(399,3,130),(400,4,130),(401,1,131),(402,2,131),(403,3,131),(404,4,131),(405,1,132),(406,2,132),(407,3,132),(408,4,132),(409,1,133),(410,2,133),(411,3,133),(412,4,133),(413,1,134),(414,2,134),(415,3,134),(416,4,134),(417,1,135),(418,2,135),(419,3,135),(420,4,135),(421,1,136),(422,2,136),(423,3,136),(424,4,136),(425,1,137),(426,2,137),(427,3,137),(428,4,137),(429,1,138),(430,2,138),(431,3,138),(432,4,138),(433,1,139),(434,2,139),(435,3,139),(436,4,139),(437,1,140),(438,2,140),(439,3,140),(440,4,140),(441,1,141),(442,2,141),(443,3,141),(444,4,141),(445,1,142),(446,2,142),(447,3,142),(448,4,142),(449,1,143),(450,2,143),(451,3,143),(452,4,143),(453,1,144),(454,2,144),(455,3,144),(456,4,144),(457,1,145),(458,2,145),(459,3,145),(460,4,145),(461,1,146),(462,2,146),(463,3,146),(464,4,146),(469,1,148),(470,2,148),(471,3,148),(472,4,148),(473,1,149),(474,2,149),(475,3,149),(476,4,149),(477,1,150),(478,2,150),(479,3,150),(480,4,150),(481,1,151),(482,2,151),(483,3,151),(484,4,151),(489,1,153),(490,2,153),(491,3,153),(492,4,153),(497,1,155),(498,2,155),(499,3,155),(500,4,155),(501,1,156),(502,2,156),(503,3,156),(504,4,156),(505,1,157),(506,2,157),(507,3,157),(508,4,157),(509,1,158),(510,2,158),(511,3,158),(512,4,158),(517,1,160),(518,2,160),(519,3,160),(520,4,160),(521,1,161),(522,2,161),(523,3,161),(524,4,161),(525,1,162),(526,2,162),(527,3,162),(528,4,162),(529,1,163),(530,2,163),(531,3,163),(532,4,163),(533,1,164),(534,2,164),(535,3,164),(536,4,164),(537,1,165),(538,2,165),(539,3,165),(540,4,165),(541,1,166),(542,2,166),(543,3,166),(544,4,166),(545,1,167),(546,2,167),(547,3,167),(548,4,167),(549,1,168),(550,2,168),(551,3,168),(552,4,168),(553,1,169),(554,2,169),(555,3,169),(556,4,169),(557,1,170),(558,2,170),(559,3,170),(560,4,170),(561,1,171),(562,2,171),(563,3,171),(564,4,171),(565,1,172),(566,2,172),(567,3,172),(568,4,172),(569,1,173),(570,2,173),(571,3,173),(572,4,173),(573,1,174),(574,2,174),(575,3,174),(576,4,174),(577,1,175),(578,2,175),(579,3,175),(580,4,175),(581,1,176),(582,2,176),(583,3,176),(584,4,176),(585,1,177),(586,2,177),(587,3,177),(588,4,177),(589,1,178),(590,2,178),(591,3,178),(592,4,178),(593,1,179),(594,2,179),(595,3,179),(596,4,179),(597,1,180),(598,2,180),(599,3,180),(600,4,180),(601,1,181),(602,2,181),(603,3,181),(604,4,181),(605,1,182),(606,2,182),(607,3,182),(608,4,182),(609,1,183),(610,2,183),(611,3,183),(612,4,183),(613,1,184),(614,2,184),(615,3,184),(616,4,184),(617,1,185),(618,2,185),(619,3,185),(620,4,185),(621,1,186),(622,2,186),(623,3,186),(624,4,186),(625,1,187),(626,2,187),(627,3,187),(628,4,187),(629,1,188),(630,2,188),(631,3,188),(632,4,188),(633,1,189),(634,2,189),(635,3,189),(636,4,189),(637,1,190),(638,2,190),(639,3,190),(640,4,190),(641,1,191),(642,2,191),(643,3,191),(644,4,191),(645,1,192),(646,2,192),(647,3,192),(648,4,192),(649,1,193),(650,2,193),(651,3,193),(652,4,193),(653,1,194),(654,2,194),(655,3,194),(656,4,194),(657,1,195),(658,2,195),(659,3,195),(660,4,195),(661,1,196),(662,2,196),(663,3,196),(664,4,196),(665,1,197),(666,2,197),(667,3,197),(668,4,197),(669,1,198),(670,2,198),(671,3,198),(672,4,198),(673,1,199),(674,2,199),(675,3,199),(676,4,199),(677,1,200),(678,2,200),(679,3,200),(680,4,200),(681,1,201),(682,2,201),(683,3,201),(684,4,201),(685,1,202),(686,2,202),(687,3,202),(688,4,202),(689,1,203),(690,2,203),(691,3,203),(692,4,203),(693,1,204),(694,2,204),(695,3,204),(696,4,204),(697,1,205),(698,2,205),(699,3,205),(700,4,205),(701,1,206),(702,2,206),(703,3,206),(704,4,206),(705,1,207),(706,2,207),(707,3,207),(708,4,207),(709,1,208),(710,2,208),(711,3,208),(712,4,208),(717,1,210),(718,2,210),(719,3,210),(720,4,210),(721,1,211),(722,2,211),(723,3,211),(724,4,211),(725,1,212),(726,2,212),(727,3,212),(728,4,212),(729,1,213),(730,2,213),(731,3,213),(732,4,213),(737,1,215),(738,2,215),(739,3,215),(740,4,215),(741,1,216),(742,2,216),(743,3,216),(744,4,216),(745,1,217),(746,2,217),(747,3,217),(748,4,217),(749,1,218),(750,2,218),(751,3,218),(752,4,218),(753,1,219),(754,2,219),(755,3,219),(756,4,219),(757,1,220),(758,2,220),(759,3,220),(760,4,220),(761,1,221),(762,2,221),(763,3,221),(764,4,221),(765,1,222),(766,2,222),(767,3,222),(768,4,222),(769,1,223),(770,2,223),(771,3,223),(772,4,223),(773,1,224),(774,2,224),(775,3,224),(776,4,224),(777,1,225),(778,2,225),(779,3,225),(780,4,225),(781,1,226),(782,2,226),(783,3,226),(784,4,226),(785,1,227),(786,2,227),(787,3,227),(788,4,227),(789,1,228),(790,2,228),(791,3,228),(792,4,228),(793,1,229),(794,2,229),(795,3,229),(796,4,229),(797,1,230),(798,2,230),(799,3,230),(800,4,230),(801,1,231),(802,2,231),(803,3,231),(804,4,231),(805,1,232),(806,2,232),(807,3,232),(808,4,232),(809,1,233),(810,2,233),(811,3,233),(812,4,233),(817,1,235),(818,2,235),(819,3,235),(820,4,235),(821,1,236),(822,2,236),(823,3,236),(824,4,236),(825,1,237),(826,2,237),(827,3,237),(828,4,237),(833,1,239),(834,2,239),(835,3,239),(836,4,239),(837,1,240),(838,2,240),(839,3,240),(840,4,240),(841,1,241),(842,2,241),(843,3,241),(844,4,241),(845,1,242),(846,2,242),(847,3,242),(848,4,242),(849,1,243),(850,2,243),(851,3,243),(852,4,243),(853,1,244),(854,2,244),(855,3,244),(856,4,244),(857,1,245),(858,2,245),(859,3,245),(860,4,245),(861,1,246),(862,2,246),(863,3,246),(864,4,246),(865,1,247),(866,2,247),(867,3,247),(868,4,247),(873,1,249),(874,2,249),(875,3,249),(876,4,249),(877,1,250),(878,2,250),(879,3,250),(880,4,250),(881,1,251),(882,2,251),(883,3,251),(884,4,251),(885,1,252),(886,2,252),(887,3,252),(888,4,252),(889,1,253),(890,2,253),(891,3,253),(892,4,253),(893,1,254),(894,2,254),(895,3,254),(896,4,254),(897,1,255),(898,2,255),(899,3,255),(900,4,255),(901,1,256),(902,2,256),(903,3,256),(904,4,256),(905,1,257),(906,2,257),(907,3,257),(908,4,257),(909,1,258),(910,2,258),(911,3,258),(912,4,258),(913,1,259),(914,2,259),(915,3,259),(916,4,259),(917,1,260),(918,2,260),(919,3,260),(920,4,260),(921,1,261),(922,2,261),(923,3,261),(924,4,261),(925,1,262),(926,2,262),(927,3,262),(928,4,262),(929,1,263),(930,2,263),(931,3,263),(932,4,263),(933,1,264),(934,2,264),(935,3,264),(936,4,264),(937,1,265),(938,2,265),(939,3,265),(940,4,265),(941,1,266),(942,2,266),(943,3,266),(944,4,266),(945,1,267),(946,2,267),(947,3,267),(948,4,267),(949,1,268),(950,2,268),(951,3,268),(952,4,268),(953,1,269),(954,2,269),(955,3,269),(956,4,269),(957,1,270),(958,2,270),(959,3,270),(960,4,270),(961,1,271),(962,2,271),(963,3,271),(964,4,271),(969,1,273),(970,2,273),(971,3,273),(972,4,273),(973,1,274),(974,2,274),(975,3,274),(976,4,274),(977,1,275),(978,2,275),(979,3,275),(980,4,275),(981,1,276),(982,2,276),(983,3,276),(984,4,276),(985,1,277),(986,2,277),(987,3,277),(988,4,277),(989,1,278),(990,2,278),(991,3,278),(992,4,278),(993,1,279),(994,2,279),(995,3,279),(996,4,279),(997,1,280),(998,2,280),(999,3,280),(1000,4,280),(1001,1,281),(1002,2,281),(1003,3,281),(1004,4,281),(1005,1,282),(1006,2,282),(1007,3,282),(1008,4,282),(1009,1,283),(1010,2,283),(1011,3,283),(1012,4,283),(1013,1,284),(1014,2,284),(1015,3,284),(1016,4,284),(1017,1,285),(1018,2,285),(1019,3,285),(1020,4,285),(1021,1,286),(1022,2,286),(1023,3,286),(1024,4,286),(1025,1,287),(1026,2,287),(1027,3,287),(1028,4,287),(1029,1,288),(1030,2,288),(1031,3,288),(1032,4,288),(1033,1,289),(1034,2,289),(1035,3,289),(1036,4,289),(1037,1,290),(1038,2,290),(1039,3,290),(1040,4,290),(1041,1,291),(1042,2,291),(1043,3,291),(1044,4,291),(1045,1,292),(1046,2,292),(1047,3,292),(1048,4,292),(1049,1,293),(1050,2,293),(1051,3,293),(1052,4,293),(1053,1,294),(1054,2,294),(1055,3,294),(1056,4,294),(1057,1,295),(1058,2,295),(1059,3,295),(1060,4,295),(1061,1,296),(1062,2,296),(1063,3,296),(1064,4,296),(1065,1,297),(1066,2,297),(1067,3,297),(1068,4,297),(1069,1,298),(1070,2,298),(1071,3,298),(1072,4,298),(1073,1,299),(1074,2,299),(1075,3,299),(1076,4,299),(1077,1,300),(1078,2,300),(1079,3,300),(1080,4,300),(1081,1,301),(1082,2,301),(1083,3,301),(1084,4,301),(1085,1,302),(1086,2,302),(1087,3,302),(1088,4,302),(1089,1,303),(1090,2,303),(1091,3,303),(1092,4,303),(1093,1,304),(1094,2,304),(1095,3,304),(1096,4,304),(1097,1,305),(1098,2,305),(1099,3,305),(1100,4,305),(1101,1,306),(1102,2,306),(1103,3,306),(1104,4,306),(1105,1,307),(1106,2,307),(1107,3,307),(1108,4,307),(1109,1,308),(1110,2,308),(1111,3,308),(1112,4,308),(1113,1,309),(1114,2,309),(1115,3,309),(1116,4,309),(1117,1,310),(1118,2,310),(1119,3,310),(1120,4,310),(1121,1,311),(1122,2,311),(1123,3,311),(1124,4,311),(1125,1,312),(1126,2,312),(1127,3,312),(1128,4,312),(1129,1,313),(1130,2,313),(1131,3,313),(1132,4,313),(1133,1,314),(1134,2,314),(1135,3,314),(1136,4,314),(1137,1,315),(1138,2,315),(1139,3,315),(1140,4,315),(1141,1,316),(1142,2,316),(1143,3,316),(1144,4,316),(1145,1,317),(1146,2,317),(1147,3,317),(1148,4,317),(1149,1,318),(1150,2,318),(1151,3,318),(1152,4,318),(1153,1,319),(1154,2,319),(1155,3,319),(1156,4,319),(1157,1,320),(1158,2,320),(1159,3,320),(1160,4,320),(1165,1,322),(1166,2,322),(1167,3,322),(1168,4,322),(1169,1,323),(1170,2,323),(1171,3,323),(1172,4,323),(1173,1,324),(1174,2,324),(1175,3,324),(1176,4,324),(1177,1,325),(1178,2,325),(1179,3,325),(1180,4,325),(1181,1,326),(1182,2,326),(1183,3,326),(1184,4,326),(1185,1,327),(1186,2,327),(1187,3,327),(1188,4,327),(1189,1,328),(1190,2,328),(1191,3,328),(1192,4,328),(1197,1,330),(1198,2,330),(1199,3,330),(1200,4,330),(1201,1,331),(1202,2,331),(1203,3,331),(1204,4,331),(1205,1,332),(1206,2,332),(1207,3,332),(1208,4,332),(1213,1,334),(1214,2,334),(1215,3,334),(1216,4,334),(1217,1,335),(1218,2,335),(1219,3,335),(1220,4,335),(1221,1,336),(1222,2,336),(1223,3,336),(1224,4,336),(1225,1,337),(1226,2,337),(1227,3,337),(1228,4,337),(1229,1,338),(1230,2,338),(1231,3,338),(1232,4,338),(1233,1,339),(1234,2,339),(1235,3,339),(1236,4,339),(1237,1,340),(1238,2,340),(1239,3,340),(1240,4,340),(1241,1,341),(1242,2,341),(1243,3,341),(1244,4,341),(1245,1,342),(1246,2,342),(1247,3,342),(1248,4,342),(1249,1,343),(1250,2,343),(1251,3,343),(1252,4,343),(1257,1,345),(1258,2,345),(1259,3,345),(1260,4,345),(1261,1,346),(1262,2,346),(1263,3,346),(1264,4,346),(1265,1,347),(1266,2,347),(1267,3,347),(1268,4,347),(1269,1,348),(1270,2,348),(1271,3,348),(1273,1,349),(1274,2,349),(1275,3,349),(1276,4,349),(1277,1,350),(1278,2,350),(1279,3,350),(1280,4,350),(1285,1,352),(1286,2,352),(1287,3,352),(1288,4,352),(1293,1,354),(1294,2,354),(1295,3,354),(1296,4,354),(1297,1,355),(1298,2,355),(1299,3,355),(1300,4,355),(1301,1,356),(1302,2,356),(1303,3,356),(1304,4,356),(1305,1,357),(1306,2,357),(1307,3,357),(1308,4,357),(1309,1,358),(1310,2,358),(1311,3,358),(1312,4,358),(1313,1,359),(1314,2,359),(1315,3,359),(1316,4,359),(1317,1,360),(1318,2,360),(1319,3,360),(1320,4,360),(1321,1,361),(1322,2,361),(1323,3,361),(1324,4,361),(1325,1,362),(1326,2,362),(1327,3,362),(1328,4,362),(1329,1,363),(1330,2,363),(1331,3,363),(1332,4,363),(1333,1,364),(1334,2,364),(1335,3,364),(1336,4,364),(1345,1,367),(1346,2,367),(1347,3,367),(1348,4,367),(1349,1,368),(1350,2,368),(1351,3,368),(1352,4,368),(1353,1,369),(1354,2,369),(1355,3,369),(1356,4,369),(1357,1,370),(1358,2,370),(1359,3,370),(1360,4,370),(1365,1,372),(1366,2,372),(1367,3,372),(1368,4,372),(1369,1,373),(1370,2,373),(1371,3,373),(1372,4,373),(1373,1,374),(1374,2,374),(1375,3,374),(1376,4,374),(1385,1,377),(1386,2,377),(1387,3,377),(1388,4,377),(1389,1,378),(1390,2,378),(1391,3,378),(1392,4,378),(1397,1,380),(1398,2,380),(1399,3,380),(1400,4,380),(1401,1,381),(1402,2,381),(1403,3,381),(1404,4,381),(1405,1,382),(1406,2,382),(1407,3,382),(1408,4,382),(1409,1,383),(1410,2,383),(1411,3,383),(1412,4,383),(1417,1,385),(1418,2,385),(1419,3,385),(1420,4,385),(1421,1,386),(1422,2,386),(1423,3,386),(1424,4,386),(1429,1,388),(1430,2,388),(1431,3,388),(1432,4,388),(1437,1,390),(1438,2,390),(1439,3,390),(1440,4,390),(1441,1,391),(1442,2,391),(1443,3,391),(1444,4,391),(1445,1,392),(1446,2,392),(1447,3,392),(1448,4,392),(1449,1,393),(1450,2,393),(1451,3,393),(1452,4,393),(1453,1,394),(1454,2,394),(1455,3,394),(1456,4,394),(1457,1,395),(1458,2,395),(1459,3,395),(1460,4,395),(1461,1,396),(1462,2,396),(1463,3,396),(1464,4,396),(1465,1,397),(1466,2,397),(1467,3,397),(1468,4,397),(1473,1,399),(1474,2,399),(1475,3,399),(1476,4,399),(1477,1,400),(1478,2,400),(1479,3,400),(1480,4,400),(1481,1,401),(1482,2,401),(1483,3,401),(1484,4,401),(1485,1,402),(1486,2,402),(1487,3,402),(1488,4,402),(1505,1,407),(1506,2,407),(1507,3,407),(1508,4,407),(1509,1,408),(1510,2,408),(1511,3,408),(1512,4,408),(1513,1,409),(1514,2,409),(1515,3,409),(1516,4,409),(1517,1,410),(1518,2,410),(1519,3,410),(1520,4,410),(1521,1,411),(1522,2,411),(1523,3,411),(1524,4,411),(1525,1,412),(1526,2,412),(1527,3,412),(1528,4,412),(1529,1,413),(1530,2,413),(1531,3,413),(1532,4,413),(1533,1,414),(1534,2,414),(1535,3,414),(1536,4,414),(1537,1,415),(1538,2,415),(1539,3,415),(1540,4,415),(1545,1,417),(1546,2,417),(1547,3,417),(1548,4,417),(1549,1,418),(1550,2,418),(1551,3,418),(1552,4,418),(1557,1,420),(1558,2,420),(1559,3,420),(1560,4,420),(1561,1,421),(1562,2,421),(1563,3,421),(1564,4,421),(1565,1,422),(1566,2,422),(1567,3,422),(1568,4,422),(1569,1,423),(1570,2,423),(1571,3,423),(1572,4,423),(1573,1,424),(1574,2,424),(1575,3,424),(1576,4,424),(1577,1,425),(1578,2,425),(1579,3,425),(1580,4,425),(1581,1,426),(1582,2,426),(1583,3,426),(1584,4,426),(1585,1,427),(1586,2,427),(1587,3,427),(1588,4,427),(1589,1,428),(1590,2,428),(1591,3,428),(1592,4,428),(1593,1,429),(1594,2,429),(1595,3,429),(1596,4,429),(1597,1,430),(1598,2,430),(1599,3,430),(1600,4,430),(1601,1,431),(1602,2,431),(1603,3,431),(1604,4,431),(1605,1,432),(1606,2,432),(1607,3,432),(1608,4,432),(1609,1,433),(1610,2,433),(1611,3,433),(1612,4,433),(1621,1,436),(1622,2,436),(1623,3,436),(1624,4,436),(1625,1,437),(1626,2,437),(1627,3,437),(1628,4,437),(1629,1,438),(1630,2,438),(1631,3,438),(1632,4,438),(1633,1,439),(1634,2,439),(1635,3,439),(1636,4,439),(1637,1,440),(1638,2,440),(1639,3,440),(1640,4,440),(1641,1,441),(1642,2,441),(1643,3,441),(1644,4,441),(1645,1,442),(1646,2,442),(1647,3,442),(1648,4,442),(1649,1,443),(1650,2,443),(1651,3,443),(1652,4,443),(1653,1,444),(1654,2,444),(1655,3,444),(1656,4,444),(1657,1,445),(1658,2,445),(1659,3,445),(1660,4,445),(1661,1,446),(1662,2,446),(1663,3,446),(1664,4,446),(1665,1,447),(1666,2,447),(1667,3,447),(1668,4,447),(1669,1,448),(1670,2,448),(1671,3,448),(1672,4,448),(1673,1,449),(1674,2,449),(1675,3,449),(1676,4,449),(1677,1,450),(1678,2,450),(1679,3,450),(1680,4,450),(1681,1,451),(1682,2,451),(1683,3,451),(1684,4,451),(1685,1,452),(1686,2,452),(1687,3,452),(1688,4,452),(1689,1,453),(1690,2,453),(1691,3,453),(1692,4,453),(1693,1,454),(1694,2,454),(1695,3,454),(1696,4,454),(1697,1,455),(1698,2,455),(1699,3,455),(1700,4,455),(1701,1,456),(1702,2,456),(1703,3,456),(1704,4,456),(1705,1,457),(1706,2,457),(1707,3,457),(1708,4,457),(1709,1,458),(1710,2,458),(1711,3,458),(1712,4,458),(1713,1,459),(1714,2,459),(1715,3,459),(1716,4,459),(1717,1,460),(1718,2,460),(1719,3,460),(1720,4,460),(1721,1,461),(1722,2,461),(1723,3,461),(1724,4,461),(1725,1,462),(1726,2,462),(1727,3,462),(1728,4,462),(1729,1,463),(1730,2,463),(1731,3,463),(1732,4,463),(1733,1,464),(1734,2,464),(1735,3,464),(1736,4,464),(1737,1,465),(1738,2,465),(1739,3,465),(1740,4,465),(1741,1,466),(1742,2,466),(1743,3,466),(1744,4,466),(1745,1,467),(1746,2,467),(1747,3,467),(1748,4,467),(1749,1,468),(1750,2,468),(1751,3,468),(1752,4,468),(1753,1,209),(1754,2,209),(1755,3,209),(1756,4,209),(1757,1,469),(1758,2,469),(1759,3,469),(1760,4,469),(1761,1,470),(1762,2,470),(1763,3,470),(1764,4,470),(1765,1,471),(1766,2,471),(1767,3,471),(1768,4,471),(1769,1,472),(1770,2,472),(1771,3,472),(1772,4,472),(1773,1,473),(1774,2,473),(1775,3,473),(1776,4,473),(1777,1,474),(1778,2,474),(1779,3,474),(1780,4,474),(1781,1,475),(1782,2,475),(1783,3,475),(1784,4,475),(1785,1,476),(1786,2,476),(1787,3,476),(1788,4,476),(1789,1,477),(1790,2,477),(1791,3,477),(1792,4,477),(1793,1,478),(1794,2,478),(1795,3,478),(1796,4,478),(1797,1,479),(1798,2,479),(1799,3,479),(1800,4,479),(1801,1,480),(1802,2,480),(1803,3,480),(1804,4,480),(1805,1,481),(1806,2,481),(1807,3,481),(1808,4,481),(1809,1,482),(1810,2,482),(1811,3,482),(1812,4,482),(1813,1,483),(1814,2,483),(1815,3,483),(1816,4,483),(1817,1,484),(1818,2,484),(1819,3,484),(1820,4,484),(1821,1,485),(1822,2,485),(1823,3,485),(1824,4,485),(1825,1,486),(1826,2,486),(1827,3,486),(1828,4,486),(1829,1,487),(1830,2,487),(1831,3,487),(1832,4,487),(1833,1,488),(1834,2,488),(1835,3,488),(1836,4,488),(1837,1,489),(1838,2,489),(1839,3,489),(1840,4,489),(1841,1,490),(1842,2,490),(1843,3,490),(1844,4,490),(1845,1,491),(1846,2,491),(1847,3,491),(1848,4,491),(1849,1,492),(1850,2,492),(1851,3,492),(1852,4,492),(1853,1,493),(1854,2,493),(1855,3,493),(1856,4,493),(1857,1,494),(1858,2,494),(1859,3,494),(1860,4,494),(1861,1,495),(1862,2,495),(1863,3,495),(1864,4,495),(1865,1,496),(1866,2,496),(1867,3,496),(1868,4,496),(1869,1,497),(1870,2,497),(1871,3,497),(1872,4,497),(1873,1,498),(1874,2,498),(1875,3,498),(1876,4,498),(1877,1,499),(1878,2,499),(1879,3,499),(1880,4,499),(1881,1,500),(1882,2,500),(1883,3,500),(1884,4,500),(1885,1,501),(1886,2,501),(1887,3,501),(1888,4,501),(1889,1,502),(1890,2,502),(1891,3,502),(1892,4,502),(1893,1,503),(1894,2,503),(1895,3,503),(1896,4,503),(1897,1,504),(1898,2,504),(1899,3,504),(1900,4,504),(1901,1,505),(1902,2,505),(1903,3,505),(1904,4,505),(1905,1,506),(1906,2,506),(1907,3,506),(1908,4,506),(1909,1,507),(1910,2,507),(1911,3,507),(1912,4,507),(1913,1,508),(1914,2,508),(1915,3,508),(1916,4,508),(1917,1,509),(1918,2,509),(1919,3,509),(1920,4,509),(1921,1,510),(1922,2,510),(1923,3,510),(1924,4,510),(1925,1,511),(1926,2,511),(1927,3,511),(1928,4,511),(1929,1,512),(1930,2,512),(1931,3,512),(1932,4,512),(1933,1,513),(1934,2,513),(1935,3,513),(1936,4,513),(1937,1,514),(1938,2,514),(1939,3,514),(1940,4,514),(1941,1,515),(1942,2,515),(1943,3,515),(1944,4,515),(1945,1,516),(1946,2,516),(1947,3,516),(1948,4,516),(1949,1,517),(1950,2,517),(1951,3,517),(1952,4,517),(1953,1,518),(1954,2,518),(1955,3,518),(1956,4,518),(1957,1,519),(1958,2,519),(1959,3,519),(1960,4,519),(1961,1,520),(1962,2,520),(1963,3,520),(1964,4,520),(1965,1,521),(1966,2,521),(1967,3,521),(1968,4,521),(1969,1,522),(1970,2,522),(1971,3,522),(1972,4,522),(1973,1,523),(1974,2,523),(1975,3,523),(1976,4,523),(1977,1,524),(1978,2,524),(1979,3,524),(1980,4,524),(1981,1,525),(1982,2,525),(1983,3,525),(1984,4,525),(1985,1,526),(1986,2,526),(1987,3,526),(1988,4,526),(1989,1,527),(1990,2,527),(1991,3,527),(1992,4,527),(1993,1,528),(1994,2,528),(1995,3,528),(1996,4,528),(1997,1,529),(1998,2,529),(1999,3,529),(2000,4,529),(2001,1,530),(2002,2,530),(2003,3,530),(2004,4,530),(2005,1,531),(2006,2,531),(2007,3,531),(2008,4,531),(2009,1,532),(2010,2,532),(2011,3,532),(2012,4,532),(2013,1,533),(2014,2,533),(2015,3,533),(2016,4,533),(2021,1,535),(2022,2,535),(2023,3,535),(2024,4,535),(2025,1,536),(2026,2,536),(2027,3,536),(2028,4,536),(2029,1,537),(2030,2,537),(2031,3,537),(2032,4,537),(2033,1,538),(2034,2,538),(2035,3,538),(2036,4,538),(2037,1,539),(2038,2,539),(2039,3,539),(2040,4,539),(2041,1,540),(2042,2,540),(2043,3,540),(2044,4,540),(2045,1,541),(2046,2,541),(2047,3,541),(2048,4,541),(2049,1,542),(2050,2,542),(2051,3,542),(2052,4,542),(2053,1,543),(2054,2,543),(2055,3,543),(2056,4,543),(2057,1,544),(2058,2,544),(2059,3,544),(2060,4,544),(2061,1,545),(2062,2,545),(2063,3,545),(2064,4,545),(2065,1,546),(2066,2,546),(2067,3,546),(2068,4,546),(2069,1,547),(2070,2,547),(2071,3,547),(2072,4,547),(2073,1,548),(2074,2,548),(2075,3,548),(2076,4,548),(2077,1,549),(2078,2,549),(2079,3,549),(2080,4,549),(2081,1,550),(2082,2,550),(2083,3,550),(2084,4,550),(2085,1,551),(2086,2,551),(2087,3,551),(2088,4,551),(2089,1,552),(2090,2,552),(2091,3,552),(2092,4,552),(2093,1,553),(2094,2,553),(2095,3,553),(2096,4,553),(2097,1,554),(2098,2,554),(2099,3,554),(2100,4,554),(2101,1,555),(2102,2,555),(2103,3,555),(2104,4,555),(2105,1,556),(2106,2,556),(2107,3,556),(2108,4,556),(2109,1,557),(2110,2,557),(2111,3,557),(2112,4,557),(2113,1,558),(2114,2,558),(2115,3,558),(2116,4,558),(2117,1,559),(2118,2,559),(2119,3,559),(2120,4,559),(2121,1,560),(2122,2,560),(2123,3,560),(2124,4,560),(2125,1,561),(2126,2,561),(2127,3,561),(2128,4,561),(2129,1,562),(2130,2,562),(2131,3,562),(2132,4,562),(2133,1,563),(2134,2,563),(2135,3,563),(2136,4,563),(2137,1,564),(2138,2,564),(2139,3,564),(2140,4,564),(2141,1,565),(2142,2,565),(2143,3,565),(2144,4,565),(2145,1,566),(2146,2,566),(2147,3,566),(2148,4,566),(2149,1,567),(2150,2,567),(2151,3,567),(2152,4,567),(2153,1,568),(2154,2,568),(2155,3,568),(2156,4,568),(2157,1,569),(2158,2,569),(2159,3,569),(2160,4,569),(2161,1,570),(2162,2,570),(2163,3,570),(2164,4,570),(2165,1,571),(2166,2,571),(2167,3,571),(2168,4,571),(2169,1,572),(2170,2,572),(2171,3,572),(2172,4,572),(2173,1,573),(2174,2,573),(2175,3,573),(2176,4,573),(2177,1,574),(2178,2,574),(2179,3,574),(2180,4,574),(2181,1,575),(2182,2,575),(2183,3,575),(2184,4,575),(2185,1,576),(2186,2,576),(2187,3,576),(2188,4,576),(2189,1,577),(2190,2,577),(2191,3,577),(2192,4,577),(2193,1,578),(2194,2,578),(2195,3,578),(2196,4,578),(2197,1,579),(2198,2,579),(2199,3,579),(2200,4,579),(2201,1,580),(2202,2,580),(2203,3,580),(2204,4,580),(2205,1,581),(2206,2,581),(2207,3,581),(2208,4,581),(2209,1,582),(2210,2,582),(2211,3,582),(2212,4,582),(2213,1,583),(2214,2,583),(2215,3,583),(2216,4,583),(2217,1,584),(2218,2,584),(2219,3,584),(2220,4,584),(2221,1,585),(2222,2,585),(2223,3,585),(2224,4,585),(2225,1,586),(2226,2,586),(2227,3,586),(2228,4,586),(2229,1,587),(2230,2,587),(2231,3,587),(2232,4,587),(2233,1,588),(2234,2,588),(2235,3,588),(2236,4,588),(2237,1,589),(2238,2,589),(2239,3,589),(2240,4,589),(2241,1,590),(2242,2,590),(2243,3,590),(2244,4,590),(2245,1,591),(2246,2,591),(2247,3,591),(2248,4,591),(2249,1,592),(2250,2,592),(2251,3,592),(2252,4,592),(2253,1,593),(2254,2,593),(2255,3,593),(2256,4,593),(2257,1,594),(2258,2,594),(2259,3,594),(2260,4,594),(2261,1,595),(2262,2,595),(2263,3,595),(2264,4,595),(2265,1,596),(2266,2,596),(2267,3,596),(2268,4,596),(2269,1,597),(2270,2,597),(2271,3,597),(2272,4,597),(2273,1,598),(2274,2,598),(2275,3,598),(2276,4,598),(2277,1,599),(2278,2,599),(2279,3,599),(2280,4,599),(2281,1,600),(2282,2,600),(2283,3,600),(2284,4,600),(2285,1,601),(2286,2,601),(2287,3,601),(2288,4,601),(2289,1,602),(2290,2,602),(2291,3,602),(2292,4,602),(2293,1,603),(2294,2,603),(2295,3,603),(2296,4,603),(2297,1,604),(2298,2,604),(2299,3,604),(2300,4,604),(2301,1,605),(2302,2,605),(2303,3,605),(2304,4,605),(2305,1,606),(2306,2,606),(2307,3,606),(2308,4,606),(2313,1,608),(2314,2,608),(2315,3,608),(2316,4,608),(2317,1,609),(2318,2,609),(2319,3,609),(2320,4,609),(2321,1,610),(2322,2,610),(2323,3,610),(2324,4,610),(2325,1,611),(2326,2,611),(2327,3,611),(2328,4,611),(2329,1,612),(2330,2,612),(2331,3,612),(2332,4,612),(2333,1,419),(2334,2,419),(2335,3,419),(2336,4,419),(2337,1,613),(2338,2,613),(2339,3,613),(2340,4,613),(2341,1,614),(2342,2,614),(2343,3,614),(2344,4,614),(2345,1,615),(2346,2,615),(2347,3,615),(2348,4,615),(2349,1,616),(2350,2,616),(2351,3,616),(2352,4,616),(2353,1,617),(2354,2,617),(2355,3,617),(2356,4,617),(2357,1,618),(2358,2,618),(2359,3,618),(2360,4,618),(2365,1,620),(2366,2,620),(2367,3,620),(2368,4,620),(2369,1,621),(2370,2,621),(2371,3,621),(2372,4,621),(2373,1,622),(2374,2,622),(2375,3,622),(2376,4,622),(2377,1,623),(2378,2,623),(2379,3,623),(2380,4,623),(2381,1,624),(2382,2,624),(2383,3,624),(2384,4,624),(2385,1,625),(2386,2,625),(2387,3,625),(2388,4,625),(2389,1,626),(2390,2,626),(2391,3,626),(2392,4,626),(2393,1,627),(2394,2,627),(2395,3,627),(2396,4,627),(2397,1,628),(2398,2,628),(2399,3,628),(2400,4,628),(2401,1,629),(2402,2,629),(2403,3,629),(2404,4,629),(2405,1,630),(2406,2,630),(2407,3,630),(2408,4,630),(2409,1,631),(2410,2,631),(2411,3,631),(2412,4,631),(2413,1,632),(2414,2,632),(2415,3,632),(2416,4,632),(2417,1,633),(2418,2,633),(2419,3,633),(2420,4,633),(2421,1,634),(2422,2,634),(2423,3,634),(2424,4,634),(2425,1,635),(2426,2,635),(2427,3,635),(2428,4,635),(2429,1,636),(2430,2,636),(2431,3,636),(2432,4,636),(2433,1,637),(2434,2,637),(2435,3,637),(2436,4,637),(2437,1,638),(2438,2,638),(2439,3,638),(2440,4,638),(2441,1,639),(2442,2,639),(2443,3,639),(2444,4,639),(2445,1,640),(2446,2,640),(2447,3,640),(2448,4,640),(2449,1,641),(2450,2,641),(2451,3,641),(2452,4,641),(2457,1,643),(2458,2,643),(2459,3,643),(2460,4,643),(2461,1,644),(2462,2,644),(2463,3,644),(2464,4,644),(2465,1,645),(2466,2,645),(2467,3,645),(2468,4,645),(2469,1,646),(2470,2,646),(2471,3,646),(2472,4,646),(2473,1,607),(2474,2,607),(2475,3,607),(2476,4,607),(2477,1,647),(2478,2,647),(2479,3,647),(2480,4,647),(2481,1,648),(2482,2,648),(2483,3,648),(2484,4,648),(2485,1,649),(2486,2,649),(2487,3,649),(2488,4,649),(2489,1,650),(2490,2,650),(2491,3,650),(2492,4,650),(2505,1,654),(2506,2,654),(2507,3,654),(2508,4,654),(2525,1,659),(2526,2,659),(2527,3,659),(2528,4,659),(2533,1,661),(2534,2,661),(2535,3,661),(2536,4,661),(2541,1,663),(2542,2,663),(2543,3,663),(2544,4,663),(2545,1,664),(2546,2,664),(2547,3,664),(2548,4,664),(2549,1,665),(2550,2,665),(2551,3,665),(2552,4,665),(2553,1,669),(2554,2,669),(2555,3,669),(2556,4,669),(2557,1,670),(2558,2,670),(2559,3,670),(2560,4,670),(2561,1,675),(2562,2,675),(2563,3,675),(2564,4,675),(2565,1,676),(2566,2,676),(2567,3,676),(2568,4,676),(2569,1,677),(2570,2,677),(2571,3,677),(2572,4,677),(2573,1,678),(2574,2,678),(2575,3,678),(2576,4,678),(2577,1,682),(2578,2,682),(2579,3,682),(2580,4,682),(2581,1,684),(2582,2,684),(2583,3,684),(2584,4,684),(2585,1,685),(2586,2,685),(2587,3,685),(2588,4,685),(2589,1,686),(2590,2,686),(2591,3,686),(2592,4,686),(2593,1,687),(2594,2,687),(2595,3,687),(2596,4,687),(2597,1,688),(2598,2,688),(2599,3,688),(2600,4,688),(2601,4,348),(2602,1,689),(2603,2,689),(2604,3,689),(2605,4,689),(2606,1,690),(2607,2,690),(2608,3,690),(2609,4,690),(2610,1,691),(2611,2,691),(2612,3,691),(2613,4,691),(2614,1,692),(2615,2,692),(2616,3,692),(2617,4,692),(2618,1,693),(2619,2,693),(2620,3,693),(2621,4,693),(2622,1,694),(2623,2,694),(2624,3,694),(2625,4,694),(2626,1,695),(2627,2,695),(2628,3,695),(2629,4,695),(2630,1,696),(2631,2,696),(2632,3,696),(2633,4,696),(2634,1,697),(2635,2,697),(2636,3,697),(2637,4,697),(2638,1,698),(2639,2,698),(2640,3,698),(2641,4,698),(2642,1,699),(2643,2,699),(2644,3,699),(2645,4,699),(2646,1,700),(2647,2,700),(2648,3,700),(2649,4,700),(2650,1,701),(2651,2,701),(2652,3,701),(2653,4,701),(2654,1,702),(2655,2,702),(2656,3,702),(2657,4,702),(2658,1,703),(2659,2,703),(2660,3,703),(2661,4,703),(2662,1,704),(2663,2,704),(2664,3,704),(2665,4,704),(2666,1,705),(2667,2,705),(2668,3,705),(2669,4,705),(2670,1,706),(2671,2,706),(2672,3,706),(2673,4,706),(2674,1,707),(2675,2,707),(2676,3,707),(2677,4,707),(2678,1,708),(2679,2,708),(2680,3,708),(2681,4,708),(2682,1,709),(2683,2,709),(2684,3,709),(2685,4,709),(2686,1,710),(2687,2,710),(2688,3,710),(2689,4,710),(2690,1,711),(2691,2,711),(2692,3,711),(2693,4,711),(2694,1,712),(2695,2,712),(2696,3,712),(2697,4,712),(2698,1,715),(2699,2,715),(2700,3,715),(2701,4,715),(2702,1,716),(2703,2,716),(2704,3,716),(2705,4,716),(2706,1,717),(2707,2,717),(2708,3,717),(2709,4,717),(2710,1,719),(2711,2,719),(2712,3,719),(2713,4,719),(2714,1,720),(2715,2,720),(2716,3,720),(2717,4,720),(2718,1,721),(2719,2,721),(2720,3,721),(2721,4,721),(2722,1,723),(2723,2,723),(2724,3,723),(2725,4,723),(2726,1,724),(2727,2,724),(2728,3,724),(2729,4,724),(2730,1,725),(2731,2,725),(2732,3,725),(2733,4,725),(2734,1,726),(2735,2,726),(2736,3,726),(2737,4,726),(2738,1,727),(2739,2,727),(2740,3,727),(2741,4,727),(2742,1,728),(2743,2,728),(2744,3,728),(2745,4,728),(2746,1,729),(2747,2,729),(2748,3,729),(2749,4,729),(2750,1,730),(2751,2,730),(2752,3,730),(2753,4,730),(2754,1,731),(2755,2,731),(2756,3,731),(2757,4,731),(2758,1,732),(2759,2,732),(2760,3,732),(2761,4,732),(2762,1,733),(2763,2,733),(2764,3,733),(2765,4,733),(2766,1,734),(2767,2,734),(2768,3,734),(2769,4,734),(2770,1,735),(2771,2,735),(2772,3,735),(2773,4,735),(2774,1,736),(2775,2,736),(2776,3,736),(2777,4,736),(2778,1,737),(2779,2,737),(2780,3,737),(2781,4,737),(2782,1,738),(2783,2,738),(2784,3,738),(2785,4,738),(2786,1,739),(2787,2,739),(2788,3,739),(2789,4,739),(2790,1,740),(2791,2,740),(2792,3,740),(2793,4,740),(2794,1,741),(2795,2,741),(2796,3,741),(2797,4,741),(2798,1,743),(2799,2,743),(2800,3,743),(2801,4,743),(2802,1,744),(2803,2,744),(2804,3,744),(2805,4,744),(2806,1,745),(2807,2,745),(2808,3,745),(2809,4,745),(2810,1,746),(2811,2,746),(2812,3,746),(2813,4,746),(2814,1,747),(2815,2,747),(2816,3,747),(2817,4,747),(2818,1,748),(2819,2,748),(2820,3,748),(2821,4,748),(2822,1,749),(2823,2,749),(2824,3,749),(2825,4,749),(2826,1,750),(2827,2,750),(2828,3,750),(2829,4,750),(2830,1,751),(2831,2,751),(2832,3,751),(2833,4,751),(2834,1,752),(2835,2,752),(2836,3,752),(2837,4,752),(2838,1,753),(2839,2,753),(2840,3,753),(2841,4,753),(2842,1,754),(2843,2,754),(2844,3,754),(2845,4,754),(2846,1,755),(2847,2,755),(2848,3,755),(2849,4,755),(2850,1,756),(2851,2,756),(2852,3,756),(2853,4,756),(2854,1,757),(2855,2,757),(2856,3,757),(2857,4,757),(2858,1,758),(2859,2,758),(2860,3,758),(2861,4,758),(2862,1,759),(2863,2,759),(2864,3,759),(2865,4,759),(2866,1,760),(2867,2,760),(2868,3,760),(2869,4,760),(2870,1,761),(2871,2,761),(2872,3,761),(2873,4,761),(2874,1,762),(2875,2,762),(2876,3,762),(2877,4,762),(2878,1,763),(2879,2,763),(2880,3,763),(2881,4,763),(2882,1,764),(2883,2,764),(2884,3,764),(2885,4,764),(2886,1,765),(2887,2,765),(2888,3,765),(2889,4,765),(2890,1,766),(2891,2,766),(2892,3,766),(2893,4,766),(2894,1,767),(2895,2,767),(2896,3,767),(2897,4,767),(2898,1,768),(2899,2,768),(2900,3,768),(2901,4,768),(2902,1,769),(2903,2,769),(2904,3,769),(2905,4,769),(2906,1,770),(2907,2,770),(2908,3,770),(2909,4,770),(2910,1,771),(2911,2,771),(2912,3,771),(2913,4,771),(2914,1,772),(2915,2,772),(2916,3,772),(2917,4,772),(2918,1,773),(2919,2,773),(2920,3,773),(2921,4,773),(2922,1,774),(2923,2,774),(2924,3,774),(2925,4,774),(2926,1,775),(2927,2,775),(2928,3,775),(2929,4,775),(2930,1,776),(2931,2,776),(2932,3,776),(2933,4,776),(2934,1,777),(2935,2,777),(2936,3,777),(2937,4,777),(2938,1,778),(2939,2,778),(2940,3,778),(2941,4,778),(2942,1,779),(2943,2,779),(2944,3,779),(2945,4,779),(2946,1,780),(2947,2,780),(2948,3,780),(2949,4,780),(2950,1,781),(2951,2,781),(2952,3,781),(2953,4,781),(2954,1,782),(2955,2,782),(2956,3,782),(2957,4,782),(2958,1,783),(2959,2,783),(2960,3,783),(2961,4,783),(2962,1,784),(2963,2,784),(2964,3,784),(2965,4,784),(2966,1,785),(2967,2,785),(2968,3,785),(2969,4,785),(2970,1,786),(2971,2,786),(2972,3,786),(2973,4,786),(2974,1,787),(2975,2,787),(2976,3,787),(2977,4,787),(2978,1,788),(2979,2,788),(2980,3,788),(2981,4,788),(2982,1,789),(2983,2,789),(2984,3,789),(2985,4,789),(2986,1,790),(2987,2,790),(2988,3,790),(2989,4,790),(2990,1,791),(2991,2,791),(2992,3,791),(2993,4,791),(2994,1,792),(2995,2,792),(2996,3,792),(2997,4,792),(2998,1,793),(2999,2,793),(3000,3,793),(3001,4,793),(3002,1,794),(3003,2,794),(3004,3,794),(3005,4,794),(3006,1,795),(3007,2,795),(3008,3,795),(3009,4,795),(3010,1,796),(3011,2,796),(3012,3,796),(3013,4,796),(3014,1,797),(3015,2,797),(3016,3,797),(3017,4,797),(3018,1,798),(3019,2,798),(3020,3,798),(3021,4,798),(3022,1,799),(3023,2,799),(3024,3,799),(3025,4,799),(3026,1,800),(3027,2,800),(3028,3,800),(3029,4,800),(3030,1,801),(3031,2,801),(3032,3,801),(3033,4,801),(3034,1,802),(3035,2,802),(3036,3,802),(3037,4,802),(3038,1,803),(3039,2,803),(3040,3,803),(3041,4,803),(3042,1,804),(3043,2,804),(3044,3,804),(3045,4,804),(3046,1,805),(3047,2,805),(3048,3,805),(3049,4,805),(3050,1,806),(3051,2,806),(3052,3,806),(3053,4,806),(3054,1,807),(3055,2,807),(3056,3,807),(3057,4,807),(3058,1,808),(3059,2,808),(3060,3,808),(3061,4,808),(3062,1,809),(3063,2,809),(3064,3,809),(3065,4,809),(3066,1,810),(3067,2,810),(3068,3,810),(3069,4,810),(3070,1,811),(3071,2,811),(3072,3,811),(3073,4,811),(3074,1,812),(3075,2,812),(3076,3,812),(3077,4,812),(3078,1,813),(3079,2,813),(3080,3,813),(3081,4,813),(3082,1,814),(3083,2,814),(3084,3,814),(3085,4,814),(3086,1,815),(3087,2,815),(3088,3,815),(3089,4,815),(3090,1,816),(3091,2,816),(3092,3,816),(3093,4,816),(3094,1,817),(3095,2,817),(3096,3,817),(3097,4,817),(3098,1,818),(3099,2,818),(3100,3,818),(3101,4,818),(3102,1,819),(3103,2,819),(3104,3,819),(3105,4,819),(3106,1,820),(3107,2,820),(3108,3,820),(3109,4,820),(3110,1,821),(3111,2,821),(3112,3,821),(3113,4,821),(3114,1,822),(3115,2,822),(3116,3,822),(3117,4,822),(3118,1,823),(3119,2,823),(3120,3,823),(3121,4,823),(3122,1,824),(3123,2,824),(3124,3,824),(3125,4,824),(3126,1,825),(3127,2,825),(3128,3,825),(3129,4,825),(3130,1,826),(3131,2,826),(3132,3,826),(3133,4,826),(3134,1,827),(3135,2,827),(3136,3,827),(3137,4,827),(3138,1,828),(3139,2,828),(3140,3,828),(3141,4,828),(3142,1,829),(3143,2,829),(3144,3,829),(3145,4,829),(3146,1,830),(3147,2,830),(3148,3,830),(3149,4,830),(3150,1,831),(3151,2,831),(3152,3,831),(3153,4,831),(3154,1,832),(3155,2,832),(3156,3,832),(3157,4,832),(3158,1,833),(3159,2,833),(3160,3,833),(3161,4,833),(3162,1,834),(3163,2,834),(3164,3,834),(3165,4,834),(3166,1,835),(3167,2,835),(3168,3,835),(3169,4,835),(3170,1,836),(3171,2,836),(3172,3,836),(3173,4,836),(3174,1,837),(3175,2,837),(3176,3,837),(3177,4,837),(3178,1,838),(3179,2,838),(3180,3,838),(3181,4,838),(3182,1,839),(3183,2,839),(3184,3,839),(3185,4,839),(3186,1,840),(3187,2,840),(3188,3,840),(3189,4,840),(3190,1,841),(3191,2,841),(3192,3,841),(3193,4,841),(3194,1,842),(3195,2,842),(3196,3,842),(3197,4,842),(3198,1,843),(3199,2,843),(3200,3,843),(3201,4,843),(3202,1,844),(3203,2,844),(3204,3,844),(3205,4,844),(3206,1,845),(3207,2,845),(3208,3,845),(3209,4,845),(3210,1,846),(3211,2,846),(3212,3,846),(3213,4,846),(3214,1,847),(3215,2,847),(3216,3,847),(3217,4,847),(3218,1,848),(3219,2,848),(3220,3,848),(3221,4,848),(3222,1,849),(3223,2,849),(3224,3,849),(3225,4,849),(3226,1,850),(3227,2,850),(3228,3,850),(3229,4,850),(3230,1,851),(3231,2,851),(3232,3,851),(3233,4,851),(3234,1,852),(3235,2,852),(3236,3,852),(3237,4,852),(3238,1,853),(3239,2,853),(3240,3,853),(3241,4,853),(3242,1,854),(3243,2,854),(3244,3,854),(3245,4,854),(3246,1,855),(3247,2,855),(3248,3,855),(3249,4,855),(3250,1,856),(3251,2,856),(3252,3,856),(3253,4,856),(3254,1,857),(3255,2,857),(3256,3,857),(3257,4,857),(3258,1,858),(3259,2,858),(3260,3,858),(3261,4,858),(3262,1,859),(3263,2,859),(3264,3,859),(3265,4,859),(3266,1,860),(3267,2,860),(3268,3,860),(3269,4,860),(3270,1,861),(3271,2,861),(3272,3,861),(3273,4,861),(3274,1,862),(3275,2,862),(3276,3,862),(3277,4,862),(3278,1,863),(3279,2,863),(3280,3,863),(3281,4,863),(3282,1,864),(3283,2,864),(3284,3,864),(3285,4,864),(3286,1,865),(3287,2,865),(3288,3,865),(3289,4,865),(3290,1,866),(3291,2,866),(3292,3,866),(3293,4,866),(3294,1,867),(3295,2,867),(3296,3,867),(3297,4,867),(3298,1,868),(3299,2,868),(3300,3,868),(3301,4,868),(3302,1,869),(3303,2,869),(3304,3,869),(3305,4,869),(3306,1,870),(3307,2,870),(3308,3,870),(3309,4,870),(3310,1,871),(3311,2,871),(3312,3,871),(3313,4,871),(3314,1,872),(3315,2,872),(3316,3,872),(3317,4,872),(3318,1,873),(3319,2,873),(3320,3,873),(3321,4,873),(3322,1,874),(3323,2,874),(3324,3,874),(3325,4,874),(3326,1,875),(3327,2,875),(3328,3,875),(3329,4,875),(3330,1,876),(3331,2,876),(3332,3,876),(3333,4,876),(3334,1,877),(3335,2,877),(3336,3,877),(3337,4,877),(3338,1,878),(3339,2,878),(3340,3,878),(3341,4,878),(3342,1,880),(3343,2,880),(3344,3,880),(3345,4,880),(3346,1,881),(3347,2,881),(3348,3,881),(3349,4,881),(3350,1,882),(3351,2,882),(3352,3,882),(3353,4,882),(3354,1,883),(3355,2,883),(3356,3,883),(3357,4,883),(3358,1,884),(3359,2,884),(3360,3,884),(3361,4,884),(3362,1,885),(3363,2,885),(3364,3,885),(3365,4,885),(3366,1,886),(3367,2,886),(3368,3,886),(3369,4,886),(3370,1,887),(3371,2,887),(3372,3,887),(3373,4,887),(3374,1,888),(3375,2,888),(3376,3,888),(3377,4,888),(3378,1,889),(3379,2,889),(3380,3,889),(3381,4,889),(3382,1,890),(3383,2,890),(3384,3,890),(3385,4,890),(3386,1,891),(3387,2,891),(3388,3,891),(3389,4,891),(3390,1,892),(3391,2,892),(3392,3,892),(3393,4,892),(3394,1,893),(3395,2,893),(3396,3,893),(3397,4,893),(3398,1,894),(3399,2,894),(3400,3,894),(3401,4,894),(3402,1,895),(3403,2,895),(3404,3,895),(3405,4,895),(3406,1,896),(3407,2,896),(3408,3,896),(3409,4,896),(3410,1,897),(3411,2,897),(3412,3,897),(3413,4,897),(3414,1,898),(3415,2,898),(3416,3,898),(3417,4,898),(3418,1,899),(3419,2,899),(3420,3,899),(3421,4,899),(3422,1,900),(3423,2,900),(3424,3,900),(3425,4,900),(3426,1,901),(3427,2,901),(3428,3,901),(3429,4,901),(3430,1,902),(3431,2,902),(3432,3,902),(3433,4,902),(3434,1,903),(3435,2,903),(3436,3,903),(3437,4,903),(3438,1,904),(3439,2,904),(3440,3,904),(3441,4,904),(3442,1,905),(3443,2,905),(3444,3,905),(3445,4,905),(3446,1,906),(3447,2,906),(3448,3,906),(3449,4,906),(3450,1,907),(3451,2,907),(3452,3,907),(3453,4,907),(3454,1,908),(3455,2,908),(3456,3,908),(3457,4,908),(3458,1,909),(3459,2,909),(3460,3,909),(3461,4,909),(3462,1,910),(3463,2,910),(3464,3,910),(3465,4,910),(3466,1,911),(3467,2,911),(3468,3,911),(3469,4,911),(3470,1,912),(3471,2,912),(3472,3,912),(3473,4,912),(3474,1,913),(3475,2,913),(3476,3,913),(3477,4,913),(3478,1,914),(3479,2,914),(3480,3,914),(3481,4,914),(3482,1,915),(3483,2,915),(3484,3,915),(3485,4,915),(3486,1,916),(3487,2,916),(3488,3,916),(3489,4,916),(3490,1,917),(3491,2,917),(3492,3,917),(3493,4,917),(3494,1,918),(3495,2,918),(3496,3,918),(3497,4,918),(3498,1,919),(3499,2,919),(3500,3,919),(3501,4,919),(3502,1,920),(3503,2,920),(3504,3,920),(3505,4,920),(3506,1,921),(3507,2,921),(3508,3,921),(3509,4,921),(3510,1,922),(3511,2,922),(3512,3,922),(3513,4,922),(3514,1,923),(3515,2,923),(3516,3,923),(3517,4,923),(3518,1,924),(3519,2,924),(3520,3,924),(3521,4,924),(3522,1,925),(3523,2,925),(3524,3,925),(3525,4,925),(3526,1,926),(3527,2,926),(3528,3,926),(3529,4,926),(3530,1,927),(3531,2,927),(3532,3,927),(3533,4,927),(3534,1,928),(3535,2,928),(3536,3,928),(3537,4,928),(3538,1,929),(3539,2,929),(3540,3,929),(3541,4,929),(3542,1,930),(3543,2,930),(3544,3,930),(3545,4,930),(3546,1,931),(3547,2,931),(3548,3,931),(3549,4,931),(3550,1,932),(3551,2,932),(3552,3,932),(3553,4,932),(3554,1,933),(3555,2,933),(3556,3,933),(3557,4,933),(3558,1,934),(3559,2,934),(3560,3,934),(3561,4,934),(3562,1,935),(3563,2,935),(3564,3,935),(3565,4,935),(3566,1,936),(3567,2,936),(3568,3,936),(3569,4,936),(3570,1,937),(3571,2,937),(3572,3,937),(3573,4,937),(3574,1,938),(3575,2,938),(3576,3,938),(3577,4,938),(3578,1,939),(3579,2,939),(3580,3,939),(3581,4,939),(3582,1,940),(3583,2,940),(3584,3,940),(3585,4,940),(3586,1,941),(3587,2,941),(3588,3,941),(3589,4,941),(3590,1,942),(3591,2,942),(3592,3,942),(3593,4,942),(3594,1,943),(3595,2,943),(3596,3,943),(3597,4,943),(3598,1,944),(3599,2,944),(3600,3,944),(3601,4,944),(3602,1,945),(3603,2,945),(3604,3,945),(3605,4,945),(3606,1,946),(3607,2,946),(3608,3,946),(3609,4,946),(3610,1,947),(3611,2,947),(3612,3,947),(3613,4,947),(3614,1,948),(3615,2,948),(3616,3,948),(3617,4,948),(3618,1,949),(3619,2,949),(3620,3,949),(3621,4,949),(3622,1,950),(3623,2,950),(3624,3,950),(3625,4,950),(3626,1,951),(3627,2,951),(3628,3,951),(3629,4,951),(3630,1,952),(3631,2,952),(3632,3,952),(3633,4,952),(3634,1,953),(3635,2,953),(3636,3,953),(3637,4,953),(3638,1,954),(3639,2,954),(3640,3,954),(3641,4,954),(3642,1,955),(3643,2,955),(3644,3,955),(3645,4,955),(3646,1,956),(3647,2,956),(3648,3,956),(3649,4,956),(3650,1,957),(3651,2,957),(3652,3,957),(3653,4,957),(3654,1,958),(3655,2,958),(3656,3,958),(3657,4,958),(3658,1,959),(3659,2,959),(3660,3,959),(3661,4,959),(3662,1,960),(3663,2,960),(3664,3,960),(3665,4,960),(3666,1,961),(3667,2,961),(3668,3,961),(3669,4,961),(3670,1,962),(3671,2,962),(3672,3,962),(3673,4,962),(3674,1,963),(3675,2,963),(3676,3,963),(3677,4,963),(3678,1,964),(3679,2,964),(3680,3,964),(3681,4,964),(3682,1,965),(3683,2,965),(3684,3,965),(3685,4,965),(3686,1,966),(3687,2,966),(3688,3,966),(3689,4,966),(3690,1,967),(3691,2,967),(3692,3,967),(3693,4,967),(3694,1,968),(3695,2,968),(3696,3,968),(3697,4,968),(3698,1,974),(3699,2,974),(3700,3,974),(3701,4,974),(3702,1,975),(3703,2,975),(3704,3,975),(3705,4,975),(3706,1,976),(3707,2,976),(3708,3,976),(3709,4,976),(3710,1,977),(3711,2,977),(3712,3,977),(3713,4,977),(3714,1,978),(3715,2,978),(3716,3,978),(3717,4,978),(3718,1,979),(3719,2,979),(3720,3,979),(3721,4,979),(3722,1,980),(3723,2,980),(3724,3,980),(3725,4,980),(3726,1,981),(3727,2,981),(3728,3,981),(3729,4,981),(3730,1,982),(3731,2,982),(3732,3,982),(3733,4,982),(3734,1,983),(3735,2,983),(3736,3,983),(3737,4,983),(3738,1,984),(3739,2,984),(3740,3,984),(3741,4,984),(3742,1,985),(3743,2,985),(3744,3,985),(3745,4,985),(3746,1,986),(3747,2,986),(3748,3,986),(3749,4,986),(3750,1,987),(3751,2,987),(3752,3,987),(3753,4,987),(3754,1,988),(3755,2,988),(3756,3,988),(3757,4,988),(3758,1,989),(3759,2,989),(3760,3,989),(3761,4,989),(3762,1,990),(3763,2,990),(3764,3,990),(3765,4,990),(3766,1,991),(3767,2,991),(3768,3,991),(3769,4,991),(3770,1,992),(3771,2,992),(3772,3,992),(3773,4,992),(3774,1,993),(3775,2,993),(3776,3,993),(3777,4,993),(3778,1,994),(3779,2,994),(3780,3,994),(3781,4,994),(3782,1,995),(3783,2,995),(3784,3,995),(3785,4,995),(3786,1,996),(3787,2,996),(3788,3,996),(3789,4,996),(3790,1,997),(3791,2,997),(3792,3,997),(3793,4,997),(3794,1,998),(3795,2,998),(3796,3,998),(3797,4,998),(3798,1,999),(3799,2,999),(3800,3,999),(3801,4,999),(3802,1,1000),(3803,2,1000),(3804,3,1000),(3805,4,1000),(3806,1,1001),(3807,2,1001),(3808,3,1001),(3809,4,1001),(3810,1,1002),(3811,2,1002),(3812,3,1002),(3813,4,1002),(3814,1,1003),(3815,2,1003),(3816,3,1003),(3817,4,1003),(3818,1,1004),(3819,2,1004),(3820,3,1004),(3821,4,1004),(3822,1,1005),(3823,2,1005),(3824,3,1005),(3825,4,1005),(3826,1,1006),(3827,2,1006),(3828,3,1006),(3829,4,1006),(3830,1,1007),(3831,2,1007),(3832,3,1007),(3833,4,1007),(3834,1,1008),(3835,2,1008),(3836,3,1008),(3837,4,1008),(3838,1,1009),(3839,2,1009),(3840,3,1009),(3841,4,1009),(3842,1,1010),(3843,2,1010),(3844,3,1010),(3845,4,1010),(3846,1,1011),(3847,2,1011),(3848,3,1011),(3849,4,1011),(3850,1,1013),(3851,2,1013),(3852,3,1013),(3853,4,1013),(3854,1,1014),(3855,2,1014),(3856,3,1014),(3857,4,1014),(3858,1,1015),(3859,2,1015),(3860,3,1015),(3861,4,1015),(3862,1,1016),(3863,2,1016),(3864,3,1016),(3865,4,1016),(3866,1,1017),(3867,2,1017),(3868,3,1017),(3869,4,1017),(3870,1,1018),(3871,2,1018),(3872,3,1018),(3873,4,1018),(3874,1,1019),(3875,2,1019),(3876,3,1019),(3877,4,1019),(3878,1,1021),(3879,2,1021),(3880,3,1021),(3881,4,1021),(3882,1,1022),(3883,2,1022),(3884,3,1022),(3885,4,1022),(3886,1,1023),(3887,2,1023),(3888,3,1023),(3889,4,1023),(3890,1,1024),(3891,2,1024),(3892,3,1024),(3893,4,1024),(3894,1,1025),(3895,2,1025),(3896,3,1025),(3897,4,1025),(3898,1,1026),(3899,2,1026),(3900,3,1026),(3901,4,1026),(3902,1,1027),(3903,2,1027),(3904,3,1027),(3905,4,1027),(3906,1,1028),(3907,2,1028),(3908,3,1028),(3909,4,1028),(3910,1,1029),(3911,2,1029),(3912,3,1029),(3913,4,1029),(3914,1,1030),(3915,2,1030),(3916,3,1030),(3917,4,1030),(3918,1,1031),(3919,2,1031),(3920,3,1031),(3921,4,1031),(3922,1,1032),(3923,2,1032),(3924,3,1032),(3925,4,1032),(3926,1,1033),(3927,2,1033),(3928,3,1033),(3929,4,1033),(3930,1,1034),(3931,2,1034),(3932,3,1034),(3933,4,1034),(3934,1,1035),(3935,2,1035),(3936,3,1035),(3937,4,1035),(3938,1,1036),(3939,2,1036),(3940,3,1036),(3941,4,1036),(3942,1,1037),(3943,2,1037),(3944,3,1037),(3945,4,1037),(3946,1,1038),(3947,2,1038),(3948,3,1038),(3949,4,1038),(3950,1,1039),(3951,2,1039),(3952,3,1039),(3953,4,1039),(3954,1,1040),(3955,2,1040),(3956,3,1040),(3957,4,1040),(3958,1,1041),(3959,2,1041),(3960,3,1041),(3961,4,1041),(3962,1,1042),(3963,2,1042),(3964,3,1042),(3965,4,1042),(3966,1,1043),(3967,2,1043),(3968,3,1043),(3969,4,1043),(3970,1,1044),(3971,2,1044),(3972,3,1044),(3973,4,1044),(3974,1,1045),(3975,2,1045),(3976,3,1045),(3977,4,1045),(3978,1,1046),(3979,2,1046),(3980,3,1046),(3981,4,1046),(3982,1,1047),(3983,2,1047),(3984,3,1047),(3985,4,1047),(3994,1,1050),(3995,2,1050),(3996,3,1050),(3997,4,1050),(4002,1,1052),(4003,2,1052),(4004,3,1052),(4005,4,1052),(4006,1,1053),(4007,2,1053),(4008,3,1053),(4009,4,1053),(4010,1,1054),(4011,2,1054),(4012,3,1054),(4013,4,1054),(4014,1,1058),(4015,2,1058),(4016,3,1058),(4017,4,1058),(4022,1,1061),(4023,2,1061),(4024,3,1061),(4025,4,1061),(4026,1,1062),(4027,2,1062),(4028,3,1062),(4029,4,1062),(4030,1,1063),(4031,2,1063),(4032,3,1063),(4033,4,1063),(4034,1,1064),(4035,2,1064),(4036,3,1064),(4037,4,1064),(4038,1,1068),(4039,2,1068),(4040,3,1068),(4041,4,1068),(4042,1,1070),(4043,2,1070),(4044,3,1070),(4045,4,1070),(4046,1,1076),(4047,2,1076),(4048,3,1076),(4049,4,1076),(4050,1,1077),(4051,2,1077),(4052,3,1077),(4053,4,1077),(4054,1,1080),(4055,2,1080),(4056,3,1080),(4057,4,1080),(4058,1,1081),(4059,2,1081),(4060,3,1081),(4061,4,1081),(4062,1,1082),(4063,2,1082),(4064,3,1082),(4065,4,1082),(4066,1,1083),(4067,2,1083),(4068,3,1083),(4069,4,1083),(4070,1,1084),(4071,2,1084),(4072,3,1084),(4073,4,1084),(4074,1,1085),(4075,2,1085),(4076,3,1085),(4077,4,1085),(4078,1,1086),(4079,2,1086),(4080,3,1086),(4081,4,1086),(4082,1,1087),(4083,2,1087),(4084,3,1087),(4085,4,1087),(4086,1,1088),(4087,2,1088),(4088,3,1088),(4089,4,1088),(4090,1,1089),(4091,2,1089),(4092,3,1089),(4093,4,1089),(4094,1,1092),(4095,2,1092),(4096,3,1092),(4097,4,1092),(4098,1,1093),(4099,2,1093),(4100,3,1093),(4101,4,1093),(4102,1,1094),(4103,2,1094),(4104,3,1094),(4105,4,1094),(4106,1,1095),(4107,2,1095),(4108,3,1095),(4109,4,1095),(4114,1,1097),(4115,2,1097),(4116,3,1097),(4117,4,1097),(4118,1,1098),(4119,2,1098),(4120,3,1098),(4121,4,1098),(4126,1,1100),(4127,2,1100),(4128,3,1100),(4129,4,1100),(4130,1,1101),(4131,2,1101),(4132,3,1101),(4133,4,1101),(4134,1,1102),(4135,2,1102),(4136,3,1102),(4137,4,1102),(4138,1,1103),(4139,2,1103),(4140,3,1103),(4141,4,1103),(4142,1,1104),(4143,2,1104),(4144,3,1104),(4145,4,1104),(4146,1,1105),(4147,2,1105),(4148,3,1105),(4149,4,1105),(4150,1,1106),(4151,2,1106),(4152,3,1106),(4153,4,1106),(4154,1,1107),(4155,2,1107),(4156,3,1107),(4157,4,1107),(4158,1,1108),(4159,2,1108),(4160,3,1108),(4161,4,1108),(4162,1,1109),(4163,2,1109),(4164,3,1109),(4165,4,1109),(4166,1,1110),(4167,2,1110),(4168,3,1110),(4169,4,1110),(4170,1,1111),(4171,2,1111),(4172,3,1111),(4173,4,1111),(4174,1,1112),(4175,2,1112),(4176,3,1112),(4177,4,1112),(4178,1,1113),(4179,2,1113),(4180,3,1113),(4181,4,1113),(4182,1,1114),(4183,2,1114),(4184,3,1114),(4185,4,1114),(4186,1,1115),(4187,2,1115),(4188,3,1115),(4189,4,1115),(4190,1,1116),(4191,2,1116),(4192,3,1116),(4193,4,1116),(4194,1,1117),(4195,2,1117),(4196,3,1117),(4197,4,1117),(4198,1,1118),(4199,2,1118),(4200,3,1118),(4201,4,1118),(4202,1,1119),(4203,2,1119),(4204,3,1119),(4205,4,1119),(4206,1,1120),(4207,2,1120),(4208,3,1120),(4209,4,1120),(4210,1,1121),(4211,2,1121),(4212,3,1121),(4213,4,1121),(4214,1,1122),(4215,2,1122),(4216,3,1122),(4217,4,1122),(4218,1,1123),(4219,2,1123),(4220,3,1123),(4221,4,1123),(4222,1,1124),(4223,2,1124),(4224,3,1124),(4225,4,1124),(4226,1,1125),(4227,2,1125),(4228,3,1125),(4229,4,1125),(4230,1,1126),(4231,2,1126),(4232,3,1126),(4233,4,1126),(4234,1,1127),(4235,2,1127),(4236,3,1127),(4237,4,1127),(4238,1,1128),(4239,2,1128),(4240,3,1128),(4241,4,1128),(4242,1,1129),(4243,2,1129),(4244,3,1129),(4245,4,1129),(4246,1,1130),(4247,2,1130),(4248,3,1130),(4249,4,1130),(4250,1,1131),(4251,2,1131),(4252,3,1131),(4253,4,1131),(4254,1,1132),(4255,2,1132),(4256,3,1132),(4257,4,1132),(4258,1,1133),(4259,2,1133),(4260,3,1133),(4261,4,1133),(4262,1,1134),(4263,2,1134),(4264,3,1134),(4265,4,1134),(4266,1,1135),(4267,2,1135),(4268,3,1135),(4269,4,1135),(4270,1,1136),(4271,2,1136),(4272,3,1136),(4273,4,1136),(4274,1,1137),(4275,2,1137),(4276,3,1137),(4277,4,1137),(4278,1,1138),(4279,2,1138),(4280,3,1138),(4281,4,1138),(4282,1,1139),(4283,2,1139),(4284,3,1139),(4285,4,1139),(4286,1,1140),(4287,2,1140),(4288,3,1140),(4289,4,1140),(4290,1,1141),(4291,2,1141),(4292,3,1141),(4293,4,1141),(4294,1,1142),(4295,2,1142),(4296,3,1142),(4297,4,1142),(4298,1,1143),(4299,2,1143),(4300,3,1143),(4301,4,1143),(4302,1,1144),(4303,2,1144),(4304,3,1144),(4305,4,1144),(4306,1,1145),(4307,2,1145),(4308,3,1145),(4309,4,1145),(4310,1,1146),(4311,2,1146),(4312,3,1146),(4313,4,1146),(4314,1,1147),(4315,2,1147),(4316,3,1147),(4317,4,1147),(4318,1,1148),(4319,2,1148),(4320,3,1148),(4321,4,1148),(4322,1,1149),(4323,2,1149),(4324,3,1149),(4325,4,1149),(4326,1,1150),(4327,2,1150),(4328,3,1150),(4329,4,1150),(4330,1,1151),(4331,2,1151),(4332,3,1151),(4333,4,1151),(4334,1,1152),(4335,2,1152),(4336,3,1152),(4337,4,1152),(4338,1,1153),(4339,2,1153),(4340,3,1153),(4341,4,1153),(4342,1,1154),(4343,2,1154),(4344,3,1154),(4345,4,1154),(4346,1,1155),(4347,2,1155),(4348,3,1155),(4349,4,1155),(4350,1,1156),(4351,2,1156),(4352,3,1156),(4353,4,1156),(4354,1,1157),(4355,2,1157),(4356,3,1157),(4357,4,1157),(4358,1,1158),(4359,2,1158),(4360,3,1158),(4361,4,1158),(4362,1,1159),(4363,2,1159),(4364,3,1159),(4365,4,1159),(4366,1,1160),(4367,2,1160),(4368,3,1160),(4369,4,1160),(4370,1,1161),(4371,2,1161),(4372,3,1161),(4373,4,1161),(4374,1,1162),(4375,2,1162),(4376,3,1162),(4377,4,1162),(4378,1,1163),(4379,2,1163),(4380,3,1163),(4381,4,1163),(4382,1,1164),(4383,2,1164),(4384,3,1164),(4385,4,1164),(4386,1,1165),(4387,2,1165),(4388,3,1165),(4389,4,1165),(4390,1,1166),(4391,2,1166),(4392,3,1166),(4393,4,1166),(4394,1,1167),(4395,2,1167),(4396,3,1167),(4397,4,1167),(4398,1,1168),(4399,2,1168),(4400,3,1168),(4401,4,1168),(4402,1,1169),(4403,2,1169),(4404,3,1169),(4405,4,1169),(4406,1,1170),(4407,2,1170),(4408,3,1170),(4409,4,1170),(4410,1,1171),(4411,2,1171),(4412,3,1171),(4413,4,1171),(4414,1,1172),(4415,2,1172),(4416,3,1172),(4417,4,1172),(4418,1,1173),(4419,2,1173),(4420,3,1173),(4421,4,1173),(4422,1,1174),(4423,2,1174),(4424,3,1174),(4425,4,1174),(4426,1,1175),(4427,2,1175),(4428,3,1175),(4429,4,1175),(4430,1,1176),(4431,2,1176),(4432,3,1176),(4433,4,1176),(4434,1,1177),(4435,2,1177),(4436,3,1177),(4437,4,1177),(4438,1,1178),(4439,2,1178),(4440,3,1178),(4441,4,1178),(4442,1,1179),(4443,2,1179),(4444,3,1179),(4445,4,1179),(4446,1,1180),(4447,2,1180),(4448,3,1180),(4449,4,1180),(4450,1,1181),(4451,2,1181),(4452,3,1181),(4453,4,1181),(4454,1,1182),(4455,2,1182),(4456,3,1182),(4457,4,1182),(4458,1,1183),(4459,2,1183),(4460,3,1183),(4461,4,1183),(4462,1,1184),(4463,2,1184),(4464,3,1184),(4465,4,1184),(4466,1,1185),(4467,2,1185),(4468,3,1185),(4469,4,1185),(4470,1,1186),(4471,2,1186),(4472,3,1186),(4473,4,1186),(4474,1,1187),(4475,2,1187),(4476,3,1187),(4477,4,1187),(4478,1,1188),(4479,2,1188),(4480,3,1188),(4481,4,1188),(4482,1,1189),(4483,2,1189),(4484,3,1189),(4485,4,1189),(4486,1,1190),(4487,2,1190),(4488,3,1190),(4489,4,1190),(4490,1,1191),(4491,2,1191),(4492,3,1191),(4493,4,1191),(4494,1,1192),(4495,2,1192),(4496,3,1192),(4497,4,1192),(4498,1,1193),(4499,2,1193),(4500,3,1193),(4501,4,1193),(4502,1,1194),(4503,2,1194),(4504,3,1194),(4505,4,1194),(4506,1,1195),(4507,2,1195),(4508,3,1195),(4509,4,1195),(4510,1,1196),(4511,2,1196),(4512,3,1196),(4513,4,1196),(4514,1,1197),(4515,2,1197),(4516,3,1197),(4517,4,1197),(4518,1,1198),(4519,2,1198),(4520,3,1198),(4521,4,1198),(4522,1,1199),(4523,2,1199),(4524,3,1199),(4525,4,1199),(4526,1,1200),(4527,2,1200),(4528,3,1200),(4529,4,1200),(4530,1,1201),(4531,2,1201),(4532,3,1201),(4533,4,1201),(4534,1,1202),(4535,2,1202),(4536,3,1202),(4537,4,1202),(4538,1,1203),(4539,2,1203),(4540,3,1203),(4541,4,1203),(4542,1,1204),(4543,2,1204),(4544,3,1204),(4545,4,1204),(4546,1,1205),(4547,2,1205),(4548,3,1205),(4549,4,1205),(4550,1,1206),(4551,2,1206),(4552,3,1206),(4553,4,1206),(4554,1,1207),(4555,2,1207),(4556,3,1207),(4557,4,1207),(4558,1,1208),(4559,2,1208),(4560,3,1208),(4561,4,1208),(4562,1,1209),(4563,2,1209),(4564,3,1209),(4565,4,1209),(4566,1,1210),(4567,2,1210),(4568,3,1210),(4569,4,1210),(4570,1,1211),(4571,2,1211),(4572,3,1211),(4573,4,1211),(4574,1,1212),(4575,2,1212),(4576,3,1212),(4577,4,1212);

--
-- Table structure for table `branch_menu`
--

CREATE TABLE `branch_menu` (
  `id` bigint unsigned NOT NULL AUTO_INCREMENT,
  `branch_id` bigint unsigned NOT NULL,
  `menu_id` bigint unsigned NOT NULL,
  PRIMARY KEY (`id`),
  KEY `branch_menu_branch_id_foreign` (`branch_id`),
  KEY `branch_menu_menu_id_foreign` (`menu_id`),
  CONSTRAINT `branch_menu_branch_id_foreign` FOREIGN KEY (`branch_id`) REFERENCES `branches` (`id`),
  CONSTRAINT `branch_menu_menu_id_foreign` FOREIGN KEY (`menu_id`) REFERENCES `menus` (`id`)
) ENGINE=InnoDB AUTO_INCREMENT=80 DEFAULT CHARSET=utf8mb4 COLLATE=utf8mb4_unicode_ci;

--
-- Dumping data for table `branch_menu`
--

INSERT INTO `branch_menu` VALUES (30,3,22),(39,2,22),(40,1,31),(41,2,31),(42,3,31),(43,4,31),(44,1,32),(45,2,32),(46,3,32),(47,4,32),(48,1,33),(49,2,33),(50,3,33),(51,4,33),(52,1,34),(53,2,34),(54,3,34),(55,4,34),(56,1,35),(57,2,35),(58,3,35),(59,4,35),(60,1,36),(61,2,36),(62,3,36),(63,4,36),(64,1,37),(65,2,37),(66,3,37),(67,4,37),(68,1,38),(69,2,38),(70,3,38),(71,4,38),(72,1,39),(73,2,39),(74,3,39),(75,4,39),(76,1,40),(77,2,40),(78,3,40),(79,4,40);

--
-- Table structure for table `branch_tax`
--

CREATE TABLE `branch_tax` (
  `id` bigint unsigned NOT NULL AUTO_INCREMENT,
  `branch_id` bigint unsigned NOT NULL,
  `tax_id` bigint unsigned NOT NULL,
  `purchases_account_id` bigint unsigned NOT NULL,
  `returned_purchases_account_id` bigint unsigned NOT NULL,
  `sales_account_id` bigint unsigned NOT NULL,
  `returned_sales_account_id` bigint unsigned NOT NULL,
  PRIMARY KEY (`id`),
  KEY `branch_tax_branch_id_foreign` (`branch_id`),
  KEY `branch_tax_tax_id_foreign` (`tax_id`),
  KEY `branch_tax_purchases_account_id_foreign` (`purchases_account_id`),
  KEY `branch_tax_returned_purchases_account_id_foreign` (`returned_purchases_account_id`),
  KEY `branch_tax_sales_account_id_foreign` (`sales_account_id`),
  KEY `branch_tax_returned_sales_account_id_foreign` (`returned_sales_account_id`),
  CONSTRAINT `branch_tax_branch_id_foreign` FOREIGN KEY (`branch_id`) REFERENCES `branches` (`id`),
  CONSTRAINT `branch_tax_purchases_account_id_foreign` FOREIGN KEY (`purchases_account_id`) REFERENCES `accounts` (`id`),
  CONSTRAINT `branch_tax_returned_purchases_account_id_foreign` FOREIGN KEY (`returned_purchases_account_id`) REFERENCES `accounts` (`id`),
  CONSTRAINT `branch_tax_returned_sales_account_id_foreign` FOREIGN KEY (`returned_sales_account_id`) REFERENCES `accounts` (`id`),
  CONSTRAINT `branch_tax_sales_account_id_foreign` FOREIGN KEY (`sales_account_id`) REFERENCES `accounts` (`id`),
  CONSTRAINT `branch_tax_tax_id_foreign` FOREIGN KEY (`tax_id`) REFERENCES `taxes` (`id`)
) ENGINE=InnoDB AUTO_INCREMENT=59 DEFAULT CHARSET=utf8mb4 COLLATE=utf8mb4_unicode_ci;

--
-- Dumping data for table `branch_tax`
--

INSERT INTO `branch_tax` VALUES (1,1,1,72,72,72,72),(2,1,2,72,72,72,72),(3,1,3,72,72,72,72),(4,1,4,72,72,72,72),(5,1,5,72,72,72,72),(6,1,6,72,72,72,72),(7,1,7,72,72,72,72),(36,4,1,72,72,72,72),(37,4,2,72,72,72,72),(38,4,3,72,72,72,72),(39,4,4,72,72,72,72),(40,4,5,72,72,72,72),(41,4,6,72,72,72,72),(42,4,7,72,72,72,72),(43,3,1,72,72,72,72),(44,3,2,72,72,72,72),(45,3,3,72,72,72,72),(46,3,4,72,72,72,72),(47,3,5,72,72,72,72),(48,3,6,72,72,72,72),(49,3,7,72,72,72,72),(50,3,8,72,72,72,72),(51,2,1,72,72,72,72),(52,2,2,72,72,72,72),(53,2,3,72,72,72,72),(54,2,4,72,72,72,72),(55,2,5,72,72,72,72),(56,2,6,72,72,72,72),(57,2,7,72,72,72,72),(58,2,8,72,72,72,72);

--
-- Table structure for table `branch_types`
--

CREATE TABLE `branch_types` (
  `id` bigint unsigned NOT NULL AUTO_INCREMENT,
  `name` varchar(191) CHARACTER SET utf8mb4 COLLATE utf8mb4_unicode_ci NOT NULL,
  PRIMARY KEY (`id`)
) ENGINE=InnoDB AUTO_INCREMENT=2 DEFAULT CHARSET=utf8mb4 COLLATE=utf8mb4_unicode_ci;

--
-- Dumping data for table `branch_types`
--

INSERT INTO `branch_types` VALUES (1,'مستودع فرع الرينبو');

--
-- Table structure for table `branches`
--

CREATE TABLE `branches` (
  `id` bigint unsigned NOT NULL AUTO_INCREMENT,
  `name` varchar(191) CHARACTER SET utf8mb4 COLLATE utf8mb4_unicode_ci NOT NULL,
  `copy_prices_from_branch_id` bigint unsigned DEFAULT NULL,
  `responsible_name` varchar(191) CHARACTER SET utf8mb4 COLLATE utf8mb4_unicode_ci DEFAULT NULL,
  `type_id` bigint unsigned DEFAULT NULL,
  `cost_center_id` bigint unsigned DEFAULT NULL,
  `address` varchar(191) CHARACTER SET utf8mb4 COLLATE utf8mb4_unicode_ci DEFAULT NULL,
  `phone` varchar(191) CHARACTER SET utf8mb4 COLLATE utf8mb4_unicode_ci DEFAULT NULL,
  `fax` varchar(191) CHARACTER SET utf8mb4 COLLATE utf8mb4_unicode_ci DEFAULT NULL,
  `maximum_purchase_monthly` double DEFAULT NULL,
  `purchases_under_tax` tinyint(1) NOT NULL DEFAULT '0',
  `sales_under_tax` tinyint(1) NOT NULL DEFAULT '0',
  `sales_tax_id` bigint unsigned DEFAULT NULL,
  `is_temp` tinyint(1) NOT NULL DEFAULT '0',
  `status` tinyint(1) NOT NULL DEFAULT '1',
  `is_default` tinyint(1) NOT NULL DEFAULT '0',
  `created_at` timestamp NULL DEFAULT NULL,
  `updated_at` timestamp NULL DEFAULT NULL,
  PRIMARY KEY (`id`),
  UNIQUE KEY `branches_name_unique` (`name`),
  KEY `branches_type_id_foreign` (`type_id`),
  KEY `branches_cost_center_id_foreign` (`cost_center_id`),
  KEY `branches_sales_tax_id_foreign` (`sales_tax_id`),
  CONSTRAINT `branches_cost_center_id_foreign` FOREIGN KEY (`cost_center_id`) REFERENCES `cost_centers` (`id`),
  CONSTRAINT `branches_sales_tax_id_foreign` FOREIGN KEY (`sales_tax_id`) REFERENCES `taxes` (`id`),
  CONSTRAINT `branches_type_id_foreign` FOREIGN KEY (`type_id`) REFERENCES `branch_types` (`id`)
) ENGINE=InnoDB AUTO_INCREMENT=5 DEFAULT CHARSET=utf8mb4 COLLATE=utf8mb4_unicode_ci;

--
-- Dumping data for table `branches`
--

INSERT INTO `branches` VALUES (1,'المستودع الرئيسي',NULL,'حمزة',NULL,NULL,'جبل القلعة','0792150087',NULL,NULL,1,1,NULL,0,1,1,'2023-10-10 19:22:18','2023-11-14 12:17:07'),(2,'مستودع فرع الخامس',NULL,'عبدالرحمن',NULL,NULL,'الدوار الخامس',NULL,NULL,NULL,1,1,NULL,0,1,0,'2023-10-10 19:23:16','2025-10-15 17:29:00'),(3,'مستودع فرع الرينبو',NULL,'عبادة',NULL,NULL,'الرينبو',NULL,NULL,NULL,1,1,7,0,1,0,'2023-10-10 19:24:06','2024-08-22 09:06:35'),(4,'المطبخ الرئيسي',NULL,'الرفاعي',NULL,NULL,'الرينبو',NULL,NULL,NULL,1,1,NULL,0,1,0,'2023-10-10 19:25:42','2023-11-14 12:17:07');

--
-- Table structure for table `building_types`
--

CREATE TABLE `building_types` (
  `id` bigint unsigned NOT NULL AUTO_INCREMENT,
  `name` varchar(191) CHARACTER SET utf8mb4 COLLATE utf8mb4_unicode_ci NOT NULL,
  PRIMARY KEY (`id`)
) ENGINE=InnoDB AUTO_INCREMENT=5 DEFAULT CHARSET=utf8mb4 COLLATE=utf8mb4_unicode_ci;

--
-- Dumping data for table `building_types`
--

INSERT INTO `building_types` VALUES (1,'شقق سكنية'),(2,'مجمع تجاري'),(3,'كومباوند فلل'),(4,'شقق فنادق');

--
-- Table structure for table `buildings`
--

CREATE TABLE `buildings` (
  `id` bigint unsigned NOT NULL AUTO_INCREMENT,
  `building_type_id` bigint unsigned DEFAULT NULL,
  `title` varchar(191) CHARACTER SET utf8mb4 COLLATE utf8mb4_unicode_ci NOT NULL,
  `area` double(10,3) NOT NULL,
  `shops_area` double(10,3) NOT NULL,
  `booths_area` double(10,3) NOT NULL,
  `number` varchar(191) CHARACTER SET utf8mb4 COLLATE utf8mb4_unicode_ci NOT NULL,
  `earth_place` text CHARACTER SET utf8mb4 COLLATE utf8mb4_unicode_ci,
  `attachments` text CHARACTER SET utf8mb4 COLLATE utf8mb4_unicode_ci,
  `starting_work_permit_date` date DEFAULT NULL,
  `expire_work_permit_date` date DEFAULT NULL,
  `notice` text CHARACTER SET utf8mb4 COLLATE utf8mb4_unicode_ci,
  `created_at` timestamp NULL DEFAULT NULL,
  `updated_at` timestamp NULL DEFAULT NULL,
  PRIMARY KEY (`id`),
  KEY `buildings_building_type_id_foreign` (`building_type_id`),
  CONSTRAINT `buildings_building_type_id_foreign` FOREIGN KEY (`building_type_id`) REFERENCES `building_types` (`id`)
) ENGINE=InnoDB DEFAULT CHARSET=utf8mb4 COLLATE=utf8mb4_unicode_ci;

--
-- Dumping data for table `buildings`
--


--
-- Table structure for table `cart_items`
--

CREATE TABLE `cart_items` (
  `id` bigint unsigned NOT NULL AUTO_INCREMENT,
  `representative_id` bigint unsigned NOT NULL,
  `barcode_id` bigint unsigned NOT NULL,
  `quantity` double NOT NULL,
  `price` double DEFAULT NULL,
  `branch_id` bigint unsigned NOT NULL,
  PRIMARY KEY (`id`),
  KEY `cart_items_representative_id_foreign` (`representative_id`),
  KEY `cart_items_barcode_id_foreign` (`barcode_id`),
  KEY `cart_items_branch_id_foreign` (`branch_id`),
  CONSTRAINT `cart_items_barcode_id_foreign` FOREIGN KEY (`barcode_id`) REFERENCES `barcodes` (`id`),
  CONSTRAINT `cart_items_branch_id_foreign` FOREIGN KEY (`branch_id`) REFERENCES `branches` (`id`),
  CONSTRAINT `cart_items_representative_id_foreign` FOREIGN KEY (`representative_id`) REFERENCES `representatives` (`id`)
) ENGINE=InnoDB DEFAULT CHARSET=utf8mb4 COLLATE=utf8mb4_unicode_ci;

--
-- Dumping data for table `cart_items`
--


--
-- Table structure for table `cash_devices`
--

CREATE TABLE `cash_devices` (
  `id` bigint unsigned NOT NULL AUTO_INCREMENT,
  `ar_name` varchar(191) CHARACTER SET utf8mb4 COLLATE utf8mb4_unicode_ci DEFAULT NULL,
  `en_name` varchar(191) CHARACTER SET utf8mb4 COLLATE utf8mb4_unicode_ci DEFAULT NULL,
  `branch_id` bigint unsigned DEFAULT NULL,
  `custody_on_boxes` double(13,4) NOT NULL DEFAULT '0.0000',
  `is_active` tinyint(1) NOT NULL DEFAULT '1',
  `mac_address` varchar(190) CHARACTER SET utf8mb4 COLLATE utf8mb4_unicode_ci DEFAULT NULL,
  `printers` varchar(191) CHARACTER SET utf8mb4 COLLATE utf8mb4_unicode_ci DEFAULT NULL,
  `drawer_device` text CHARACTER SET utf8mb4 COLLATE utf8mb4_unicode_ci,
  `created_at` timestamp NULL DEFAULT NULL,
  `updated_at` timestamp NULL DEFAULT NULL,
  PRIMARY KEY (`id`),
  KEY `cash_devices_branch_id_foreign` (`branch_id`),
  CONSTRAINT `cash_devices_branch_id_foreign` FOREIGN KEY (`branch_id`) REFERENCES `branches` (`id`)
) ENGINE=InnoDB AUTO_INCREMENT=4 DEFAULT CHARSET=utf8mb4 COLLATE=utf8mb4_unicode_ci;

--
-- Dumping data for table `cash_devices`
--

INSERT INTO `cash_devices` VALUES (1,NULL,NULL,NULL,0.0000,1,'70:d8:23:08:30:45','{\"slip\":\"Canon G3010 series\",\"invoice\":\"Canon G3010 series\",\"reports\":\"Canon G3010 series\"}','null',NULL,'2025-11-08 11:28:13'),(2,'صندوق - 2','cash - 2',2,0.0000,1,'30:0e:d5:3d:9c:ca','{\"slip\":\"NCR 7199 Receipt\",\"invoice\":\"Microsoft Print to PDF\",\"reports\":\"Microsoft Print to PDF\"}','{\"busNumber\":1,\"deviceAddress\":6,\"deviceDescriptor\":{\"bLength\":18,\"bDescriptorType\":1,\"bcdUSB\":512,\"bDeviceClass\":0,\"bDeviceSubClass\":0,\"bDeviceProtocol\":0,\"bMaxPacketSize0\":16,\"idVendor\":1028,\"idProduct\":863,\"bcdDevice\":1,\"iManufacturer\":1,\"iProduct\":2,\"iSerialNumber\":0,\"bNumConfigurations\":1},\"portNumbers\":[3,5]}','2025-09-23 05:58:29','2025-11-08 11:28:13'),(3,'صندوق - 3','cash - 3',2,0.0000,1,'28:d0:43:7b:21:54',NULL,NULL,'2025-09-23 09:33:27','2025-11-08 11:28:13');

--
-- Table structure for table `categories`
--

CREATE TABLE `categories` (
  `id` bigint unsigned NOT NULL AUTO_INCREMENT,
  `number` varchar(191) CHARACTER SET utf8mb4 COLLATE utf8mb4_unicode_ci NOT NULL,
  `name` varchar(191) CHARACTER SET utf8mb4 COLLATE utf8mb4_unicode_ci NOT NULL,
  `parent_id` bigint unsigned DEFAULT NULL,
  `dedicated_space` double DEFAULT NULL,
  `level` int NOT NULL,
  PRIMARY KEY (`id`),
  KEY `categories_parent_id_foreign` (`parent_id`),
  CONSTRAINT `categories_parent_id_foreign` FOREIGN KEY (`parent_id`) REFERENCES `categories` (`id`)
) ENGINE=InnoDB AUTO_INCREMENT=19 DEFAULT CHARSET=utf8mb4 COLLATE=utf8mb4_unicode_ci;

--
-- Dumping data for table `categories`
--

INSERT INTO `categories` VALUES (1,'100','مواد اولية',NULL,NULL,1),(2,'200','جاهزة للبيع',NULL,NULL,1),(3,'300','تعبئة و تغليف',NULL,NULL,1),(4,'400','مواد تنظيف',NULL,NULL,1),(5,'100100','مواد أولية - عصائر ومجمدات',1,NULL,2),(6,'100200','مواد أولية - خضار و فواكة',1,NULL,2),(7,'100300','مواد أولية - منكهات و سيربات',1,NULL,2),(8,'200100','حلويات',2,NULL,2),(9,'200200','سندويشات وسلطات',2,NULL,2),(10,'200300','سوفت درينك',2,NULL,2),(11,'100400','مواد أولية - شاي و اعشاب',1,NULL,2),(12,'100500','مواد أولية - قهوة',1,NULL,2),(13,'100600','مواد أولية - حليب بأنواعه',1,NULL,2),(14,'100700','مواد أولية - اخرى',1,NULL,2),(15,'200400','مشروبات ساخنة',2,NULL,2),(16,'200500','اصناف جاهزة للبيع - اخرى',2,NULL,2),(17,'200600','مشروبات باردة',2,NULL,2),(18,'500','Compo',NULL,500,1);

--
-- Table structure for table `category_connection_codes`
--

CREATE TABLE `category_connection_codes` (
  `id` bigint unsigned NOT NULL AUTO_INCREMENT,
  `code` varchar(191) CHARACTER SET utf8mb4 COLLATE utf8mb4_unicode_ci NOT NULL,
  `account_type` varchar(191) CHARACTER SET utf8mb4 COLLATE utf8mb4_unicode_ci DEFAULT NULL,
  `label` varchar(191) CHARACTER SET utf8mb4 COLLATE utf8mb4_unicode_ci NOT NULL,
  PRIMARY KEY (`id`)
) ENGINE=InnoDB AUTO_INCREMENT=8 DEFAULT CHARSET=utf8mb4 COLLATE=utf8mb4_unicode_ci;

--
-- Dumping data for table `category_connection_codes`
--

INSERT INTO `category_connection_codes` VALUES (1,'finalSales','finalSales','المبيعات'),(2,'finalReturnedSales','finalReturnedSales','مردود المبيعات'),(3,'finalPurchases','finalPurchases','المشتريات'),(4,'finalReturnedPurchases','finalReturnedPurchases','مردود المشتريات'),(5,'inventory','inventory','البضاعة'),(6,'inventoryCost','inventory','كلفة البضاغة'),(7,'warehousesExchange','','صرف مستودعي');

--
-- Table structure for table `chart_widget_group_items`
--

CREATE TABLE `chart_widget_group_items` (
  `id` bigint unsigned NOT NULL AUTO_INCREMENT,
  `chart_widget_group_id` bigint unsigned NOT NULL,
  `account_id` bigint unsigned NOT NULL,
  PRIMARY KEY (`id`),
  KEY `chart_widget_group_items_chart_widget_group_id_foreign` (`chart_widget_group_id`),
  KEY `chart_widget_group_items_account_id_foreign` (`account_id`),
  CONSTRAINT `chart_widget_group_items_account_id_foreign` FOREIGN KEY (`account_id`) REFERENCES `accounts` (`id`),
  CONSTRAINT `chart_widget_group_items_chart_widget_group_id_foreign` FOREIGN KEY (`chart_widget_group_id`) REFERENCES `chart_widget_groups` (`id`)
) ENGINE=InnoDB AUTO_INCREMENT=17 DEFAULT CHARSET=utf8mb4 COLLATE=utf8mb4_unicode_ci;

--
-- Dumping data for table `chart_widget_group_items`
--

INSERT INTO `chart_widget_group_items` VALUES (2,2,94),(3,3,111),(4,4,122),(14,14,94),(15,15,111),(16,16,122);

--
-- Table structure for table `chart_widget_groups`
--

CREATE TABLE `chart_widget_groups` (
  `id` bigint unsigned NOT NULL AUTO_INCREMENT,
  `chart_widget_id` bigint unsigned NOT NULL,
  `name` varchar(191) CHARACTER SET utf8mb4 COLLATE utf8mb4_unicode_ci NOT NULL,
  PRIMARY KEY (`id`),
  KEY `chart_widget_groups_chart_widget_id_foreign` (`chart_widget_id`),
  CONSTRAINT `chart_widget_groups_chart_widget_id_foreign` FOREIGN KEY (`chart_widget_id`) REFERENCES `chart_widgets` (`id`)
) ENGINE=InnoDB AUTO_INCREMENT=17 DEFAULT CHARSET=utf8mb4 COLLATE=utf8mb4_unicode_ci;

--
-- Dumping data for table `chart_widget_groups`
--

INSERT INTO `chart_widget_groups` VALUES (2,2,'المبيعات والإيرادات'),(3,2,'المشتريات'),(4,2,'المصاريف'),(14,3,'المبيعات والإيرادات'),(15,3,'المشتريات'),(16,3,'المصاريف');

--
-- Table structure for table `chart_widgets`
--

CREATE TABLE `chart_widgets` (
  `id` bigint unsigned NOT NULL AUTO_INCREMENT,
  `name` varchar(191) CHARACTER SET utf8mb4 COLLATE utf8mb4_unicode_ci NOT NULL,
  `width` double NOT NULL DEFAULT '100',
  `is_visible` tinyint(1) NOT NULL DEFAULT '1',
  `is_default` tinyint(1) NOT NULL DEFAULT '0',
  `order` int NOT NULL DEFAULT '1',
  `chart_key` varchar(191) CHARACTER SET utf8mb4 COLLATE utf8mb4_unicode_ci DEFAULT NULL,
  `data_type` varchar(191) CHARACTER SET utf8mb4 COLLATE utf8mb4_unicode_ci NOT NULL COMMENT 'accounts,rentals',
  `chart_shape` varchar(191) CHARACTER SET utf8mb4 COLLATE utf8mb4_unicode_ci NOT NULL DEFAULT 'line' COMMENT 'line,bar,doughnut,table',
  `created_at` timestamp NULL DEFAULT NULL,
  `updated_at` timestamp NULL DEFAULT NULL,
  PRIMARY KEY (`id`)
) ENGINE=InnoDB AUTO_INCREMENT=4 DEFAULT CHARSET=utf8mb4 COLLATE=utf8mb4_unicode_ci;

--
-- Dumping data for table `chart_widgets`
--

INSERT INTO `chart_widgets` VALUES (2,'تا',100,0,0,1,NULL,'accounts','line','2023-12-03 20:06:51','2023-12-27 16:35:28'),(3,'ا',100,1,0,2,NULL,'accounts','line','2023-12-27 16:36:10','2023-12-27 16:36:44');

--
-- Table structure for table `code_functions`
--

CREATE TABLE `code_functions` (
  `id` bigint unsigned NOT NULL AUTO_INCREMENT,
  `name` varchar(191) CHARACTER SET utf8mb4 COLLATE utf8mb4_unicode_ci NOT NULL,
  `section_id` bigint unsigned NOT NULL,
  `code` varchar(191) CHARACTER SET utf8mb4 COLLATE utf8mb4_unicode_ci NOT NULL,
  PRIMARY KEY (`id`),
  KEY `code_functions_section_id_foreign` (`section_id`),
  CONSTRAINT `code_functions_section_id_foreign` FOREIGN KEY (`section_id`) REFERENCES `code_sections` (`id`)
) ENGINE=InnoDB AUTO_INCREMENT=7815 DEFAULT CHARSET=utf8mb4 COLLATE=utf8mb4_unicode_ci;

--
-- Dumping data for table `code_functions`
--

INSERT INTO `code_functions` VALUES (7383,'مشاهدة',1820,'show'),(7384,'إضافة',1820,'add'),(7385,'تعديل',1820,'edit'),(7386,'حذف',1820,'delete'),(7387,'مشاهدة',1821,'show'),(7388,'تهيئة الأرصدة الافتتاحية',1821,'initialize'),(7389,'إضافة',1822,'add'),(7390,'تعديل',1822,'edit'),(7391,'حذف',1822,'delete'),(7392,'تدقيق',1823,'audit'),(7393,'الغاء التدقيق',1823,'unaudit'),(7394,'ترحيل',1823,'post'),(7395,'الغاء الترحيل',1823,'unpost'),(7396,'مشاهدة',1824,'show'),(7397,'إضافة',1824,'add'),(7398,'تعديل',1824,'edit'),(7399,'حذف',1824,'delete'),(7400,'ترحيل',1824,'post'),(7401,'نسخ',1824,'clone'),(7402,'الغاء ترحيل',1824,'unpost'),(7403,'تدقيق',1824,'audit'),(7404,'الغاء تدقيق',1824,'unaudit'),(7405,'مشاهدة',1825,'show'),(7406,'إضافة',1825,'add'),(7407,'تعديل',1825,'edit'),(7408,'حذف',1825,'delete'),(7409,'ترحيل',1825,'post'),(7410,'الغاء ترحيل',1825,'unpost'),(7411,'تدقيق',1825,'audit'),(7412,'الغاء تدقيق',1825,'unaudit'),(7413,'مشاهدة',1826,'show'),(7414,'إضافة',1826,'add'),(7415,'تعديل',1826,'edit'),(7416,'حذف',1826,'delete'),(7417,'ترحيل',1826,'post'),(7418,'الغاء ترحيل',1826,'unpost'),(7419,'تدقيق',1826,'audit'),(7420,'الغاء تدقيق',1826,'unaudit'),(7421,'مشاهدة',1827,'show'),(7422,'إضافة',1827,'add'),(7423,'تعديل',1827,'edit'),(7424,'حذف',1827,'delete'),(7425,'ترحيل',1827,'post'),(7426,'الغاء ترحيل',1827,'unpost'),(7427,'تدقيق',1827,'audit'),(7428,'الغاء تدقيق',1827,'unaudit'),(7429,'مشاهدة',1828,'show'),(7430,'إضافة',1828,'add'),(7431,'تعديل',1828,'edit'),(7432,'حذف',1828,'delete'),(7433,'ترحيل',1828,'post'),(7434,'الغاء الترحيل',1828,'unpost'),(7435,'تدقيق',1828,'audit'),(7436,'الغاء تدقيق',1828,'unaudit'),(7437,'مشاهدة',1829,'show'),(7438,'إضافة',1829,'add'),(7439,'تعديل',1829,'edit'),(7440,'حذف',1829,'delete'),(7441,'ترحيل',1829,'post'),(7442,'الغاء ترحيل',1829,'unpost'),(7443,'تدقيق',1829,'audit'),(7444,'الغاء تدقيق',1829,'unaudit'),(7445,'مشاهدة',1830,'show'),(7446,'إضافة',1830,'add'),(7447,'تعديل',1830,'edit'),(7448,'حذف',1830,'delete'),(7449,'ترحيل',1830,'post'),(7450,'الغاء ترحيل',1830,'unpost'),(7451,'تدقيق',1830,'audit'),(7452,'الغاء تدقيق',1830,'unaudit'),(7453,'مشاهدة',1831,'show'),(7454,'ترحيل/إيداع',1832,'post'),(7455,'الغاء ترحيل',1832,'unpost'),(7456,'تغيير/تأجيل',1832,'change'),(7457,'إرجاع/الغاء',1832,'return'),(7458,'تحويل/تجيير',1832,'convert'),(7459,'الغاء تحويل/تجيير',1832,'unconvert'),(7460,'ترحيل/إيداع',1833,'post'),(7461,'الغاء ترحيل',1833,'unpost'),(7462,'تغيير/تأجيل',1833,'change'),(7463,'إرجاع/الغاء',1833,'return'),(7464,'مشاهدة',1834,'show'),(7465,'إضافة',1834,'add'),(7466,'تعديل',1834,'edit'),(7467,'قائمة الدخل',1835,'incomeList'),(7468,'أرصدة الحسابات الشهرية',1835,'monthlyAccountBalance'),(7469,'تحليل المصاريف',1835,'outlaysAnalysis'),(7470,'أرصدة الحسابات الإجمالية',1835,'totalAccountBalance'),(7471,'ميزان المراجعة',1835,'trialBalance'),(7472,'كشف مراكز الكلف',1835,'costCentersStatement'),(7473,'كشف مراكز الكلف التفصيلي',1835,'detailedCostCenterStatement'),(7474,'مشاهدة',1836,'show'),(7475,'إضافة',1836,'add'),(7476,'تعديل',1836,'edit'),(7477,'حذف',1836,'delete'),(7478,'مشاهدة',1837,'show'),(7479,'إضافة',1837,'add'),(7480,'تعديل',1837,'edit'),(7481,'حذف',1837,'delete'),(7482,'كشف الذمم التفصيلي',1838,'detailedStatement'),(7483,'كشف أعمار الذمم',1838,'receivableAccountAging'),(7484,'إضافة',1839,'add'),(7485,'تعديل',1839,'edit'),(7486,'حذف',1839,'delete'),(7487,'إضافة',1840,'add'),(7488,'تعديل',1840,'edit'),(7489,'حذف',1840,'delete'),(7490,'إضافة',1841,'add'),(7491,'تعديل',1841,'edit'),(7492,'حذف',1841,'delete'),(7493,'مشاهدة الحركات للمادة',1841,'barcodeOverview'),(7494,'إضافة',1842,'add'),(7495,'تعديل',1842,'edit'),(7496,'حذف',1842,'delete'),(7497,'ترحيل',1842,'post'),(7498,'الغاء ترحيل',1842,'unpost'),(7499,'إضافة',1843,'add'),(7500,'تعديل',1843,'edit'),(7501,'حذف',1843,'delete'),(7502,'ترحيل',1843,'post'),(7503,'الغاء ترحيل',1843,'unpost'),(7504,'إضافة',1844,'add'),(7505,'تعديل',1844,'edit'),(7506,'حذف',1844,'delete'),(7507,'ترحيل',1844,'post'),(7508,'الغاء ترحيل',1844,'unpost'),(7509,'إظهار الكلفة',1844,'showCost'),(7510,'إظهار سعر البيع',1844,'showSalesPrice'),(7511,'إضافة',1845,'add'),(7512,'تعديل',1845,'edit'),(7513,'حذف',1845,'delete'),(7514,'ترحيل',1845,'post'),(7515,'تدقيق/تنفيذ',1845,'audit'),(7516,'إضافة',1846,'add'),(7517,'تعديل',1846,'edit'),(7518,'حذف',1846,'delete'),(7519,'ترحيل',1846,'post'),(7520,'إضافة',1847,'add'),(7521,'تعديل',1847,'edit'),(7522,'حذف',1847,'delete'),(7523,'تلبية',1847,'meet'),(7524,'ترحيل',1847,'post'),(7525,'إضافة',1848,'add'),(7526,'تعديل',1848,'edit'),(7527,'حذف',1848,'delete'),(7528,'ترحيل',1848,'post'),(7529,'فك الترحيل',1848,'unpost'),(7530,'إضافة',1849,'add'),(7531,'تعديل',1849,'edit'),(7532,'حذف',1849,'delete'),(7533,'ترحيل',1849,'post'),(7534,'الغاء الترحيل',1849,'unpost'),(7535,'إضافة',1850,'add'),(7536,'تعديل',1850,'edit'),(7537,'نسخ',1850,'copy'),(7538,'حذف',1850,'delete'),(7539,'تغير الحالة',1850,'changeStatus'),(7540,'إظهار سعر البيع',1850,'showSalesPrice'),(7541,'إظهار نسبة الربح',1850,'showProfitRatio'),(7542,'تعديل طريقة دفع النقدي',1850,'editCashPaymentWay'),(7543,'تعديل اسم العميل ',1850,'editClientName'),(7544,'إضافة',1851,'add'),(7545,'تعديل',1851,'edit'),(7546,'حذف',1851,'delete'),(7547,'تلبية',1851,'meet'),(7548,'ترحيل',1851,'post'),(7549,'تعديل اسم العميل ',1851,'editClientName'),(7550,'إضافة',1852,'add'),(7551,'تعديل',1852,'edit'),(7552,'مشاهدة',1852,'show'),(7553,'حذف',1852,'delete'),(7554,'ترحيل',1852,'post'),(7555,'الغاء الترحيل',1852,'unpost'),(7556,'تدقيق الفاتورة',1852,'audit'),(7557,'الغاء تدقيق الفاتورة',1852,'unaudit'),(7558,'ترحيل فاتورة غير مدققة',1852,'postUnauditInvoice'),(7559,'ادخال تاريخ في المستقبل',1852,'allowFutureDate'),(7560,'تعديل الفرع',1852,'changeBranch'),(7561,'بيع بسعر أقل من الكلفة',1852,'saleByLowerPriceOfCost'),(7562,'إظهار نسبة الربح',1852,'showProfitRatio'),(7563,'إظهار الكلفة',1852,'showCost'),(7564,'إظهار البونص',1852,'showBonus'),(7565,'إظهار الكلفة الأصلية - السعر القائم',1852,'showOriginalPrice'),(7566,'إظهار سعر البيع',1852,'showSalesPrice'),(7567,'تعديل السعر',1852,'editPrice'),(7568,'تعديل البونص',1852,'editBonus'),(7569,'تعديل نوع العميل',1852,'editClientType'),(7570,'تعديل العميل',1852,'editClient'),(7571,'تعديل طريقة دفع النقدي',1852,'editCashPaymentWay'),(7572,'إضافة مرفقات',1852,'addAttachments'),(7573,'عرض المرفقات',1852,'showAttachments'),(7574,'حذف المرفقات',1852,'deleteAttachments'),(7575,'تعديل اسم العميل ',1852,'editClientName'),(7576,'إضافة',1853,'add'),(7577,'تعديل',1853,'edit'),(7578,'حذف',1853,'delete'),(7579,'ترحيل',1853,'post'),(7580,'الغاء الترحيل',1853,'unpost'),(7581,'إضافة',1856,'add'),(7582,'تعديل',1856,'edit'),(7583,'حذف',1856,'delete'),(7584,'ترحيل',1856,'post'),(7585,'الغاء ترحيل',1856,'unpost'),(7586,'إضافة',1857,'add'),(7587,'تعديل',1857,'edit'),(7588,'حذف',1857,'delete'),(7589,'ترحيل',1857,'post'),(7590,'الغاء ترحيل',1857,'unpost'),(7591,'إضافة',1858,'add'),(7592,'تعديل',1858,'edit'),(7593,'حذف',1858,'delete'),(7594,'ترحيل',1858,'post'),(7595,'الغاء ترحيل',1858,'unpost'),(7596,'جرد المستودعات',1859,'warehouseStocktaking'),(7597,'المبيعات والأرباح',1859,'salesAndProfit'),(7598,'ضريبة المبيعات',1859,'salesTax'),(7599,'ضريبة المشتريات',1859,'purchasesTax'),(7600,'كشف تسوية البضاعة',1859,'goodsSettlementStatement'),(7601,'تفاصيل المواد',1859,'detailedItems'),(7602,'تقرير المبيعات بالسالب',1859,'minusSales'),(7603,'تقرير  فواتير المبيعات',1859,'generalSalesInvoices'),(7604,'تقرير فواتير المشتريات',1859,'generalPurchaseInvoices'),(7605,'مشاهدة',1860,'show'),(7606,'إضافة',1860,'add'),(7607,'تعديل',1860,'edit'),(7608,'حذف',1860,'delete'),(7609,'مشاهدة',1861,'show'),(7610,'إضافة',1861,'add'),(7611,'تعديل',1861,'edit'),(7612,'حذف',1861,'delete'),(7613,'مشاهدة',1862,'show'),(7614,'إضافة',1862,'add'),(7615,'تعديل',1862,'edit'),(7616,'حذف',1862,'delete'),(7617,'دمج',1862,'merge'),(7618,'مشاهدة',1863,'show'),(7619,'إضافة',1863,'add'),(7620,'تعديل',1863,'edit'),(7621,'حذف',1863,'delete'),(7622,'مشاهدة',1864,'show'),(7623,'إضافة',1864,'add'),(7624,'تعديل',1864,'edit'),(7625,'حذف/إهمال',1864,'delete'),(7626,'استعادة من المهمل',1864,'restore'),(7627,'فسخ',1864,'terminate'),(7628,'دمج',1864,'merge'),(7629,'تجديد',1864,'renew'),(7630,'ترحيل',1864,'post'),(7631,'مشاهدة',1865,'show'),(7632,'تصدير الفواتير',1865,'export'),(7633,'الغاء التصدير',1865,'cancelExport'),(7634,'التوزيع الشهري',1865,'monthlyDistribute'),(7635,'مشاهدة',1866,'show'),(7636,'تغيير الحالة',1866,'changeStatus'),(7637,'مشاهدة',1867,'show'),(7638,'مشاهدة',1868,'show'),(7639,'إضافة',1868,'add'),(7640,'تعديل',1868,'edit'),(7641,'حذف',1868,'delete'),(7642,'مشاهدة',1869,'show'),(7643,'إضافة',1869,'add'),(7644,'تعديل',1869,'edit'),(7645,'حذف',1869,'delete'),(7646,'ترحيل',1869,'post'),(7647,'الغاء ترحيل',1869,'unpost'),(7648,'مشاهدة',1870,'show'),(7649,'إضافة',1870,'add'),(7650,'تعديل',1870,'edit'),(7651,'حذف',1870,'delete'),(7652,'ترحيل',1870,'post'),(7653,'الغاء ترحيل',1870,'unpost'),(7654,'مشاهدة',1871,'show'),(7655,'إضافة',1871,'add'),(7656,'تعديل',1871,'edit'),(7657,'حذف',1871,'delete'),(7658,'ترحيل',1871,'post'),(7659,'الغاء ترحيل',1871,'unpost'),(7660,'الإيرادات الشهرية',1872,'monthlyRevenues'),(7661,'إضافة',1873,'add'),(7662,'تعديل',1873,'edit'),(7663,'حذف',1873,'delete'),(7664,'إضافة',1874,'add'),(7665,'تعديل',1874,'edit'),(7666,'حذف',1874,'delete'),(7667,'إضافة',1875,'add'),(7668,'تعديل',1875,'edit'),(7669,'حذف',1875,'delete'),(7670,'إضافة',1876,'add'),(7671,'تعديل',1876,'edit'),(7672,'حذف',1876,'delete'),(7673,'إضافة',1877,'add'),(7674,'تعديل',1877,'edit'),(7675,'حذف',1877,'delete'),(7676,'إضافة',1878,'add'),(7677,'تعديل',1878,'edit'),(7678,'حذف',1878,'delete'),(7679,'إضافة',1879,'add'),(7680,'تعديل',1879,'edit'),(7681,'حذف',1879,'delete'),(7682,'إضافة',1880,'add'),(7683,'تعديل',1880,'edit'),(7684,'حذف',1880,'delete'),(7685,'مشاهدة',1881,'show'),(7686,'إضافة',1881,'add'),(7687,'تعديل',1881,'edit'),(7688,'حذف',1881,'delete'),(7689,'ربط الطابعة',1881,'connectPrinter'),(7690,'مشاهدة',1882,'show'),(7691,'مشاهدة الحركات',1882,'showDetails'),(7692,'ترحيل إلى فوترة',1882,'postToFotara'),(7693,'إغلاق',1882,'close'),(7694,'ترحيل',1882,'post'),(7695,'مشاهدة',1883,'show'),(7696,'المواد المحذوفة',1884,'deletedItems'),(7697,'مبيعات الصناديق',1884,'boxesSales'),(7698,'مبيعات الصناديق',1884,'detailedBoxes'),(7699,'تعديل',1885,'edit'),(7700,'إضافة فواتير المبيعات',1888,'addSalesInvoices'),(7701,'تعديل فواتير المبيعات',1888,'editSalesInvoices'),(7702,'ترحيل فواتر المبيعات',1888,'postSalesInvoices'),(7703,'إضافة طلبات المبيعات',1888,'addSalesOrders'),(7704,'تعديل طلبات المبيعات',1888,'editSalesOrders'),(7705,'تحويل طلبات المبيعات',1888,'convertSalesOrders'),(7706,'إضافة عروض الاسعار',1888,'addSalesOffers'),(7707,'تعديل عروض الاسعار',1888,'editSalesOffers'),(7708,'تحويل عروض الاسعار',1888,'convertSalesOffers'),(7709,'إضافة سندات القبض',1889,'addReceiptEntry'),(7710,'تعديل سندات القبض',1889,'editReceiptEntry'),(7711,'ترحيل سندات القبض ',1889,'postReceiptEntry'),(7712,'إضافة',1890,'add'),(7713,'تعديل',1890,'edit'),(7714,'حذف',1890,'delete'),(7715,'ترحيل',1890,'post'),(7716,'الغاء ترحيل',1890,'unpost'),(7717,'مشاهدة الاحصائيات الإجمالية',1891,'showTotalsCharts'),(7718,'مشاهدة الشاشة',1892,'show'),(7719,'التعديل',1892,'edit'),(7720,'مشاهدة الشاشة',1893,'show'),(7721,'التعديل',1893,'edit'),(7722,'إنشاء السنوات المالية',1894,'create'),(7723,'فتح السنة المالية',1894,'openYear'),(7724,'اغلاق السنة المالية',1894,'closeYear'),(7725,'اغلاق الاشهر المالية',1894,'closeMonth'),(7726,'تعيين السنة الفعّالة',1894,'activateYear'),(7727,'مشاهدة الشاشة',1895,'show'),(7728,'إضافة',1895,'add'),(7729,'التعديل',1895,'edit'),(7730,'حذف',1895,'delete'),(7731,'تغيير الحالة',1895,'changeStatus'),(7732,'مشاهدة المستخدمين',1896,'show'),(7733,'تغعيل الحسابات',1896,'activate'),(7734,'إنشاء مستخدم جديد',1896,'add'),(7735,'تعديل البيانات العامة',1896,'editInfo'),(7736,'تعديل الصلاحيات',1896,'editPermissions'),(7737,'حذف',1896,'delete'),(7738,'مشاهدة السجل',1897,'show'),(7739,'مشاهدة الشاشة',1898,'show'),(7740,'التعديل',1898,'edit'),(7741,'إضافة',1898,'add'),(7742,'حذف',1898,'delete'),(7743,'مشاهدة الشاشة',1899,'show'),(7744,'امكانية الربط',1899,'connect'),(7745,'مشاهدة الشاشة',1900,'show'),(7746,'التعديل',1900,'edit'),(7747,'مشاهدة الشاشة',1901,'show'),(7748,'التعديل',1901,'edit'),(7749,'مشاهدة الشاشة',1902,'show'),(7750,'التعديل',1902,'edit'),(7751,'انشاء ضريبة',1903,'add'),(7752,'انشاء ضريبة',1903,'edit'),(7753,'تفعيل/الغاء تفعيل',1903,'activate'),(7754,'فك ترحيل سند القيد',1904,'unpostEntry'),(7755,'فك ترحيل سند القبض',1904,'unpostReceipt'),(7756,'فك ترحيل سند الصرف',1904,'unpostExchange'),(7757,'فك ترحيل فاتورة بيع خدمات',1904,'unpostServiceInvoice'),(7758,'فك ترحيل سند مردود خدمات',1904,'unpostReturnedServiceBond'),(7759,'فك ترحيل سند إشعار مدين',1904,'unpostDebitNote'),(7760,'فك ترحيل سند إشعار دائن',1904,'unpostCreditNote'),(7761,'السقف اليومي لتصدير الشيكات',1904,'exchangeChecksDailyCeiling'),(7762,'توقيع سند القيد',1905,'entry'),(7763,'توقيع سند الصرف',1905,'exchange'),(7764,'توقيع سند القبض',1905,'receipt'),(7765,'توقيع فاتورة بيع الخدمات',1905,'serviceInvoice'),(7766,'توقيع سند مردود خدمات',1905,'returnedServiceInvoice'),(7767,'توقيع إشعار المدين',1905,'debitNote'),(7768,'توقيع إشعار الدائن',1905,'creditNote'),(7769,'إمكانية تصدير الفواتير',1906,'enableExport'),(7770,'إمكانية التوزيع الشهري للفواتير',1906,'enableDistribute'),(7771,'إضافة',1907,'add'),(7772,'تعديل',1907,'edit'),(7773,'حذف',1907,'delete'),(7774,'إضافة',1908,'add'),(7775,'تعديل',1908,'edit'),(7776,'حذف',1908,'delete'),(7777,'إضافة',1909,'add'),(7778,'تعديل',1909,'edit'),(7779,'حذف',1909,'delete'),(7780,'إضافة',1910,'add'),(7781,'تعديل',1910,'edit'),(7782,'حذف',1910,'delete'),(7783,'إضافة',1911,'add'),(7784,'تعديل',1911,'edit'),(7785,'حذف',1911,'delete'),(7786,'إضافة',1912,'add'),(7787,'تعديل',1912,'edit'),(7788,'حذف',1912,'delete'),(7789,'تفعيل مرحلة التنفيذ',1913,'enableAuditingPhase'),(7790,'ترحيل مصاريف التصنيع',1913,'postExpensesToAccounting'),(7791,'إضافة',1914,'add'),(7792,'تعديل',1914,'edit'),(7793,'حذف',1914,'delete'),(7794,'إضافة',1915,'add'),(7795,'تعديل',1915,'edit'),(7796,'حذف',1915,'delete'),(7797,'إضافة',1916,'add'),(7798,'تعديل',1916,'edit'),(7799,'حذف',1916,'delete'),(7800,'مشاهدة',1917,'show'),(7801,'إضافة',1917,'add'),(7802,'تعديل',1917,'editInfo'),(7803,'تفعيل/الغاء التفعيل',1917,'activate'),(7804,'مشاهدة',1918,'show'),(7805,'حفظ',1918,'save'),(7806,'مشاهدة',1919,'show'),(7807,'حفظ',1919,'save'),(7808,'مشاهدة',1920,'show'),(7809,'حفظ',1920,'save'),(7810,'مشاهدة',1921,'show'),(7811,'حفظ',1921,'save'),(7812,'مشاهدة',1922,'show'),(7813,'إضافة',1922,'add'),(7814,'تعديل',1922,'editInfo');

--
