--
-- Host: 127.0.0.1    Database: misksoft_central_db
-- ------------------------------------------------------


--
-- Table structure for table `code_functions`
--

CREATE TABLE `code_functions` (
  `id` bigint unsigned NOT NULL AUTO_INCREMENT,
  `name` varchar(191) CHARACTER SET utf8mb4 COLLATE utf8mb4_unicode_ci NOT NULL,
  `section_id` bigint unsigned NOT NULL,
  `code` varchar(191) CHARACTER SET utf8mb4 COLLATE utf8mb4_unicode_ci NOT NULL,
  PRIMARY KEY (`id`),
  KEY `code_functions_section_id_foreign` (`section_id`)
) ENGINE=InnoDB AUTO_INCREMENT=51322 DEFAULT CHARSET=utf8mb4 COLLATE=utf8mb4_unicode_ci;

--
-- Dumping data for table `code_functions`
--

INSERT INTO `code_functions` VALUES (50907,'مشاهدة',12712,'show'),(50908,'إضافة',12712,'add'),(50909,'تعديل',12712,'edit'),(50910,'حذف',12712,'delete'),(50911,'مشاهدة',12713,'show'),(50912,'تهيئة الأرصدة الافتتاحية',12713,'initialize'),(50913,'إضافة',12714,'add'),(50914,'تعديل',12714,'edit'),(50915,'حذف',12714,'delete'),(50916,'تدقيق',12715,'audit'),(50917,'الغاء التدقيق',12715,'unaudit'),(50918,'ترحيل',12715,'post'),(50919,'الغاء الترحيل',12715,'unpost'),(50920,'مشاهدة',12716,'show'),(50921,'إضافة',12716,'add'),(50922,'تعديل',12716,'edit'),(50923,'حذف',12716,'delete'),(50924,'ترحيل',12716,'post'),(50925,'نسخ',12716,'clone'),(50926,'الغاء ترحيل',12716,'unpost'),(50927,'تدقيق',12716,'audit'),(50928,'الغاء تدقيق',12716,'unaudit'),(50929,'مشاهدة',12717,'show'),(50930,'إضافة',12717,'add'),(50931,'تعديل',12717,'edit'),(50932,'حذف',12717,'delete'),(50933,'ترحيل',12717,'post'),(50934,'الغاء ترحيل',12717,'unpost'),(50935,'تدقيق',12717,'audit'),(50936,'الغاء تدقيق',12717,'unaudit'),(50937,'مشاهدة',12718,'show'),(50938,'إضافة',12718,'add'),(50939,'تعديل',12718,'edit'),(50940,'حذف',12718,'delete'),(50941,'ترحيل',12718,'post'),(50942,'الغاء ترحيل',12718,'unpost'),(50943,'تدقيق',12718,'audit'),(50944,'الغاء تدقيق',12718,'unaudit'),(50945,'مشاهدة',12719,'show'),(50946,'إضافة',12719,'add'),(50947,'تعديل',12719,'edit'),(50948,'حذف',12719,'delete'),(50949,'ترحيل',12719,'post'),(50950,'الغاء ترحيل',12719,'unpost'),(50951,'تدقيق',12719,'audit'),(50952,'الغاء تدقيق',12719,'unaudit'),(50953,'مشاهدة',12720,'show'),(50954,'إضافة',12720,'add'),(50955,'تعديل',12720,'edit'),(50956,'حذف',12720,'delete'),(50957,'ترحيل',12720,'post'),(50958,'الغاء الترحيل',12720,'unpost'),(50959,'تدقيق',12720,'audit'),(50960,'الغاء تدقيق',12720,'unaudit'),(50961,'مشاهدة',12721,'show'),(50962,'إضافة',12721,'add'),(50963,'تعديل',12721,'edit'),(50964,'حذف',12721,'delete'),(50965,'ترحيل',12721,'post'),(50966,'الغاء ترحيل',12721,'unpost'),(50967,'تدقيق',12721,'audit'),(50968,'الغاء تدقيق',12721,'unaudit'),(50969,'مشاهدة',12722,'show'),(50970,'إضافة',12722,'add'),(50971,'تعديل',12722,'edit'),(50972,'حذف',12722,'delete'),(50973,'ترحيل',12722,'post'),(50974,'الغاء ترحيل',12722,'unpost'),(50975,'تدقيق',12722,'audit'),(50976,'الغاء تدقيق',12722,'unaudit'),(50977,'مشاهدة',12723,'show'),(50978,'ترحيل/إيداع',12724,'post'),(50979,'الغاء ترحيل',12724,'unpost'),(50980,'تغيير/تأجيل',12724,'change'),(50981,'إرجاع/الغاء',12724,'return'),(50982,'تحويل/تجيير',12724,'convert'),(50983,'الغاء تحويل/تجيير',12724,'unconvert'),(50984,'ترحيل/إيداع',12725,'post'),(50985,'الغاء ترحيل',12725,'unpost'),(50986,'تغيير/تأجيل',12725,'change'),(50987,'إرجاع/الغاء',12725,'return'),(50988,'مشاهدة',12726,'show'),(50989,'إضافة',12726,'add'),(50990,'تعديل',12726,'edit'),(50991,'قائمة الدخل',12727,'incomeList'),(50992,'أرصدة الحسابات الشهرية',12727,'monthlyAccountBalance'),(50993,'تحليل المصاريف',12727,'outlaysAnalysis'),(50994,'أرصدة الحسابات الإجمالية',12727,'totalAccountBalance'),(50995,'ميزان المراجعة',12727,'trialBalance'),(50996,'كشف مراكز الكلف',12727,'costCentersStatement'),(50997,'كشف مراكز الكلف التفصيلي',12727,'detailedCostCenterStatement'),(50998,'مشاهدة',12728,'show'),(50999,'إضافة',12728,'add'),(51000,'تعديل',12728,'edit'),(51001,'حذف',12728,'delete'),(51002,'مشاهدة',12729,'show'),(51003,'إضافة',12729,'add'),(51004,'تعديل',12729,'edit'),(51005,'حذف',12729,'delete'),(51006,'كشف الذمم التفصيلي',12730,'detailedStatement'),(51007,'كشف أعمار الذمم',12730,'receivableAccountAging'),(51008,'إضافة',12731,'add'),(51009,'تعديل',12731,'edit'),(51010,'حذف',12731,'delete'),(51011,'إضافة',12732,'add'),(51012,'تعديل',12732,'edit'),(51013,'حذف',12732,'delete'),(51014,'إضافة',12733,'add'),(51015,'تعديل',12733,'edit'),(51016,'حذف',12733,'delete'),(51017,'مشاهدة الحركات للمادة',12733,'barcodeOverview'),(51018,'إضافة',12734,'add'),(51019,'تعديل',12734,'edit'),(51020,'حذف',12734,'delete'),(51021,'ترحيل',12734,'post'),(51022,'الغاء ترحيل',12734,'unpost'),(51023,'إضافة',12735,'add'),(51024,'تعديل',12735,'edit'),(51025,'حذف',12735,'delete'),(51026,'ترحيل',12735,'post'),(51027,'الغاء ترحيل',12735,'unpost'),(51028,'إضافة',12736,'add'),(51029,'تعديل',12736,'edit'),(51030,'حذف',12736,'delete'),(51031,'ترحيل',12736,'post'),(51032,'الغاء ترحيل',12736,'unpost'),(51033,'إظهار الكلفة',12736,'showCost'),(51034,'إظهار سعر البيع',12736,'showSalesPrice'),(51035,'إضافة',12737,'add'),(51036,'تعديل',12737,'edit'),(51037,'حذف',12737,'delete'),(51038,'ترحيل',12737,'post'),(51039,'تدقيق/تنفيذ',12737,'audit'),(51040,'إضافة',12738,'add'),(51041,'تعديل',12738,'edit'),(51042,'حذف',12738,'delete'),(51043,'ترحيل',12738,'post'),(51044,'إضافة',12739,'add'),(51045,'تعديل',12739,'edit'),(51046,'حذف',12739,'delete'),(51047,'تلبية',12739,'meet'),(51048,'ترحيل',12739,'post'),(51049,'إضافة',12740,'add'),(51050,'تعديل',12740,'edit'),(51051,'حذف',12740,'delete'),(51052,'ترحيل',12740,'post'),(51053,'فك الترحيل',12740,'unpost'),(51054,'إضافة',12741,'add'),(51055,'تعديل',12741,'edit'),(51056,'حذف',12741,'delete'),(51057,'ترحيل',12741,'post'),(51058,'الغاء الترحيل',12741,'unpost'),(51059,'إضافة',12742,'add'),(51060,'تعديل',12742,'edit'),(51061,'نسخ',12742,'copy'),(51062,'حذف',12742,'delete'),(51063,'تغير الحالة',12742,'changeStatus'),(51064,'إظهار سعر البيع',12742,'showSalesPrice'),(51065,'إظهار نسبة الربح',12742,'showProfitRatio'),(51066,'تعديل طريقة دفع النقدي',12742,'editCashPaymentWay'),(51067,'تعديل اسم العميل ',12742,'editClientName'),(51068,'إضافة',12743,'add'),(51069,'تعديل',12743,'edit'),(51070,'حذف',12743,'delete'),(51071,'تلبية',12743,'meet'),(51072,'ترحيل',12743,'post'),(51073,'تعديل اسم العميل ',12743,'editClientName'),(51074,'إضافة',12744,'add'),(51075,'تعديل',12744,'edit'),(51076,'مشاهدة',12744,'show'),(51077,'حذف',12744,'delete'),(51078,'ترحيل',12744,'post'),(51079,'الغاء الترحيل',12744,'unpost'),(51080,'تدقيق الفاتورة',12744,'audit'),(51081,'الغاء تدقيق الفاتورة',12744,'unaudit'),(51082,'ترحيل فاتورة غير مدققة',12744,'postUnauditInvoice'),(51083,'ادخال تاريخ في المستقبل',12744,'allowFutureDate'),(51084,'تعديل الفرع',12744,'changeBranch'),(51085,'بيع بسعر أقل من الكلفة',12744,'saleByLowerPriceOfCost'),(51086,'إظهار نسبة الربح',12744,'showProfitRatio'),(51087,'إظهار الكلفة',12744,'showCost'),(51088,'إظهار البونص',12744,'showBonus'),(51089,'إظهار الكلفة الأصلية - السعر القائم',12744,'showOriginalPrice'),(51090,'إظهار سعر البيع',12744,'showSalesPrice'),(51091,'تعديل السعر',12744,'editPrice'),(51092,'تعديل البونص',12744,'editBonus'),(51093,'تعديل نوع العميل',12744,'editClientType'),(51094,'تعديل العميل',12744,'editClient'),(51095,'تعديل طريقة دفع النقدي',12744,'editCashPaymentWay'),(51096,'إضافة مرفقات',12744,'addAttachments'),(51097,'عرض المرفقات',12744,'showAttachments'),(51098,'حذف المرفقات',12744,'deleteAttachments'),(51099,'تعديل اسم العميل ',12744,'editClientName'),(51100,'إضافة',12745,'add'),(51101,'تعديل',12745,'edit'),(51102,'حذف',12745,'delete'),(51103,'ترحيل',12745,'post'),(51104,'الغاء الترحيل',12745,'unpost'),(51105,'إضافة',12748,'add'),(51106,'تعديل',12748,'edit'),(51107,'حذف',12748,'delete'),(51108,'ترحيل',12748,'post'),(51109,'الغاء ترحيل',12748,'unpost'),(51110,'إضافة',12749,'add'),(51111,'تعديل',12749,'edit'),(51112,'حذف',12749,'delete'),(51113,'ترحيل',12749,'post'),(51114,'الغاء ترحيل',12749,'unpost'),(51115,'إضافة',12750,'add'),(51116,'تعديل',12750,'edit'),(51117,'حذف',12750,'delete'),(51118,'ترحيل',12750,'post'),(51119,'الغاء ترحيل',12750,'unpost'),(51120,'جرد المستودعات',12751,'warehouseStocktaking'),(51121,'المبيعات والأرباح',12751,'salesAndProfit'),(51122,'ضريبة المبيعات',12751,'salesTax'),(51123,'ضريبة المشتريات',12751,'purchasesTax'),(51124,'كشف تسوية البضاعة',12751,'goodsSettlementStatement'),(51125,'تفاصيل المواد',12751,'detailedItems'),(51126,'تقرير المبيعات بالسالب',12751,'minusSales'),(51127,'تقرير  فواتير المبيعات',12751,'generalSalesInvoices'),(51128,'تقرير فواتير المشتريات',12751,'generalPurchaseInvoices'),(51129,'مشاهدة',12752,'show'),(51130,'إضافة',12752,'add'),(51131,'تعديل',12752,'edit'),(51132,'حذف',12752,'delete'),(51133,'مشاهدة',12753,'show'),(51134,'إضافة',12753,'add'),(51135,'تعديل',12753,'edit'),(51136,'حذف',12753,'delete'),(51137,'مشاهدة',12754,'show'),(51138,'إضافة',12754,'add'),(51139,'تعديل',12754,'edit'),(51140,'حذف',12754,'delete'),(51141,'دمج',12754,'merge'),(51142,'مشاهدة',12755,'show'),(51143,'إضافة',12755,'add'),(51144,'تعديل',12755,'edit'),(51145,'حذف',12755,'delete'),(51146,'مشاهدة',12756,'show'),(51147,'إضافة',12756,'add'),(51148,'تعديل',12756,'edit'),(51149,'حذف/إهمال',12756,'delete'),(51150,'استعادة من المهمل',12756,'restore'),(51151,'فسخ',12756,'terminate'),(51152,'دمج',12756,'merge'),(51153,'تجديد',12756,'renew'),(51154,'ترحيل',12756,'post'),(51155,'مشاهدة',12757,'show'),(51156,'تصدير الفواتير',12757,'export'),(51157,'الغاء التصدير',12757,'cancelExport'),(51158,'التوزيع الشهري',12757,'monthlyDistribute'),(51159,'مشاهدة',12758,'show'),(51160,'تغيير الحالة',12758,'changeStatus'),(51161,'مشاهدة',12759,'show'),(51162,'مشاهدة',12760,'show'),(51163,'إضافة',12760,'add'),(51164,'تعديل',12760,'edit'),(51165,'حذف',12760,'delete'),(51166,'مشاهدة',12761,'show'),(51167,'إضافة',12761,'add'),(51168,'تعديل',12761,'edit'),(51169,'حذف',12761,'delete'),(51170,'ترحيل',12761,'post'),(51171,'الغاء ترحيل',12761,'unpost'),(51172,'مشاهدة',12762,'show'),(51173,'إضافة',12762,'add'),(51174,'تعديل',12762,'edit'),(51175,'حذف',12762,'delete'),(51176,'ترحيل',12762,'post'),(51177,'الغاء ترحيل',12762,'unpost'),(51178,'مشاهدة',12763,'show'),(51179,'إضافة',12763,'add'),(51180,'تعديل',12763,'edit'),(51181,'حذف',12763,'delete'),(51182,'ترحيل',12763,'post'),(51183,'الغاء ترحيل',12763,'unpost'),(51184,'الإيرادات الشهرية',12764,'monthlyRevenues'),(51185,'إضافة',12765,'add'),(51186,'تعديل',12765,'edit'),(51187,'حذف',12765,'delete'),(51188,'إضافة',12766,'add'),(51189,'تعديل',12766,'edit'),(51190,'حذف',12766,'delete'),(51191,'إضافة',12767,'add'),(51192,'تعديل',12767,'edit'),(51193,'حذف',12767,'delete'),(51194,'إضافة',12768,'add'),(51195,'تعديل',12768,'edit'),(51196,'حذف',12768,'delete'),(51197,'إضافة',12769,'add'),(51198,'تعديل',12769,'edit'),(51199,'حذف',12769,'delete'),(51200,'إضافة',12770,'add'),(51201,'تعديل',12770,'edit'),(51202,'حذف',12770,'delete'),(51203,'إضافة',12771,'add'),(51204,'تعديل',12771,'edit'),(51205,'حذف',12771,'delete'),(51206,'إضافة',12772,'add'),(51207,'تعديل',12772,'edit'),(51208,'حذف',12772,'delete'),(51209,'مشاهدة',12773,'show'),(51210,'إضافة',12773,'add'),(51211,'تعديل',12773,'edit'),(51212,'حذف',12773,'delete'),(51213,'ربط الطابعة',12773,'connectPrinter'),(51214,'مشاهدة',12774,'show'),(51215,'مشاهدة الحركات',12774,'showDetails'),(51216,'ترحيل إلى فوترة',12774,'postToFotara'),(51217,'إغلاق',12774,'close'),(51218,'ترحيل',12774,'post'),(51219,'مشاهدة',12775,'show'),(51220,'المواد المحذوفة',12776,'deletedItems'),(51221,'مبيعات الصناديق',12776,'boxesSales'),(51222,'مبيعات الصناديق',12776,'detailedBoxes'),(51223,'تعديل',12777,'edit'),(51224,'إضافة',12778,'add'),(51225,'تعديل',12778,'edit'),(51226,'حذف',12778,'delete'),(51227,'مشاهدة الاحصائيات الإجمالية',12779,'showTotalsCharts'),(51228,'مشاهدة الشاشة',12780,'show'),(51229,'التعديل',12780,'edit'),(51230,'مشاهدة الشاشة',12781,'show'),(51231,'التعديل',12781,'edit'),(51232,'إنشاء السنوات المالية',12782,'create'),(51233,'فتح السنة المالية',12782,'openYear'),(51234,'اغلاق السنة المالية',12782,'closeYear'),(51235,'اغلاق الاشهر المالية',12782,'closeMonth'),(51236,'تعيين السنة الفعّالة',12782,'activateYear'),(51237,'مشاهدة الشاشة',12783,'show'),(51238,'إضافة',12783,'add'),(51239,'التعديل',12783,'edit'),(51240,'حذف',12783,'delete'),(51241,'تغيير الحالة',12783,'changeStatus'),(51242,'مشاهدة المستخدمين',12784,'show'),(51243,'تغعيل الحسابات',12784,'activate'),(51244,'إنشاء مستخدم جديد',12784,'add'),(51245,'تعديل البيانات العامة',12784,'editInfo'),(51246,'تعديل الصلاحيات',12784,'editPermissions'),(51247,'حذف',12784,'delete'),(51248,'مشاهدة السجل',12785,'show'),(51249,'مشاهدة الشاشة',12786,'show'),(51250,'التعديل',12786,'edit'),(51251,'إضافة',12786,'add'),(51252,'حذف',12786,'delete'),(51253,'مشاهدة الشاشة',12787,'show'),(51254,'امكانية الربط',12787,'connect'),(51255,'مشاهدة الشاشة',12788,'show'),(51256,'التعديل',12788,'edit'),(51257,'مشاهدة الشاشة',12789,'show'),(51258,'التعديل',12789,'edit'),(51259,'مشاهدة الشاشة',12790,'show'),(51260,'التعديل',12790,'edit'),(51261,'انشاء ضريبة',12791,'add'),(51262,'انشاء ضريبة',12791,'edit'),(51263,'تفعيل/الغاء تفعيل',12791,'activate'),(51264,'فك ترحيل سند القيد',12792,'unpostEntry'),(51265,'فك ترحيل سند القبض',12792,'unpostReceipt'),(51266,'فك ترحيل سند الصرف',12792,'unpostExchange'),(51267,'فك ترحيل فاتورة بيع خدمات',12792,'unpostServiceInvoice'),(51268,'فك ترحيل سند مردود خدمات',12792,'unpostReturnedServiceBond'),(51269,'فك ترحيل سند إشعار مدين',12792,'unpostDebitNote'),(51270,'فك ترحيل سند إشعار دائن',12792,'unpostCreditNote'),(51271,'السقف اليومي لتصدير الشيكات',12792,'exchangeChecksDailyCeiling'),(51272,'توقيع سند القيد',12793,'entry'),(51273,'توقيع سند الصرف',12793,'exchange'),(51274,'توقيع سند القبض',12793,'receipt'),(51275,'توقيع فاتورة بيع الخدمات',12793,'serviceInvoice'),(51276,'توقيع سند مردود خدمات',12793,'returnedServiceInvoice'),(51277,'توقيع إشعار المدين',12793,'debitNote'),(51278,'توقيع إشعار الدائن',12793,'creditNote'),(51279,'إمكانية تصدير الفواتير',12794,'enableExport'),(51280,'إمكانية التوزيع الشهري للفواتير',12794,'enableDistribute'),(51281,'إضافة',12795,'add'),(51282,'تعديل',12795,'edit'),(51283,'حذف',12795,'delete'),(51284,'إضافة',12796,'add'),(51285,'تعديل',12796,'edit'),(51286,'حذف',12796,'delete'),(51287,'إضافة',12797,'add'),(51288,'تعديل',12797,'edit'),(51289,'حذف',12797,'delete'),(51290,'إضافة',12798,'add'),(51291,'تعديل',12798,'edit'),(51292,'حذف',12798,'delete'),(51293,'إضافة',12799,'add'),(51294,'تعديل',12799,'edit'),(51295,'حذف',12799,'delete'),(51296,'إضافة',12800,'add'),(51297,'تعديل',12800,'edit'),(51298,'حذف',12800,'delete'),(51299,'تفعيل مرحلة التنفيذ',12801,'enableAuditingPhase'),(51300,'ترحيل مصاريف التصنيع',12801,'postExpensesToAccounting'),(51301,'إضافة',12802,'add'),(51302,'تعديل',12802,'edit'),(51303,'حذف',12802,'delete'),(51304,'إضافة',12803,'add'),(51305,'تعديل',12803,'edit'),(51306,'حذف',12803,'delete'),(51307,'إضافة',12804,'add'),(51308,'تعديل',12804,'edit'),(51309,'حذف',12804,'delete'),(51310,'مشاهدة',12805,'show'),(51311,'إضافة',12805,'add'),(51312,'تعديل',12805,'editInfo'),(51313,'تفعيل/الغاء التفعيل',12805,'activate'),(51314,'مشاهدة',12806,'show'),(51315,'حفظ',12806,'save'),(51316,'مشاهدة',12807,'show'),(51317,'حفظ',12807,'save'),(51318,'مشاهدة',12808,'show'),(51319,'حفظ',12808,'save'),(51320,'مشاهدة',12809,'show'),(51321,'حفظ',12809,'save');

--
-- Table structure for table `code_modules`
--

CREATE TABLE `code_modules` (
  `id` bigint unsigned NOT NULL AUTO_INCREMENT,
  `name` varchar(191) CHARACTER SET utf8mb4 COLLATE utf8mb4_unicode_ci NOT NULL,
  `code` varchar(191) CHARACTER SET utf8mb4 COLLATE utf8mb4_unicode_ci NOT NULL,
  PRIMARY KEY (`id`)
) ENGINE=InnoDB AUTO_INCREMENT=1477 DEFAULT CHARSET=utf8mb4 COLLATE=utf8mb4_unicode_ci;

--
-- Dumping data for table `code_modules`
--

INSERT INTO `code_modules` VALUES (1466,'المحاسبة','accounting'),(1467,'الذمم','receivable'),(1468,'المستودعات','warehouses'),(1469,'العقار/الإيجارات','rentals'),(1470,'نقاط البيع - POS','pos'),(1471,'المندوبين','representatives'),(1472,'إعدادات عامة','generalSettings'),(1473,'إعدادات المحاسبة','accountingSettings'),(1474,'إعدادات الإيجارات','rentalsSettings'),(1475,'إعدادات المستودعات','warehousesSettings'),(1476,'إعدادات نقط البيع','posSettings');

--
-- Table structure for table `code_sections`
--

CREATE TABLE `code_sections` (
  `id` bigint unsigned NOT NULL AUTO_INCREMENT,
  `name` varchar(191) CHARACTER SET utf8mb4 COLLATE utf8mb4_unicode_ci NOT NULL,
  `module_id` bigint unsigned NOT NULL,
  `code` varchar(191) CHARACTER SET utf8mb4 COLLATE utf8mb4_unicode_ci NOT NULL,
  PRIMARY KEY (`id`),
  KEY `code_sections_module_id_foreign` (`module_id`)
) ENGINE=InnoDB AUTO_INCREMENT=12810 DEFAULT CHARSET=utf8mb4 COLLATE=utf8mb4_unicode_ci;

--
-- Dumping data for table `code_sections`
--

INSERT INTO `code_sections` VALUES (12712,'شجرة الحسابات',1466,'accountsTree'),(12713,'الأرصدة الافتتاحية',1466,'initialBalances'),(12714,'شجرة مراكز الكلفة',1466,'costCenterTree'),(12715,'تدقيق المستندات',1466,'bondsAuditing'),(12716,'سند القيد',1466,'entries'),(12717,'سند القبض',1466,'receipts'),(12718,'سند الصرف',1466,'exchanges'),(12719,'فاتورة بيع الخدمات',1466,'servicesInvoices'),(12720,'مردودات الخدمات',1466,'returnedServicesBonds'),(12721,'إشعار مدين',1466,'debitNotes'),(12722,'إشعار دائن',1466,'creditNotes'),(12723,'القيود الآلية',1466,'automatedEntries'),(12724,'حافظة الشيكات القبض',1466,'receiptChecksKeeper'),(12725,'حافظة الشيكات الصرف',1466,'exchangeChecksKeeper'),(12726,'الشيكات',1466,'checks'),(12727,'تقارير',1466,'reports'),(12728,'أنوع الذمم',1467,'receivableTypes'),(12729,'الذمم',1467,'receivableAccounts'),(12730,'تقارير',1467,'reports'),(12731,'الفروع',1468,'branches'),(12732,'العائلات',1468,'categories'),(12733,'المواد',1468,'items'),(12734,'سند الادخال',1468,'entryBonds'),(12735,'سند الإخراج',1468,'outBonds'),(12736,'سند التحويل',1468,'convertBonds'),(12737,'سند التصنيع',1468,'manufacturingBonds'),(12738,'أمر الشراء',1468,'purchaseCommands'),(12739,'طلب الشراء',1468,'purchaseOrders'),(12740,'فاتورة الشراء',1468,'purchaseInvoices'),(12741,'مردودات المشتريات',1468,'returnedPurchaseBonds'),(12742,'عرض سعر',1468,'salesPriceOffers'),(12743,'طلب مبيعات',1468,'salesOrders'),(12744,'فاتورة مبيعات',1468,'salesInvoices'),(12745,'مردودات مبيعات',1468,'returnedSalesBonds'),(12746,'طلب الإنتاج',1468,'productionRequest'),(12747,'أمر الإنتاج',1468,'productionCommand'),(12748,'سند الجرد',1468,'stocktakingBonds'),(12749,'سند زيادة الكلفه',1468,'costIncreaseBonds'),(12750,'سند تخفيض الكلفه',1468,'costDecreaseBonds'),(12751,'تقارير',1468,'reports'),(12752,'المباني',1469,'buildings'),(12753,'الطوابق',1469,'floors'),(12754,'المحلات',1469,'shops'),(12755,'البوثات',1469,'booths'),(12756,'العقود',1469,'contracts'),(12757,'فواتير العقود',1469,'contractInvoices'),(12758,'حركات المستأجرين',1469,'tenantsActions'),(12759,'طلبات التأجير',1469,'rentalRequests'),(12760,'فعاليات المستأجرين',1469,'tenantsEvents'),(12761,'سند القبض',1469,'receipts'),(12762,'إشعار مدين',1469,'debitNotes'),(12763,'إشعار دائن',1469,'creditNotes'),(12764,'تقارير',1469,'reports'),(12765,'الفروع',1470,'branches'),(12766,'العائلات',1470,'categories'),(12767,'القوائم',1470,'menus'),(12768,'المواد',1470,'items'),(12769,'فاتورة مبيعات',1470,'salesInvoices'),(12770,'مردودات مبيعات',1470,'returnedSalesBonds'),(12771,'تبديل عناصر المبيعات',1470,'exchangeBonds'),(12772,'العروض',1470,'offers'),(12773,'الأقسام',1470,'sections'),(12774,'مبيعات الأيام',1470,'daysSales'),(12775,'فواتير الأيام',1470,'posInvoices'),(12776,'تقارير',1470,'reports'),(12777,'الصناديق',1470,'cashDevices'),(12778,'المندوبين',1471,'representatives'),(12779,'الشاشة الرئيسية',1472,'homePage'),(12780,'تعريف الشركة',1472,'companyDefinition'),(12781,'إعدادات عامة',1472,'general'),(12782,'السنوات المالية',1472,'fiscalYears'),(12783,'طرق تسديد الذمم',1472,'receivablePaymentMethods'),(12784,'المستخدمين',1472,'employees'),(12785,'سجل حركات المستخدمين',1472,'employeesActionsLog'),(12786,'تصنيفات الذمم',1472,'receivableCategory'),(12787,'ربط الحسابات البنكية',1473,'bankAccountsConnecting'),(12788,'الحسابات الافتراضية',1473,'defaultAccounts'),(12789,'مراكز الكلفة',1473,'costCenters'),(12790,'المحافظ الإلكترونية',1473,'ewalletAccounts'),(12791,'اعداد الضريبة',1473,'taxes'),(12792,'السندات',1473,'bonds'),(12793,'التواقيع',1473,'signatures'),(12794,'عقود الإيجارات',1474,'rentalContracts'),(12795,'تصنيفات عقود الإيجارات',1474,'rentalContractCategories'),(12796,'قوالب الردود',1474,'responseTemplates'),(12797,'تعريف الوحدات',1475,'warehousesUnits'),(12798,'تعريف أحجام المواد',1475,'warehousesItemSizes'),(12799,'أنواع سندات الإدخال',1475,'warehousesEntryBondTypes'),(12800,'أنواع سندات الإخراج',1475,'warehousesOutBondTypes'),(12801,'سندات التصنيع',1475,'warehousesManufacturingBonds'),(12802,'أنواع الأسعار',1475,'barcodePriceTypes'),(12803,'شروط الدفع',1475,'paymentTerms'),(12804,'شروط الشحن والتسليم',1475,'deliveryTerms'),(12805,'حسابات المستخدمين',1476,'users'),(12806,'إعدادات عامة',1476,'generalSettings'),(12807,'إعدادات المبيعات',1476,'salesSettings'),(12808,'إعدادات الصناديق',1476,'boxesSettings'),(12809,'إعدادات الميزان',1476,'scaleSettings');

--
-- Table structure for table `countries`
--

CREATE TABLE `countries` (
  `id` bigint unsigned NOT NULL AUTO_INCREMENT,
  `ar_name` varchar(191) CHARACTER SET utf8mb4 COLLATE utf8mb4_unicode_ci NOT NULL,
  `en_name` varchar(191) CHARACTER SET utf8mb4 COLLATE utf8mb4_unicode_ci NOT NULL,
  `currency_symbol` varchar(191) CHARACTER SET utf8mb4 COLLATE utf8mb4_unicode_ci DEFAULT NULL,
  `created_at` timestamp NULL DEFAULT NULL,
  `updated_at` timestamp NULL DEFAULT NULL,
  PRIMARY KEY (`id`)
) ENGINE=InnoDB AUTO_INCREMENT=9 DEFAULT CHARSET=utf8mb4 COLLATE=utf8mb4_unicode_ci;

--
-- Dumping data for table `countries`
--

INSERT INTO `countries` VALUES (1,'الأردن','Jordan','JOD','2023-05-24 17:26:55','2023-08-31 12:32:54'),(2,'السعودية','Saudi ِArabia','SAR','2023-05-24 17:26:55','2023-08-31 12:32:54'),(3,'الولايات المتحدة','United States','USD','2023-05-24 17:26:55','2023-08-31 12:32:54'),(4,'سوريا','Syria','SYP','2023-05-24 17:26:55','2023-08-31 12:32:54'),(5,'العراق','Iraq','IQD','2023-05-24 17:26:55','2023-08-31 12:32:54'),(6,'مصر','Egypt','EGP','2023-05-24 17:26:55','2023-08-31 12:32:54'),(7,'كوريا','Korea','KRW','2025-09-17 06:47:37','2025-09-17 06:47:37'),(8,'كوريا','Korea','KRW','2025-09-17 06:48:15','2025-09-17 06:48:15');

--
-- Table structure for table `currencies`
--

CREATE TABLE `currencies` (
  `id` bigint unsigned NOT NULL AUTO_INCREMENT,
  `name` varchar(191) CHARACTER SET utf8mb4 COLLATE utf8mb4_unicode_ci NOT NULL,
  `symbol` varchar(191) CHARACTER SET utf8mb4 COLLATE utf8mb4_unicode_ci NOT NULL,
  `ar_symbol` varchar(191) CHARACTER SET utf8mb4 COLLATE utf8mb4_unicode_ci NOT NULL,
  `flag` varchar(191) CHARACTER SET utf8mb4 COLLATE utf8mb4_unicode_ci DEFAULT NULL,
  `exchange_price` double(10,5) DEFAULT '1.00000',
  PRIMARY KEY (`id`)
) ENGINE=InnoDB AUTO_INCREMENT=8 DEFAULT CHARSET=utf8mb4 COLLATE=utf8mb4_unicode_ci;

--
-- Dumping data for table `currencies`
--

INSERT INTO `currencies` VALUES (1,'الدينار الاردني','JOD','د.أ',NULL,1.00000),(2,'ريال سعودي','SAR','ر.س',NULL,0.18933),(3,'الدولار الامريكي','USD','$',NULL,0.71000),(4,'الليرة السورية','SYP','ل.س',NULL,0.00006),(5,'الدينار العراقي','IQD','د.ع',NULL,0.00054),(6,'الجنيه مصري','EGP','ج.م',NULL,0.01492),(7,'وون كوري','KRW','وون',NULL,0.00049);

--
-- Table structure for table `deployments`
--

CREATE TABLE `deployments` (
  `id` bigint unsigned NOT NULL AUTO_INCREMENT,
  `options` text CHARACTER SET utf8mb4 COLLATE utf8mb4_unicode_ci NOT NULL,
  `created_at` timestamp NULL DEFAULT NULL,
  `updated_at` timestamp NULL DEFAULT NULL,
  PRIMARY KEY (`id`)
) ENGINE=InnoDB AUTO_INCREMENT=289 DEFAULT CHARSET=utf8mb4 COLLATE=utf8mb4_unicode_ci;

--
-- Dumping data for table `deployments`
--

INSERT INTO `deployments` VALUES (288,'{\"db_backup\":true,\"db_migrate\":true,\"permissions_refresh\":true,\"build_vue_components\":true,\"run_tenant_operations\":true,\"run_central_operations\":true}','2025-11-22 13:40:06','2025-11-22 13:40:06');

--
-- Table structure for table `domains`
--

CREATE TABLE `domains` (
  `id` int unsigned NOT NULL AUTO_INCREMENT,
  `domain` varchar(190) CHARACTER SET utf8mb4 COLLATE utf8mb4_unicode_ci NOT NULL,
  `tenant_id` varchar(36) CHARACTER SET utf8mb4 COLLATE utf8mb4_unicode_ci NOT NULL,
  `created_at` timestamp NULL DEFAULT NULL,
  `updated_at` timestamp NULL DEFAULT NULL,
  PRIMARY KEY (`id`),
  UNIQUE KEY `domains_domain_unique` (`domain`)
) ENGINE=InnoDB AUTO_INCREMENT=589 DEFAULT CHARSET=utf8mb4 COLLATE=utf8mb4_unicode_ci;

--
-- Dumping data for table `domains`
--

INSERT INTO `domains` VALUES (585,'pos-test','dd5bf4a5-e014-41d1-8415-5df5b39b8527','2025-11-04 02:03:07','2025-11-04 02:03:07'),(586,'rashfa','03254440-8b02-4f7e-ba09-21b94f30a0c2','2025-11-08 11:28:09','2025-11-08 11:28:09'),(588,'dscsteel','cd2f0d47-6475-47ec-aee4-2d6a4d49f88b','2025-11-08 12:23:13','2025-11-08 12:23:13');

--
-- Table structure for table `failed_jobs`
--

CREATE TABLE `failed_jobs` (
  `id` bigint unsigned NOT NULL AUTO_INCREMENT,
  `uuid` varchar(191) CHARACTER SET utf8mb4 COLLATE utf8mb4_unicode_ci NOT NULL,
  `connection` text CHARACTER SET utf8mb4 COLLATE utf8mb4_unicode_ci NOT NULL,
  `queue` text CHARACTER SET utf8mb4 COLLATE utf8mb4_unicode_ci NOT NULL,
  `payload` longtext CHARACTER SET utf8mb4 COLLATE utf8mb4_unicode_ci NOT NULL,
  `exception` longtext CHARACTER SET utf8mb4 COLLATE utf8mb4_unicode_ci NOT NULL,
  `failed_at` timestamp NOT NULL DEFAULT CURRENT_TIMESTAMP,
  PRIMARY KEY (`id`),
  UNIQUE KEY `failed_jobs_uuid_unique` (`uuid`)
) ENGINE=InnoDB AUTO_INCREMENT=109 DEFAULT CHARSET=utf8mb4 COLLATE=utf8mb4_unicode_ci;

--
-- Dumping data for table `failed_jobs`
--


--
-- Table structure for table `jobs`
--

CREATE TABLE `jobs` (
  `id` bigint unsigned NOT NULL AUTO_INCREMENT,
  `queue` varchar(191) CHARACTER SET utf8mb4 COLLATE utf8mb4_unicode_ci NOT NULL,
  `payload` longtext CHARACTER SET utf8mb4 COLLATE utf8mb4_unicode_ci NOT NULL,
  `attempts` tinyint unsigned NOT NULL,
  `reserved_at` int unsigned DEFAULT NULL,
  `available_at` int unsigned NOT NULL,
  `created_at` int unsigned NOT NULL,
  PRIMARY KEY (`id`),
  KEY `jobs_queue_index` (`queue`)
) ENGINE=InnoDB AUTO_INCREMENT=3968 DEFAULT CHARSET=utf8mb4 COLLATE=utf8mb4_unicode_ci;

--
-- Dumping data for table `jobs`
--


--
-- Table structure for table `migrations`
--

CREATE TABLE `migrations` (
  `id` int unsigned NOT NULL AUTO_INCREMENT,
  `migration` varchar(191) CHARACTER SET utf8mb4 COLLATE utf8mb4_unicode_ci NOT NULL,
  `batch` int NOT NULL,
  PRIMARY KEY (`id`)
) ENGINE=InnoDB AUTO_INCREMENT=23 DEFAULT CHARSET=utf8mb4 COLLATE=utf8mb4_unicode_ci;

--
-- Dumping data for table `migrations`
--

INSERT INTO `migrations` VALUES (1,'2018_08_08_100000_create_telescope_entries_table',1),(2,'2019_09_15_000010_create_users_table',1),(3,'2019_09_15_000020_create_domains_table',1),(4,'2019_12_14_000001_create_personal_access_tokens_table',1),(5,'2021_12_07_071121_create_sessions_table',1),(6,'2021_12_14_084057_create_admins_table',1),(7,'2021_12_14_130038_create_code_modules_table',1),(8,'2021_12_14_130040_create_code_sections_table',1),(9,'2021_12_14_130053_create_code_functions_table',1),(10,'2021_12_15_133230_create_users_modules_table',1),(11,'2021_12_20_092334_create_jobs_table',1),(12,'2021_12_22_110915_create_cache_table',1),(14,'2021_12_26_141920_create_countries_table',2),(15,'2021_12_26_141921_create_currencies_table',2),(16,'2021_12_06_122720_create_permission_tables',3),(17,'2023_09_11_105553_create_deployments_table',4),(18,'2023_11_07_123923_create_tenant_announcements_table',5),(19,'2021_12_14_130055_create_pos_desktop_functions_table',6),(20,'2024_04_17_160705_create_representatives_mobile_sections_table',7),(21,'2024_04_17_160728_create_representatives_mobile_functions_table',7),(22,'2021_12_20_092337_create_central_failed_jobs_table',8);

--
-- Table structure for table `model_has_permissions`
--

CREATE TABLE `model_has_permissions` (
  `permission_id` bigint unsigned NOT NULL,
  `model_type` varchar(191) CHARACTER SET utf8mb4 COLLATE utf8mb4_unicode_ci NOT NULL,
  `model_id` bigint unsigned NOT NULL,
  PRIMARY KEY (`permission_id`,`model_id`,`model_type`),
  KEY `model_has_permissions_model_id_model_type_index` (`model_id`,`model_type`),
  CONSTRAINT `model_has_permissions_permission_id_foreign` FOREIGN KEY (`permission_id`) REFERENCES `permissions` (`id`) ON DELETE CASCADE
) ENGINE=InnoDB DEFAULT CHARSET=utf8mb4 COLLATE=utf8mb4_unicode_ci;

--
-- Dumping data for table `model_has_permissions`
--

INSERT INTO `model_has_permissions` VALUES (1,'App\\Models\\Admin',1),(2,'App\\Models\\Admin',1),(3,'App\\Models\\Admin',1),(4,'App\\Models\\Admin',1),(5,'App\\Models\\Admin',1),(6,'App\\Models\\Admin',1),(7,'App\\Models\\Admin',1),(8,'App\\Models\\Admin',1),(9,'App\\Models\\Admin',1),(10,'App\\Models\\Admin',1),(11,'App\\Models\\Admin',1),(12,'App\\Models\\Admin',1),(13,'App\\Models\\Admin',1),(14,'App\\Models\\Admin',1),(15,'App\\Models\\Admin',1),(16,'App\\Models\\Admin',1),(17,'App\\Models\\Admin',1),(18,'App\\Models\\Admin',1),(19,'App\\Models\\Admin',1),(20,'App\\Models\\Admin',1),(1,'App\\Models\\Admin',3),(2,'App\\Models\\Admin',3),(3,'App\\Models\\Admin',3),(4,'App\\Models\\Admin',3),(5,'App\\Models\\Admin',3),(6,'App\\Models\\Admin',3),(7,'App\\Models\\Admin',3),(8,'App\\Models\\Admin',3),(9,'App\\Models\\Admin',3),(10,'App\\Models\\Admin',3),(11,'App\\Models\\Admin',3),(12,'App\\Models\\Admin',3),(13,'App\\Models\\Admin',3),(14,'App\\Models\\Admin',3),(15,'App\\Models\\Admin',3),(16,'App\\Models\\Admin',3),(17,'App\\Models\\Admin',3),(18,'App\\Models\\Admin',3),(19,'App\\Models\\Admin',3),(20,'App\\Models\\Admin',3),(1,'App\\Models\\Admin',5),(2,'App\\Models\\Admin',5),(3,'App\\Models\\Admin',5),(4,'App\\Models\\Admin',5),(5,'App\\Models\\Admin',5),(6,'App\\Models\\Admin',5),(7,'App\\Models\\Admin',5),(8,'App\\Models\\Admin',5),(9,'App\\Models\\Admin',5),(10,'App\\Models\\Admin',5),(11,'App\\Models\\Admin',5),(12,'App\\Models\\Admin',5),(13,'App\\Models\\Admin',5),(14,'App\\Models\\Admin',5),(15,'App\\Models\\Admin',5),(16,'App\\Models\\Admin',5),(17,'App\\Models\\Admin',5),(18,'App\\Models\\Admin',5),(19,'App\\Models\\Admin',5),(20,'App\\Models\\Admin',5);

--
-- Table structure for table `model_has_roles`
--

CREATE TABLE `model_has_roles` (
  `role_id` bigint unsigned NOT NULL,
  `model_type` varchar(191) CHARACTER SET utf8mb4 COLLATE utf8mb4_unicode_ci NOT NULL,
  `model_id` bigint unsigned NOT NULL,
  PRIMARY KEY (`role_id`,`model_id`,`model_type`),
  KEY `model_has_roles_model_id_model_type_index` (`model_id`,`model_type`),
  CONSTRAINT `model_has_roles_role_id_foreign` FOREIGN KEY (`role_id`) REFERENCES `roles` (`id`) ON DELETE CASCADE
) ENGINE=InnoDB DEFAULT CHARSET=utf8mb4 COLLATE=utf8mb4_unicode_ci;

--
-- Dumping data for table `model_has_roles`
--


--
-- Table structure for table `permissions`
--

CREATE TABLE `permissions` (
  `id` bigint unsigned NOT NULL AUTO_INCREMENT,
  `name` varchar(125) CHARACTER SET utf8mb4 COLLATE utf8mb4_unicode_ci NOT NULL,
  `guard_name` varchar(125) CHARACTER SET utf8mb4 COLLATE utf8mb4_unicode_ci NOT NULL,
  `created_at` timestamp NULL DEFAULT NULL,
  `updated_at` timestamp NULL DEFAULT NULL,
  PRIMARY KEY (`id`),
  UNIQUE KEY `permissions_name_guard_name_unique` (`name`,`guard_name`)
) ENGINE=InnoDB AUTO_INCREMENT=21 DEFAULT CHARSET=utf8mb4 COLLATE=utf8mb4_unicode_ci;

--
-- Dumping data for table `permissions`
--

INSERT INTO `permissions` VALUES (1,'users','admin','2023-11-14 21:59:32','2023-11-14 21:59:32'),(2,'users-add','admin','2023-11-14 21:59:32','2023-11-14 21:59:32'),(3,'users-edit','admin','2023-11-14 21:59:32','2023-11-14 21:59:32'),(4,'users-delete','admin','2023-11-14 21:59:32','2023-11-14 21:59:32'),(5,'admins','admin','2023-11-14 21:59:32','2023-11-14 21:59:32'),(6,'admins-add','admin','2023-11-14 21:59:32','2023-11-14 21:59:32'),(7,'admins-edit','admin','2023-11-14 21:59:32','2023-11-14 21:59:32'),(8,'admins-delete','admin','2023-11-14 21:59:32','2023-11-14 21:59:32'),(9,'countries','admin','2023-11-14 21:59:32','2023-11-14 21:59:32'),(10,'countries-add','admin','2023-11-14 21:59:32','2023-11-14 21:59:32'),(11,'countries-edit','admin','2023-11-14 21:59:32','2023-11-14 21:59:32'),(12,'currencies','admin','2023-11-14 21:59:32','2023-11-14 21:59:32'),(13,'currencies-add','admin','2023-11-14 21:59:32','2023-11-14 21:59:32'),(14,'currencies-edit','admin','2023-11-14 21:59:32','2023-11-14 21:59:32'),(15,'deployment','admin','2023-11-14 21:59:32','2023-11-14 21:59:32'),(16,'deployment-view','admin','2023-11-14 21:59:32','2023-11-14 21:59:32'),(17,'deployment-deploy','admin','2023-11-14 21:59:32','2023-11-14 21:59:32'),(18,'announcements','admin','2023-11-14 21:59:32','2023-11-14 21:59:32'),(19,'announcements-view','admin','2023-11-14 21:59:32','2023-11-14 21:59:32'),(20,'announcements-add','admin','2023-11-14 21:59:32','2023-11-14 21:59:32');

--
-- Table structure for table `pos_desktop_functions`
--

CREATE TABLE `pos_desktop_functions` (
  `id` bigint unsigned NOT NULL AUTO_INCREMENT,
  `name` varchar(191) CHARACTER SET utf8mb4 COLLATE utf8mb4_unicode_ci NOT NULL,
  `code` varchar(191) CHARACTER SET utf8mb4 COLLATE utf8mb4_unicode_ci NOT NULL,
  PRIMARY KEY (`id`)
) ENGINE=InnoDB AUTO_INCREMENT=1540 DEFAULT CHARSET=utf8mb4 COLLATE=utf8mb4_unicode_ci;

--
-- Dumping data for table `pos_desktop_functions`
--

INSERT INTO `pos_desktop_functions` VALUES (1521,'البحث عن مادة','itemSearch'),(1522,'التحقق من سعر المواد','checkItemPrice'),(1523,'إضافة فاتورة','closeSlip'),(1524,'طباعة الفاتورة','printSlip'),(1525,'خصم على مادة بالفاتورة','slipItemDiscount'),(1526,'خصم على الفاتورة','slipDiscount'),(1527,'إزالة الضريبة من الفاتورة','makeInvoiceWithoutTax'),(1528,'تغيير طرق الدفع بالفاتورة','changePaymentMethods'),(1529,'تبديل المواد','exchange'),(1530,'حذف مادة بالفاتورة','deleteInvoiceItem'),(1531,'حذف كل مواد الفاتورة','deleteAllInvoiceItems'),(1532,'كتابة ملاحظات','writeNotes'),(1533,'عمل إرجاع سريع','quickReturn'),(1534,'عمل إرجاع من فاتورة','returnFromInvoice'),(1535,'إغلاق الصندوق','closeCash'),(1536,'طباعة الصندوق','printCash'),(1537,'التعديل على إعدادات الطباعة','printerSettings'),(1538,'تحديث البيانات','refresh'),(1539,'تسجيل الخروج','logout');

--
-- Table structure for table `representatives_mobile_functions`
--

CREATE TABLE `representatives_mobile_functions` (
  `id` bigint unsigned NOT NULL AUTO_INCREMENT,
  `name` varchar(191) CHARACTER SET utf8mb4 COLLATE utf8mb4_unicode_ci NOT NULL,
  `section_id` bigint unsigned NOT NULL,
  `code` varchar(191) CHARACTER SET utf8mb4 COLLATE utf8mb4_unicode_ci NOT NULL,
  PRIMARY KEY (`id`),
  KEY `representatives_mobile_functions_section_id_foreign` (`section_id`),
  CONSTRAINT `representatives_mobile_functions_section_id_foreign` FOREIGN KEY (`section_id`) REFERENCES `representatives_mobile_sections` (`id`)
) ENGINE=InnoDB AUTO_INCREMENT=697 DEFAULT CHARSET=utf8mb4 COLLATE=utf8mb4_unicode_ci;

--
-- Dumping data for table `representatives_mobile_functions`
--

INSERT INTO `representatives_mobile_functions` VALUES (685,'إضافة فواتير المبيعات',225,'addSalesInvoices'),(686,'تعديل فواتير المبيعات',225,'editSalesInvoices'),(687,'ترحيل فواتر المبيعات',225,'postSalesInvoices'),(688,'إضافة طلبات المبيعات',225,'addSalesOrders'),(689,'تعديل طلبات المبيعات',225,'editSalesOrders'),(690,'تحويل طلبات المبيعات',225,'convertSalesOrders'),(691,'إضافة عروض الاسعار',225,'addSalesOffers'),(692,'تعديل عروض الاسعار',225,'editSalesOffers'),(693,'تحويل عروض الاسعار',225,'convertSalesOffers'),(694,'إضافة سندات القبض',226,'addReceiptEntry'),(695,'تعديل سندات القبض',226,'editReceiptEntry'),(696,'ترحيل سندات القبض ',226,'postReceiptEntry');

--
-- Table structure for table `representatives_mobile_sections`
--

CREATE TABLE `representatives_mobile_sections` (
  `id` bigint unsigned NOT NULL AUTO_INCREMENT,
  `name` varchar(191) CHARACTER SET utf8mb4 COLLATE utf8mb4_unicode_ci NOT NULL,
  `code` varchar(191) CHARACTER SET utf8mb4 COLLATE utf8mb4_unicode_ci NOT NULL,
  PRIMARY KEY (`id`)
) ENGINE=InnoDB AUTO_INCREMENT=227 DEFAULT CHARSET=utf8mb4 COLLATE=utf8mb4_unicode_ci;

--
-- Dumping data for table `representatives_mobile_sections`
--

INSERT INTO `representatives_mobile_sections` VALUES (225,'مندوب مبيعات','salesMan'),(226,'التحصيل','collector');

--
-- Table structure for table `role_has_permissions`
--

CREATE TABLE `role_has_permissions` (
  `permission_id` bigint unsigned NOT NULL,
  `role_id` bigint unsigned NOT NULL,
  PRIMARY KEY (`permission_id`,`role_id`),
  KEY `role_has_permissions_role_id_foreign` (`role_id`),
  CONSTRAINT `role_has_permissions_permission_id_foreign` FOREIGN KEY (`permission_id`) REFERENCES `permissions` (`id`) ON DELETE CASCADE,
  CONSTRAINT `role_has_permissions_role_id_foreign` FOREIGN KEY (`role_id`) REFERENCES `roles` (`id`) ON DELETE CASCADE
) ENGINE=InnoDB DEFAULT CHARSET=utf8mb4 COLLATE=utf8mb4_unicode_ci;

--
-- Dumping data for table `role_has_permissions`
--


--
-- Table structure for table `roles`
--

CREATE TABLE `roles` (
  `id` bigint unsigned NOT NULL AUTO_INCREMENT,
  `name` varchar(125) CHARACTER SET utf8mb4 COLLATE utf8mb4_unicode_ci NOT NULL,
  `guard_name` varchar(125) CHARACTER SET utf8mb4 COLLATE utf8mb4_unicode_ci NOT NULL,
  `created_at` timestamp NULL DEFAULT NULL,
  `updated_at` timestamp NULL DEFAULT NULL,
  PRIMARY KEY (`id`),
  UNIQUE KEY `roles_name_guard_name_unique` (`name`,`guard_name`)
) ENGINE=InnoDB DEFAULT CHARSET=utf8mb4 COLLATE=utf8mb4_unicode_ci;

--
-- Dumping data for table `roles`
--


--
-- Table structure for table `sessions`
--

CREATE TABLE `sessions` (
  `id` varchar(191) CHARACTER SET utf8mb4 COLLATE utf8mb4_unicode_ci NOT NULL,
  `user_id` bigint unsigned DEFAULT NULL,
  `ip_address` varchar(45) CHARACTER SET utf8mb4 COLLATE utf8mb4_unicode_ci DEFAULT NULL,
  `user_agent` text CHARACTER SET utf8mb4 COLLATE utf8mb4_unicode_ci,
  `payload` text CHARACTER SET utf8mb4 COLLATE utf8mb4_unicode_ci NOT NULL,
  `last_activity` int NOT NULL,
  PRIMARY KEY (`id`),
  KEY `sessions_user_id_index` (`user_id`),
  KEY `sessions_last_activity_index` (`last_activity`)
) ENGINE=InnoDB DEFAULT CHARSET=utf8mb4 COLLATE=utf8mb4_unicode_ci;

--
-- Dumping data for table `sessions`
--


--
-- Table structure for table `telescope_entries`
--

CREATE TABLE `telescope_entries` (
  `sequence` bigint unsigned NOT NULL AUTO_INCREMENT,
  `uuid` char(36) CHARACTER SET utf8mb4 COLLATE utf8mb4_unicode_ci NOT NULL,
  `batch_id` char(36) CHARACTER SET utf8mb4 COLLATE utf8mb4_unicode_ci NOT NULL,
  `family_hash` varchar(191) CHARACTER SET utf8mb4 COLLATE utf8mb4_unicode_ci DEFAULT NULL,
  `should_display_on_index` tinyint(1) NOT NULL DEFAULT '1',
  `type` varchar(20) CHARACTER SET utf8mb4 COLLATE utf8mb4_unicode_ci NOT NULL,
  `content` longtext CHARACTER SET utf8mb4 COLLATE utf8mb4_unicode_ci NOT NULL,
  `created_at` datetime DEFAULT NULL,
  PRIMARY KEY (`sequence`),
  UNIQUE KEY `telescope_entries_uuid_unique` (`uuid`),
  KEY `telescope_entries_batch_id_index` (`batch_id`),
  KEY `telescope_entries_family_hash_index` (`family_hash`),
  KEY `telescope_entries_created_at_index` (`created_at`),
  KEY `telescope_entries_type_should_display_on_index_index` (`type`,`should_display_on_index`)
) ENGINE=InnoDB AUTO_INCREMENT=11 DEFAULT CHARSET=utf8mb4 COLLATE=utf8mb4_unicode_ci;

--
-- Dumping data for table `telescope_entries`
--


--
-- Table structure for table `telescope_entries_tags`
--

CREATE TABLE `telescope_entries_tags` (
  `entry_uuid` char(36) CHARACTER SET utf8mb4 COLLATE utf8mb4_unicode_ci NOT NULL,
  `tag` varchar(191) CHARACTER SET utf8mb4 COLLATE utf8mb4_unicode_ci NOT NULL,
  KEY `telescope_entries_tags_entry_uuid_tag_index` (`entry_uuid`,`tag`),
  KEY `telescope_entries_tags_tag_index` (`tag`)
) ENGINE=InnoDB DEFAULT CHARSET=utf8mb4 COLLATE=utf8mb4_unicode_ci;

--
-- Dumping data for table `telescope_entries_tags`
--


--
-- Table structure for table `telescope_monitoring`
--

CREATE TABLE `telescope_monitoring` (
  `tag` varchar(191) CHARACTER SET utf8mb4 COLLATE utf8mb4_unicode_ci NOT NULL
) ENGINE=InnoDB DEFAULT CHARSET=utf8mb4 COLLATE=utf8mb4_unicode_ci;

--
-- Dumping data for table `telescope_monitoring`
--


--
-- Table structure for table `tenant_announcements`
--

CREATE TABLE `tenant_announcements` (
  `id` bigint unsigned NOT NULL AUTO_INCREMENT,
  `type` varchar(191) CHARACTER SET utf8mb4 COLLATE utf8mb4_unicode_ci NOT NULL COMMENT 'new-feature/fix-bug',
  `title` varchar(191) CHARACTER SET utf8mb4 COLLATE utf8mb4_unicode_ci NOT NULL,
  `description` varchar(191) CHARACTER SET utf8mb4 COLLATE utf8mb4_unicode_ci DEFAULT NULL,
  `users_ids` text CHARACTER SET utf8mb4 COLLATE utf8mb4_unicode_ci NOT NULL,
  `created_at` timestamp NULL DEFAULT NULL,
  `updated_at` timestamp NULL DEFAULT NULL,
  PRIMARY KEY (`id`)
) ENGINE=InnoDB AUTO_INCREMENT=3 DEFAULT CHARSET=utf8mb4 COLLATE=utf8mb4_unicode_ci;

--
-- Dumping data for table `tenant_announcements`
--

INSERT INTO `tenant_announcements` VALUES (1,'new-feature','مسك سوفت بحُلّة جديدة','تم تحسين تصميم misk soft, ليوافق أذواقكم ولتهسيل التعامل مع النظام','[\"03254440-8b02-4f7e-ba09-21b94f30a0c2\",\"321866dd-7811-4f47-8ae8-c6eb247dcbf0\",\"46174b0f-2a36-4995-b7d5-fb18c747fe37\",\"5092297b-1079-46b8-b52c-0d402491d41b\",\"6ceb8116-bdea-45d5-98ec-c384244e7528\",\"87c543d7-ccf0-4e7b-a3b4-6e3a9fab649f\",\"d9e6f9dd-906b-43e5-8ba8-a25f1ba1694b\",\"dd069898-4007-48b6-87af-6f9fea405c60\",\"e02ac5dd-80c9-48ed-b405-ccb76183cb56\",\"f3fb004a-6e82-448b-98ad-4f326eb62a9a\"]','2023-11-14 22:01:26','2023-11-14 22:01:26'),(2,'new-feature','ميزة جديدة على سندات الإخراج','تم إضافة (التأثير المحاسبي) على سندات الإخراج, كصرف مستودعي','[\"03254440-8b02-4f7e-ba09-21b94f30a0c2\",\"1aabeb53-d8a6-444c-829b-d6daf2586b60\",\"321866dd-7811-4f47-8ae8-c6eb247dcbf0\",\"46174b0f-2a36-4995-b7d5-fb18c747fe37\",\"87c543d7-ccf0-4e7b-a3b4-6e3a9fab649f\",\"cd2f0d47-6475-47ec-aee4-2d6a4d49f88b\",\"dd069898-4007-48b6-87af-6f9fea405c60\",\"ddb52a6c-2e8b-4097-848a-da3dc246c258\",\"e02ac5dd-80c9-48ed-b405-ccb76183cb56\",\"f3fb004a-6e82-448b-98ad-4f326eb62a9a\"]','2024-01-11 19:33:36','2024-01-11 19:33:36');

--
-- Table structure for table `users_modules`
--

CREATE TABLE `users_modules` (
  `id` bigint unsigned NOT NULL AUTO_INCREMENT,
  `user_id` varchar(36) CHARACTER SET utf8mb4 COLLATE utf8mb4_unicode_ci NOT NULL,
  `module_code` varchar(191) CHARACTER SET utf8mb4 COLLATE utf8mb4_unicode_ci NOT NULL,
  `module_sections` text CHARACTER SET utf8mb4 COLLATE utf8mb4_unicode_ci,
  PRIMARY KEY (`id`)
) ENGINE=InnoDB AUTO_INCREMENT=3651 DEFAULT CHARSET=utf8mb4 COLLATE=utf8mb4_unicode_ci;

--
-- Dumping data for table `users_modules`
--

INSERT INTO `users_modules` VALUES (3605,'dd5bf4a5-e014-41d1-8415-5df5b39b8527','generalSettings','[\"homePage\",\"companyDefinition\",\"general\",\"fiscalYears\",\"receivablePaymentMethods\",\"employees\",\"employeesActionsLog\",\"receivableCategory\"]'),(3606,'dd5bf4a5-e014-41d1-8415-5df5b39b8527','accountingSettings','[\"bankAccountsConnecting\",\"defaultAccounts\",\"costCenters\",\"ewalletAccounts\",\"taxes\",\"bonds\",\"signatures\"]'),(3607,'dd5bf4a5-e014-41d1-8415-5df5b39b8527','rentalsSettings','[\"rentalContracts\",\"rentalContractCategories\",\"responseTemplates\"]'),(3608,'dd5bf4a5-e014-41d1-8415-5df5b39b8527','warehousesSettings','[\"warehousesUnits\",\"warehousesItemSizes\",\"warehousesEntryBondTypes\",\"warehousesOutBondTypes\",\"warehousesManufacturingBonds\",\"barcodePriceTypes\",\"paymentTerms\",\"deliveryTerms\"]'),(3609,'dd5bf4a5-e014-41d1-8415-5df5b39b8527','posSettings','[\"users\",\"generalSettings\",\"salesSettings\",\"boxesSettings\",\"scaleSettings\"]'),(3610,'dd5bf4a5-e014-41d1-8415-5df5b39b8527','representativesSettings','[\"deliveryCars\"]'),(3611,'dd5bf4a5-e014-41d1-8415-5df5b39b8527','accounting','[\"accountsTree\",\"initialBalances\",\"costCenterTree\",\"bondsAuditing\",\"entries\",\"receipts\",\"exchanges\",\"servicesInvoices\",\"returnedServicesBonds\",\"debitNotes\",\"creditNotes\",\"automatedEntries\",\"receiptChecksKeeper\",\"exchangeChecksKeeper\",\"checks\",\"reports\"]'),(3612,'dd5bf4a5-e014-41d1-8415-5df5b39b8527','receivable','[\"receivableTypes\",\"receivableAccounts\",\"reports\"]'),(3613,'dd5bf4a5-e014-41d1-8415-5df5b39b8527','warehouses','[\"branches\",\"categories\",\"items\",\"entryBonds\",\"outBonds\",\"convertBonds\",\"manufacturingBonds\",\"purchaseCommands\",\"purchaseOrders\",\"purchaseInvoices\",\"returnedPurchaseBonds\",\"salesPriceOffers\",\"salesOrders\",\"salesInvoices\",\"returnedSalesBonds\",\"productionRequest\",\"productionCommand\",\"stocktakingBonds\",\"costIncreaseBonds\",\"costDecreaseBonds\",\"reports\"]'),(3614,'dd5bf4a5-e014-41d1-8415-5df5b39b8527','rentals','[\"buildings\",\"floors\",\"shops\",\"booths\",\"contracts\",\"contractInvoices\",\"tenantsActions\",\"rentalRequests\",\"tenantsEvents\",\"receipts\",\"debitNotes\",\"creditNotes\",\"reports\"]'),(3615,'dd5bf4a5-e014-41d1-8415-5df5b39b8527','pos','[\"branches\",\"categories\",\"menus\",\"items\",\"salesInvoices\",\"returnedSalesBonds\",\"exchangeBonds\",\"offers\",\"sections\",\"daysSales\",\"posInvoices\",\"reports\",\"cashDevices\"]'),(3616,'dd5bf4a5-e014-41d1-8415-5df5b39b8527','representatives','[\"ordersDelivery\",\"cashVan\",\"salesMan\",\"collector\",\"shipmentBonds\"]'),(3631,'03254440-8b02-4f7e-ba09-21b94f30a0c2','generalSettings','[\"homePage\",\"companyDefinition\",\"general\",\"fiscalYears\",\"receivablePaymentMethods\",\"employees\",\"employeesActionsLog\",\"receivableCategory\"]'),(3632,'03254440-8b02-4f7e-ba09-21b94f30a0c2','accountingSettings','[\"bankAccountsConnecting\",\"defaultAccounts\",\"costCenters\",\"ewalletAccounts\",\"taxes\",\"bonds\",\"signatures\"]'),(3633,'03254440-8b02-4f7e-ba09-21b94f30a0c2','warehousesSettings','[\"warehousesUnits\",\"warehousesItemSizes\",\"warehousesEntryBondTypes\",\"warehousesOutBondTypes\",\"warehousesManufacturingBonds\",\"barcodePriceTypes\",\"paymentTerms\",\"deliveryTerms\"]'),(3634,'03254440-8b02-4f7e-ba09-21b94f30a0c2','posSettings','[\"users\",\"generalSettings\",\"salesSettings\",\"boxesSettings\",\"scaleSettings\"]'),(3635,'03254440-8b02-4f7e-ba09-21b94f30a0c2','accounting','[\"accountsTree\",\"initialBalances\",\"costCenterTree\",\"bondsAuditing\",\"entries\",\"receipts\",\"exchanges\",\"servicesInvoices\",\"returnedServicesBonds\",\"debitNotes\",\"creditNotes\",\"automatedEntries\",\"receiptChecksKeeper\",\"exchangeChecksKeeper\",\"checks\",\"reports\"]'),(3636,'03254440-8b02-4f7e-ba09-21b94f30a0c2','receivable','[\"receivableTypes\",\"receivableAccounts\",\"reports\"]'),(3637,'03254440-8b02-4f7e-ba09-21b94f30a0c2','warehouses','[\"branches\",\"categories\",\"items\",\"entryBonds\",\"outBonds\",\"convertBonds\",\"manufacturingBonds\",\"purchaseCommands\",\"purchaseOrders\",\"purchaseInvoices\",\"returnedPurchaseBonds\",\"salesPriceOffers\",\"salesOrders\",\"salesInvoices\",\"returnedSalesBonds\",\"productionRequest\",\"productionCommand\",\"stocktakingBonds\",\"costIncreaseBonds\",\"costDecreaseBonds\",\"reports\"]'),(3638,'03254440-8b02-4f7e-ba09-21b94f30a0c2','pos','[\"branches\",\"categories\",\"menus\",\"items\",\"salesInvoices\",\"returnedSalesBonds\",\"exchangeBonds\",\"offers\",\"sections\",\"daysSales\",\"posInvoices\",\"reports\",\"cashDevices\"]'),(3645,'cd2f0d47-6475-47ec-aee4-2d6a4d49f88b','generalSettings','[\"homePage\",\"companyDefinition\",\"general\",\"fiscalYears\",\"receivablePaymentMethods\",\"employees\",\"employeesActionsLog\",\"receivableCategory\"]'),(3646,'cd2f0d47-6475-47ec-aee4-2d6a4d49f88b','accountingSettings','[\"bankAccountsConnecting\",\"defaultAccounts\",\"costCenters\",\"ewalletAccounts\",\"taxes\",\"bonds\",\"signatures\"]'),(3647,'cd2f0d47-6475-47ec-aee4-2d6a4d49f88b','warehousesSettings','[\"warehousesUnits\",\"warehousesItemSizes\",\"warehousesEntryBondTypes\",\"warehousesOutBondTypes\",\"warehousesManufacturingBonds\",\"barcodePriceTypes\",\"paymentTerms\",\"deliveryTerms\"]'),(3648,'cd2f0d47-6475-47ec-aee4-2d6a4d49f88b','accounting','[\"accountsTree\",\"initialBalances\",\"costCenterTree\",\"bondsAuditing\",\"entries\",\"receipts\",\"exchanges\",\"servicesInvoices\",\"returnedServicesBonds\",\"debitNotes\",\"creditNotes\",\"automatedEntries\",\"receiptChecksKeeper\",\"exchangeChecksKeeper\",\"checks\",\"reports\"]'),(3649,'cd2f0d47-6475-47ec-aee4-2d6a4d49f88b','receivable','[\"receivableTypes\",\"receivableAccounts\",\"reports\"]'),(3650,'cd2f0d47-6475-47ec-aee4-2d6a4d49f88b','warehouses','[\"branches\",\"categories\",\"items\",\"entryBonds\",\"outBonds\",\"convertBonds\",\"manufacturingBonds\",\"purchaseCommands\",\"purchaseOrders\",\"purchaseInvoices\",\"returnedPurchaseBonds\",\"salesPriceOffers\",\"salesOrders\",\"salesInvoices\",\"returnedSalesBonds\",\"productionRequest\",\"productionCommand\",\"stocktakingBonds\",\"reports\"]');


