
--
-- Table structure for table `booths`
--

CREATE TABLE `booths` (
  `id` bigint unsigned NOT NULL AUTO_INCREMENT,
  `floor_id` bigint unsigned NOT NULL,
  `type` varchar(191) CHARACTER SET utf8mb4 COLLATE utf8mb4_unicode_ci NOT NULL COMMENT 'movable/immutable/temporal',
  `number` varchar(191) CHARACTER SET utf8mb4 COLLATE utf8mb4_unicode_ci NOT NULL,
  `title` varchar(191) CHARACTER SET utf8mb4 COLLATE utf8mb4_unicode_ci NOT NULL,
  `area` double(10,3) NOT NULL,
  `price` double(10,3) NOT NULL,
  `is_active` tinyint(1) NOT NULL DEFAULT '1',
  `is_rented` tinyint(1) NOT NULL DEFAULT '0',
  `notice` text CHARACTER SET utf8mb4 COLLATE utf8mb4_unicode_ci,
  `deleted_at` timestamp NULL DEFAULT NULL,
  `created_at` timestamp NULL DEFAULT NULL,
  `updated_at` timestamp NULL DEFAULT NULL,
  PRIMARY KEY (`id`),
  KEY `booths_floor_id_foreign` (`floor_id`),
  CONSTRAINT `booths_floor_id_foreign` FOREIGN KEY (`floor_id`) REFERENCES `floors` (`id`)
) ENGINE=InnoDB DEFAULT CHARSET=utf8mb4 COLLATE=utf8mb4_unicode_ci;

--
-- Dumping data for table `booths`
--


--
-- Table structure for table `box_day_entry_items`
--

CREATE TABLE `box_day_entry_items` (
  `id` bigint unsigned NOT NULL AUTO_INCREMENT,
  `box_day_id` bigint unsigned NOT NULL,
  `class` varchar(191) CHARACTER SET utf8mb4 COLLATE utf8mb4_unicode_ci NOT NULL DEFAULT 'Account' COMMENT 'Account/ReceivableAccount',
  `account_id` bigint NOT NULL,
  `amount` double NOT NULL,
  PRIMARY KEY (`id`),
  KEY `box_day_entry_items_box_day_id_foreign` (`box_day_id`),
  CONSTRAINT `box_day_entry_items_box_day_id_foreign` FOREIGN KEY (`box_day_id`) REFERENCES `box_days` (`id`)
) ENGINE=InnoDB DEFAULT CHARSET=utf8mb4 COLLATE=utf8mb4_unicode_ci;

--
-- Dumping data for table `box_day_entry_items`
--


--
-- Table structure for table `box_days`
--

CREATE TABLE `box_days` (
  `id` bigint unsigned NOT NULL AUTO_INCREMENT,
  `day_date` date NOT NULL,
  `branch_id` bigint unsigned NOT NULL,
  `sales_total` double DEFAULT NULL,
  `returned_sales_total` double DEFAULT NULL,
  `is_closed` tinyint(1) NOT NULL DEFAULT '0',
  `closed_at` datetime DEFAULT NULL,
  `post_status` tinyint(1) NOT NULL DEFAULT '0',
  `posted_at` datetime DEFAULT NULL,
  `started_fotara_at` datetime DEFAULT NULL,
  `created_at` timestamp NULL DEFAULT NULL,
  `updated_at` timestamp NULL DEFAULT NULL,
  PRIMARY KEY (`id`),
  KEY `box_days_branch_id_foreign` (`branch_id`),
  CONSTRAINT `box_days_branch_id_foreign` FOREIGN KEY (`branch_id`) REFERENCES `branches` (`id`)
) ENGINE=InnoDB DEFAULT CHARSET=utf8mb4 COLLATE=utf8mb4_unicode_ci;

--
-- Dumping data for table `box_days`
--


--
-- Table structure for table `boxes`
--

CREATE TABLE `boxes` (
  `id` bigint unsigned NOT NULL AUTO_INCREMENT,
  `box_day_id` bigint unsigned NOT NULL,
  `branch_id` bigint unsigned NOT NULL,
  `user_id` bigint unsigned DEFAULT NULL,
  `cash_device_id` bigint unsigned DEFAULT NULL,
  `custody_value` double(13,4) NOT NULL DEFAULT '0.0000',
  `date` date NOT NULL,
  `sales_total` double(13,4) NOT NULL DEFAULT '0.0000',
  `returned_sales_total` double(13,4) NOT NULL DEFAULT '0.0000',
  `is_closed` tinyint(1) NOT NULL DEFAULT '0',
  `closed_at` datetime DEFAULT NULL,
  `created_at` timestamp NULL DEFAULT NULL,
  `updated_at` timestamp NULL DEFAULT NULL,
  PRIMARY KEY (`id`),
  KEY `boxes_box_day_id_foreign` (`box_day_id`),
  KEY `boxes_branch_id_foreign` (`branch_id`),
  KEY `boxes_user_id_foreign` (`user_id`),
  KEY `boxes_cash_device_id_foreign` (`cash_device_id`),
  CONSTRAINT `boxes_box_day_id_foreign` FOREIGN KEY (`box_day_id`) REFERENCES `box_days` (`id`),
  CONSTRAINT `boxes_branch_id_foreign` FOREIGN KEY (`branch_id`) REFERENCES `branches` (`id`),
  CONSTRAINT `boxes_cash_device_id_foreign` FOREIGN KEY (`cash_device_id`) REFERENCES `cash_devices` (`id`),
  CONSTRAINT `boxes_user_id_foreign` FOREIGN KEY (`user_id`) REFERENCES `pos_users` (`id`)
) ENGINE=InnoDB DEFAULT CHARSET=utf8mb4 COLLATE=utf8mb4_unicode_ci;

--
-- Dumping data for table `boxes`
--


--
-- Table structure for table `branch_connection_codes`
--

CREATE TABLE `branch_connection_codes` (
  `id` bigint unsigned NOT NULL AUTO_INCREMENT,
  `code` varchar(191) CHARACTER SET utf8mb4 COLLATE utf8mb4_unicode_ci NOT NULL,
  `label` varchar(191) CHARACTER SET utf8mb4 COLLATE utf8mb4_unicode_ci NOT NULL,
  PRIMARY KEY (`id`)
) ENGINE=InnoDB AUTO_INCREMENT=8 DEFAULT CHARSET=utf8mb4 COLLATE=utf8mb4_unicode_ci;

--
-- Dumping data for table `branch_connection_codes`
--

INSERT INTO `branch_connection_codes` VALUES (1,'finalSales','المبيعات'),(2,'finalReturnedSales','مردود المبيعات'),(3,'finalPurchases','المشتريات'),(4,'finalReturnedPurchases','مردود المشتريات'),(5,'finalPosSales','مبيعات نقاط البيع'),(6,'finalPosReturnedSales','مردودات نقاط البيع'),(7,'outlays','سحوبات نقاط البيع');

--
-- Table structure for table `branch_item`
--

CREATE TABLE `branch_item` (
  `id` bigint unsigned NOT NULL AUTO_INCREMENT,
  `branch_id` bigint unsigned NOT NULL,
  `item_id` bigint unsigned NOT NULL,
  PRIMARY KEY (`id`),
  KEY `branch_item_branch_id_foreign` (`branch_id`),
  KEY `branch_item_item_id_foreign` (`item_id`),
  CONSTRAINT `branch_item_branch_id_foreign` FOREIGN KEY (`branch_id`) REFERENCES `branches` (`id`),
  CONSTRAINT `branch_item_item_id_foreign` FOREIGN KEY (`item_id`) REFERENCES `items` (`id`)
) ENGINE=InnoDB AUTO_INCREMENT=1081 DEFAULT CHARSET=utf8mb4 COLLATE=utf8mb4_unicode_ci;

--
-- Dumping data for table `branch_item`
--

INSERT INTO `branch_item` VALUES (1,1,1),(2,1,2),(3,1,3),(4,1,4),(5,1,5),(6,1,6),(7,1,7),(8,1,8),(9,1,9),(10,1,10),(11,1,11),(12,1,12),(13,1,13),(14,1,14),(15,1,15),(16,1,16),(17,1,17),(18,1,18),(19,1,19),(20,1,20),(21,1,21),(22,1,22),(23,1,23),(24,1,24),(25,1,25),(26,1,26),(27,1,27),(28,1,28),(29,1,29),(30,1,30),(31,1,31),(32,1,32),(33,1,33),(34,1,34),(35,1,35),(36,1,36),(37,1,37),(38,1,38),(39,1,39),(40,1,40),(41,1,41),(42,1,42),(43,1,43),(44,1,44),(45,1,45),(46,1,46),(47,1,47),(48,1,48),(49,1,49),(50,1,50),(51,1,51),(52,1,52),(53,1,53),(54,1,54),(55,1,55),(56,1,56),(57,1,57),(58,1,58),(59,1,59),(60,1,60),(61,1,61),(62,1,62),(63,1,63),(64,1,64),(65,1,65),(66,1,66),(67,1,67),(68,1,68),(69,1,69),(70,1,70),(71,1,71),(72,1,72),(73,1,73),(74,1,74),(76,1,76),(77,1,77),(78,1,78),(79,1,79),(80,1,80),(81,1,81),(82,1,82),(83,1,83),(84,1,84),(85,1,85),(86,1,86),(87,1,87),(88,1,88),(89,1,89),(90,1,90),(91,1,91),(92,1,92),(94,1,94),(95,1,95),(96,1,96),(97,1,97),(98,1,98),(99,1,99),(100,1,100),(101,1,101),(102,1,102),(103,1,103),(104,1,104),(105,1,105),(106,1,106),(107,1,107),(108,1,108),(109,1,109),(110,1,110),(111,1,111),(112,1,112),(113,1,113),(114,1,114),(115,1,115),(116,1,116),(117,1,117),(118,1,118),(119,1,119),(120,1,120),(121,1,121),(122,1,122),(123,1,123),(124,1,124),(125,1,125),(126,1,126),(127,1,127),(128,1,128),(129,1,129),(130,1,130),(131,1,131),(132,1,132),(133,1,133),(134,1,134),(135,1,135),(136,1,136),(137,1,137),(138,1,138),(139,1,139),(140,1,140),(141,1,141),(142,1,142),(143,1,144),(144,1,145),(145,1,146),(146,1,147),(147,1,148),(148,1,149),(149,1,150),(150,1,151),(151,1,152),(152,1,153),(153,1,154),(154,1,155),(155,1,156),(156,1,157),(157,1,158),(158,1,159),(159,1,160),(160,1,161),(161,1,162),(162,1,163),(163,1,164),(164,1,165),(165,1,166),(166,1,167),(167,1,168),(168,1,169),(169,1,170),(170,1,171),(171,1,172),(172,1,173),(173,1,174),(174,1,175),(175,1,176),(176,1,177),(177,1,178),(178,1,179),(179,1,180),(180,1,181),(181,1,182),(182,1,183),(183,1,184),(184,1,185),(185,1,186),(186,1,187),(187,1,188),(188,1,189),(189,1,190),(190,1,191),(191,1,192),(192,1,193),(193,1,194),(194,1,195),(195,1,196),(196,1,197),(197,1,198),(198,1,199),(199,1,200),(200,1,201),(201,1,202),(202,1,203),(203,1,204),(204,1,205),(205,1,206),(206,1,207),(207,1,208),(208,1,209),(221,1,222),(222,1,223),(223,1,224),(224,1,225),(225,1,226),(226,1,227),(227,1,228),(228,1,229),(229,1,230),(230,1,231),(231,1,232),(232,1,233),(233,1,234),(234,1,235),(235,1,236),(236,1,237),(237,1,238),(238,1,243),(239,1,244),(240,1,245),(241,1,246),(242,1,247),(243,1,248),(244,1,249),(245,1,250),(246,1,251),(247,1,252),(248,1,253),(249,1,254),(250,1,255),(251,1,256),(252,1,257),(253,1,258),(254,1,259),(255,1,260),(256,1,261),(257,1,262),(258,1,263),(259,1,264),(260,1,265),(261,1,266),(262,1,267),(263,1,268),(264,1,269),(265,1,270),(266,1,271),(267,1,272),(268,1,273),(269,1,274),(270,1,275),(271,1,276),(272,1,277),(273,1,278),(274,1,279),(275,1,280),(276,1,281),(277,1,282),(278,1,283),(279,1,284),(280,1,285),(281,1,286),(282,1,287),(283,1,288),(284,1,289),(285,1,290),(286,1,291),(287,1,292),(288,1,293),(289,1,294),(290,1,295),(291,1,296),(292,1,297),(293,1,298),(294,1,299),(295,1,300),(296,1,301),(297,1,302),(298,1,303),(299,1,304),(300,1,305),(301,1,306),(302,1,307),(303,1,308),(304,1,309),(305,1,310),(306,1,311),(307,1,312),(308,1,313),(309,1,314),(310,1,315),(311,1,316),(312,1,317),(313,1,318),(314,1,319),(315,1,320),(316,1,321),(317,1,322),(318,1,323),(319,1,324),(320,1,325),(321,1,326),(322,1,327),(323,1,328),(324,1,329),(325,1,330),(326,1,331),(327,1,332),(328,1,333),(329,1,334),(330,1,335),(331,1,336),(332,1,337),(333,1,338),(334,1,339),(335,1,340),(336,1,341),(337,1,342),(338,1,343),(339,1,344),(340,1,345),(341,1,346),(342,1,347),(343,1,348),(344,1,349),(345,1,350),(346,1,351),(347,1,352),(348,1,353),(349,1,354),(350,1,355),(351,1,356),(352,1,357),(353,1,358),(354,1,359),(355,1,360),(356,1,361),(357,1,362),(358,1,363),(359,1,364),(360,1,365),(361,1,366),(362,1,367),(363,1,368),(364,1,369),(365,1,370),(366,1,371),(367,1,372),(368,1,373),(369,1,374),(370,1,375),(371,1,376),(372,1,377),(373,1,378),(374,1,379),(375,1,380),(376,1,381),(377,1,382),(378,1,383),(379,1,384),(380,1,385),(381,1,386),(382,1,387),(383,1,388),(384,1,389),(385,1,390),(386,1,391),(387,1,392),(388,1,393),(389,1,394),(390,1,395),(391,1,396),(392,1,397),(393,1,398),(394,1,399),(395,1,400),(396,1,401),(397,1,402),(398,1,403),(399,1,404),(400,1,405),(401,1,406),(402,1,407),(403,1,408),(404,1,409),(405,1,410),(406,1,411),(407,1,412),(408,1,413),(409,1,414),(410,1,415),(411,1,416),(412,1,417),(413,1,418),(414,1,419),(415,1,420),(416,1,421),(417,1,422),(418,1,423),(419,1,424),(420,1,425),(421,1,426),(422,1,427),(423,1,428),(424,1,429),(425,1,430),(426,1,431),(427,1,432),(428,1,433),(429,1,434),(430,1,435),(431,1,436),(432,1,437),(433,1,438),(434,1,439),(435,1,440),(436,1,441),(437,1,442),(438,1,443),(439,1,444),(440,1,445),(441,1,446),(442,1,447),(443,1,448),(444,1,449),(445,1,450),(446,1,451),(447,1,452),(448,1,453),(449,1,454),(450,1,455),(451,1,456),(452,1,457),(453,1,458),(454,1,459),(455,1,460),(456,1,461),(457,1,462),(458,1,463),(459,1,464),(460,1,465),(461,1,466),(462,1,467),(463,1,468),(464,1,469),(465,1,470),(466,1,471),(467,1,472),(468,1,473),(469,1,474),(470,1,475),(471,1,476),(472,1,477),(473,1,478),(474,1,479),(475,1,480),(476,1,481),(477,1,482),(478,1,483),(479,1,484),(480,1,485),(481,1,486),(482,1,487),(483,1,488),(484,1,489),(485,1,490),(486,1,491),(487,1,492),(488,1,493),(489,1,494),(490,1,495),(491,1,496),(492,1,497),(493,1,498),(494,1,499),(495,1,500),(496,1,501),(497,1,502),(498,1,503),(499,1,504),(500,1,505),(501,1,506),(502,1,507),(503,1,508),(504,1,509),(505,1,510),(506,1,511),(507,1,512),(508,1,513),(509,1,514),(510,1,515),(511,1,516),(512,1,517),(513,1,518),(514,1,519),(515,1,520),(516,1,521),(517,1,522),(518,1,523),(519,1,524),(520,1,525),(521,1,526),(522,1,527),(523,1,528),(524,1,529),(525,1,530),(526,1,531),(527,1,532),(528,1,533),(529,1,534),(530,1,535),(531,1,536),(532,1,537),(533,1,538),(534,1,539),(535,1,540),(536,1,541),(537,1,542),(538,1,543),(539,1,544),(540,1,545),(541,1,546),(542,1,547),(543,1,548),(544,1,549),(545,1,550),(546,1,551),(547,1,552),(548,1,553),(549,1,554),(550,1,555),(551,1,556),(552,1,557),(553,1,558),(554,1,559),(555,1,560),(556,1,561),(557,1,562),(558,1,563),(559,1,564),(560,1,565),(561,1,566),(562,1,567),(563,1,568),(564,1,569),(565,1,570),(566,1,571),(567,1,572),(568,1,573),(569,1,574),(570,1,575),(571,1,576),(572,1,577),(573,1,578),(574,1,579),(575,1,580),(576,1,581),(577,1,582),(578,1,583),(579,1,584),(580,1,585),(581,1,586),(582,1,587),(583,1,588),(584,1,589),(585,1,590),(586,1,591),(587,1,592),(588,1,593),(589,1,594),(590,1,595),(591,1,596),(592,1,597),(593,1,598),(594,1,599),(595,1,600),(596,1,601),(597,1,602),(598,1,603),(599,1,604),(600,1,607),(601,1,608),(602,1,609),(603,1,610),(604,1,611),(605,1,612),(606,1,613),(607,1,614),(608,1,615),(609,1,616),(610,1,617),(611,1,618),(612,1,619),(613,1,620),(614,1,621),(615,1,622),(616,1,623),(617,1,624),(618,1,625),(619,1,626),(620,1,627),(621,1,628),(622,1,629),(623,1,630),(624,1,631),(625,1,632),(626,1,633),(627,1,634),(628,1,635),(629,1,636),(630,1,637),(631,1,638),(632,1,639),(633,1,640),(634,1,641),(635,1,642),(636,1,643),(637,1,644),(638,1,645),(639,1,646),(640,1,647),(641,1,648),(642,1,649),(643,1,650),(644,1,651),(645,1,652),(646,1,653),(647,1,654),(648,1,655),(649,1,656),(650,1,657),(651,1,658),(652,1,659),(653,1,660),(654,1,661),(655,1,662),(656,1,663),(657,1,664),(658,1,665),(659,1,666),(660,1,667),(661,1,668),(662,1,669),(663,1,670),(664,1,671),(665,1,672),(666,1,673),(667,1,674),(668,1,675),(669,1,676),(670,1,677),(671,1,678),(672,1,679),(673,1,680),(674,1,681),(675,1,682),(676,1,683),(677,1,684),(678,1,685),(679,1,686),(680,1,687),(681,1,688),(682,1,689),(683,1,690),(684,1,691),(685,1,692),(686,1,693),(687,1,694),(688,1,695),(689,1,696),(690,1,697),(691,1,698),(692,1,699),(693,1,700),(694,1,701),(695,1,702),(696,1,703),(697,1,704),(698,1,705),(699,1,706),(700,1,707),(701,1,708),(702,1,709),(703,1,710),(704,1,711),(705,1,712),(706,1,713),(707,1,714),(708,1,715),(709,1,716),(710,1,717),(711,1,718),(712,1,719),(713,1,720),(714,1,721),(715,1,722),(716,1,723),(717,1,724),(718,1,725),(719,1,729),(720,1,731),(721,1,732),(722,1,733),(723,1,734),(724,1,735),(725,1,736),(726,1,737),(727,1,738),(728,1,739),(729,1,741),(730,1,742),(731,1,743),(732,1,744),(733,1,745),(734,1,746),(735,1,747),(736,1,748),(737,1,749),(738,1,750),(739,1,751),(740,1,752),(741,1,753),(742,1,754),(743,1,755),(744,1,756),(745,1,757),(746,1,758),(747,1,759),(748,1,760),(749,1,761),(750,1,762),(751,1,763),(752,1,764),(753,1,765),(754,1,766),(755,1,767),(756,1,768),(757,1,769),(758,1,770),(759,1,771),(760,1,772),(761,1,773),(762,1,774),(763,1,775),(764,1,776),(765,1,777),(766,1,778),(767,1,779),(768,1,780),(769,1,781),(770,1,782),(771,1,783),(772,1,784),(773,1,785),(774,1,786),(775,1,787),(776,1,788),(777,1,789),(778,1,790),(779,1,791),(780,1,792),(781,1,793),(782,1,794),(783,1,795),(784,1,796),(785,1,797),(786,1,798),(787,1,799),(788,1,800),(789,1,801),(790,1,802),(791,1,803),(792,1,804),(793,1,805),(794,1,806),(795,1,807),(796,1,808),(797,1,809),(798,1,812),(799,1,813),(800,1,814),(801,1,815),(802,1,816),(803,1,817),(804,1,818),(805,1,819),(806,1,820),(807,1,821),(808,1,822),(809,1,823),(810,1,824),(811,1,825),(812,1,826),(813,1,827),(814,1,828),(815,1,829),(816,1,830),(817,1,831),(818,1,832),(819,1,833),(820,1,834),(821,1,835),(822,1,836),(823,1,837),(824,1,838),(825,1,839),(826,1,840),(827,1,841),(828,1,842),(829,1,843),(830,1,844),(831,1,845),(832,1,846),(833,1,847),(834,1,848),(835,1,849),(836,1,850),(837,1,851),(838,1,852),(839,1,853),(840,1,854),(841,1,855),(842,1,856),(843,1,857),(844,1,858),(845,1,859),(846,1,860),(847,1,861),(848,1,862),(849,1,863),(850,1,864),(851,1,865),(852,1,866),(853,1,867),(854,1,868),(855,1,869),(856,1,870),(857,1,871),(858,1,872),(859,1,873),(860,1,874),(861,1,875),(862,1,876),(863,1,877),(864,1,878),(865,1,879),(866,1,880),(867,1,881),(868,1,882),(869,1,883),(870,1,884),(871,1,885),(872,1,886),(873,1,887),(874,1,888),(875,1,889),(876,1,890),(877,1,891),(878,1,892),(879,1,893),(880,1,894),(881,1,895),(882,1,896),(883,1,897),(884,1,898),(885,1,899),(886,1,900),(887,1,901),(888,1,902),(889,1,903),(890,1,904),(891,1,905),(892,1,906),(893,1,907),(894,1,908),(895,1,911),(896,1,912),(897,1,913),(898,1,914),(899,1,915),(900,1,916),(901,1,917),(902,1,918),(903,1,919),(904,1,920),(905,1,921),(906,1,922),(907,1,923),(908,1,924),(909,1,925),(910,1,926),(911,1,927),(912,1,928),(913,1,929),(914,1,930),(915,1,931),(916,1,932),(917,1,933),(918,1,934),(919,1,935),(920,1,936),(921,1,937),(922,1,938),(923,1,939),(924,1,940),(925,1,941),(926,1,942),(927,1,943),(928,1,944),(929,1,945),(930,1,946),(931,1,947),(932,1,948),(933,1,949),(934,1,950),(935,1,951),(936,1,952),(937,1,953),(938,1,954),(939,1,955),(940,1,956),(941,1,957),(942,1,958),(943,1,959),(944,1,960),(945,1,961),(946,1,962),(947,1,963),(948,1,964),(949,1,965),(950,1,966),(951,1,967),(952,1,968),(953,1,969),(954,1,970),(955,1,971),(956,1,972),(957,1,973),(958,1,974),(959,1,975),(960,1,976),(961,1,977),(962,1,978),(963,1,979),(964,1,980),(965,1,981),(966,1,982),(967,1,984),(968,1,985),(969,1,986),(970,1,987),(971,1,988),(972,1,989),(973,1,990),(974,1,991),(975,1,992),(976,1,993),(977,1,994),(978,1,995),(979,1,996),(980,1,997),(981,1,998),(982,1,999),(983,1,1000),(984,1,1001),(985,1,1002),(986,1,1003),(987,1,1004),(988,1,1005),(989,1,1006),(990,1,1007),(991,1,1008),(992,1,1009),(993,1,1010),(994,1,1011),(995,1,1012),(996,1,1013),(997,1,1014),(998,1,1015),(999,1,1016),(1000,1,1017),(1001,1,1018),(1002,1,1020),(1003,1,1021),(1004,1,1022),(1005,1,1023),(1006,1,1024),(1007,1,1025),(1008,1,1026),(1009,1,1027),(1010,1,1028),(1011,1,1029),(1012,1,1030),(1013,1,1035),(1014,1,1036),(1015,1,1037),(1016,1,1038),(1017,1,1039),(1018,1,1040),(1019,1,1041),(1020,1,1042),(1021,1,1043),(1022,1,1044),(1023,1,1045),(1024,1,1046),(1025,1,1047),(1026,1,1048),(1027,1,1049),(1028,1,1050),(1029,1,1051),(1030,1,1052),(1031,1,1053),(1032,1,1054),(1033,1,1055),(1034,1,1056),(1035,1,1057),(1036,1,1058),(1037,1,1059),(1038,1,1060),(1039,1,1061),(1040,1,1062),(1041,1,1063),(1042,1,1065),(1043,1,1066),(1044,1,1067),(1045,1,1068),(1046,1,1069),(1047,1,1070),(1048,1,1071),(1049,1,1072),(1050,1,1073),(1051,1,1074),(1052,1,1075),(1053,1,1078),(1054,1,1079),(1055,1,1080),(1056,1,1081),(1057,1,1082),(1058,1,1083),(1059,1,1084),(1060,1,1085),(1061,1,1086),(1062,1,1087),(1063,1,1088),(1064,1,1089),(1065,1,1090),(1066,1,1091),(1067,1,1092),(1068,1,1093),(1069,1,1094),(1070,1,1095),(1071,1,1096),(1072,1,1097),(1073,1,1098),(1074,1,1099),(1075,1,1100),(1076,1,1101),(1077,1,1102),(1078,1,1103),(1079,1,1104),(1080,1,1105);

--
-- Table structure for table `branch_menu`
--

CREATE TABLE `branch_menu` (
  `id` bigint unsigned NOT NULL AUTO_INCREMENT,
  `branch_id` bigint unsigned NOT NULL,
  `menu_id` bigint unsigned NOT NULL,
  PRIMARY KEY (`id`),
  KEY `branch_menu_branch_id_foreign` (`branch_id`),
  KEY `branch_menu_menu_id_foreign` (`menu_id`),
  CONSTRAINT `branch_menu_branch_id_foreign` FOREIGN KEY (`branch_id`) REFERENCES `branches` (`id`),
  CONSTRAINT `branch_menu_menu_id_foreign` FOREIGN KEY (`menu_id`) REFERENCES `menus` (`id`)
) ENGINE=InnoDB DEFAULT CHARSET=utf8mb4 COLLATE=utf8mb4_unicode_ci;

--
-- Dumping data for table `branch_menu`
--


--
-- Table structure for table `branch_tax`
--

CREATE TABLE `branch_tax` (
  `id` bigint unsigned NOT NULL AUTO_INCREMENT,
  `branch_id` bigint unsigned NOT NULL,
  `tax_id` bigint unsigned NOT NULL,
  `purchases_account_id` bigint unsigned NOT NULL,
  `returned_purchases_account_id` bigint unsigned NOT NULL,
  `sales_account_id` bigint unsigned NOT NULL,
  `returned_sales_account_id` bigint unsigned NOT NULL,
  PRIMARY KEY (`id`),
  KEY `branch_tax_branch_id_foreign` (`branch_id`),
  KEY `branch_tax_tax_id_foreign` (`tax_id`),
  KEY `branch_tax_purchases_account_id_foreign` (`purchases_account_id`),
  KEY `branch_tax_returned_purchases_account_id_foreign` (`returned_purchases_account_id`),
  KEY `branch_tax_sales_account_id_foreign` (`sales_account_id`),
  KEY `branch_tax_returned_sales_account_id_foreign` (`returned_sales_account_id`),
  CONSTRAINT `branch_tax_branch_id_foreign` FOREIGN KEY (`branch_id`) REFERENCES `branches` (`id`),
  CONSTRAINT `branch_tax_purchases_account_id_foreign` FOREIGN KEY (`purchases_account_id`) REFERENCES `accounts` (`id`),
  CONSTRAINT `branch_tax_returned_purchases_account_id_foreign` FOREIGN KEY (`returned_purchases_account_id`) REFERENCES `accounts` (`id`),
  CONSTRAINT `branch_tax_returned_sales_account_id_foreign` FOREIGN KEY (`returned_sales_account_id`) REFERENCES `accounts` (`id`),
  CONSTRAINT `branch_tax_sales_account_id_foreign` FOREIGN KEY (`sales_account_id`) REFERENCES `accounts` (`id`),
  CONSTRAINT `branch_tax_tax_id_foreign` FOREIGN KEY (`tax_id`) REFERENCES `taxes` (`id`)
) ENGINE=InnoDB AUTO_INCREMENT=6 DEFAULT CHARSET=utf8mb4 COLLATE=utf8mb4_unicode_ci;

--
-- Dumping data for table `branch_tax`
--

INSERT INTO `branch_tax` VALUES (1,1,1,72,72,72,72),(2,1,2,72,72,72,72),(3,1,3,72,72,72,72),(4,1,4,72,72,72,72),(5,1,5,72,72,72,72);

--
-- Table structure for table `branch_types`
--

CREATE TABLE `branch_types` (
  `id` bigint unsigned NOT NULL AUTO_INCREMENT,
  `name` varchar(191) CHARACTER SET utf8mb4 COLLATE utf8mb4_unicode_ci NOT NULL,
  PRIMARY KEY (`id`)
) ENGINE=InnoDB DEFAULT CHARSET=utf8mb4 COLLATE=utf8mb4_unicode_ci;

--
-- Dumping data for table `branch_types`
--


--
-- Table structure for table `branches`
--

CREATE TABLE `branches` (
  `id` bigint unsigned NOT NULL AUTO_INCREMENT,
  `name` varchar(191) CHARACTER SET utf8mb4 COLLATE utf8mb4_unicode_ci NOT NULL,
  `copy_prices_from_branch_id` bigint unsigned DEFAULT NULL,
  `responsible_name` varchar(191) CHARACTER SET utf8mb4 COLLATE utf8mb4_unicode_ci DEFAULT NULL,
  `type_id` bigint unsigned DEFAULT NULL,
  `cost_center_id` bigint unsigned DEFAULT NULL,
  `address` varchar(191) CHARACTER SET utf8mb4 COLLATE utf8mb4_unicode_ci DEFAULT NULL,
  `phone` varchar(191) CHARACTER SET utf8mb4 COLLATE utf8mb4_unicode_ci DEFAULT NULL,
  `fax` varchar(191) CHARACTER SET utf8mb4 COLLATE utf8mb4_unicode_ci DEFAULT NULL,
  `maximum_purchase_monthly` double DEFAULT NULL,
  `purchases_under_tax` tinyint(1) NOT NULL DEFAULT '0',
  `sales_under_tax` tinyint(1) NOT NULL DEFAULT '0',
  `sales_tax_id` bigint unsigned DEFAULT NULL,
  `is_temp` tinyint(1) NOT NULL DEFAULT '0',
  `status` tinyint(1) NOT NULL DEFAULT '1',
  `is_default` tinyint(1) NOT NULL DEFAULT '0',
  `created_at` timestamp NULL DEFAULT NULL,
  `updated_at` timestamp NULL DEFAULT NULL,
  PRIMARY KEY (`id`),
  UNIQUE KEY `branches_name_unique` (`name`),
  KEY `branches_type_id_foreign` (`type_id`),
  KEY `branches_cost_center_id_foreign` (`cost_center_id`),
  KEY `branches_sales_tax_id_foreign` (`sales_tax_id`),
  CONSTRAINT `branches_cost_center_id_foreign` FOREIGN KEY (`cost_center_id`) REFERENCES `cost_centers` (`id`),
  CONSTRAINT `branches_sales_tax_id_foreign` FOREIGN KEY (`sales_tax_id`) REFERENCES `taxes` (`id`),
  CONSTRAINT `branches_type_id_foreign` FOREIGN KEY (`type_id`) REFERENCES `branch_types` (`id`)
) ENGINE=InnoDB AUTO_INCREMENT=2 DEFAULT CHARSET=utf8mb4 COLLATE=utf8mb4_unicode_ci;

--
-- Dumping data for table `branches`
--

INSERT INTO `branches` VALUES (1,'مستودع رئيسي',NULL,NULL,NULL,NULL,NULL,NULL,NULL,NULL,0,0,NULL,0,1,1,'2024-01-20 16:47:38','2024-01-20 16:47:38');

--
-- Table structure for table `building_types`
--

CREATE TABLE `building_types` (
  `id` bigint unsigned NOT NULL AUTO_INCREMENT,
  `name` varchar(191) CHARACTER SET utf8mb4 COLLATE utf8mb4_unicode_ci NOT NULL,
  PRIMARY KEY (`id`)
) ENGINE=InnoDB AUTO_INCREMENT=5 DEFAULT CHARSET=utf8mb4 COLLATE=utf8mb4_unicode_ci;

--
-- Dumping data for table `building_types`
--

INSERT INTO `building_types` VALUES (1,'شقق سكنية'),(2,'مجمع تجاري'),(3,'كومباوند فلل'),(4,'شقق فنادق');

--
-- Table structure for table `buildings`
--

CREATE TABLE `buildings` (
  `id` bigint unsigned NOT NULL AUTO_INCREMENT,
  `building_type_id` bigint unsigned DEFAULT NULL,
  `title` varchar(191) CHARACTER SET utf8mb4 COLLATE utf8mb4_unicode_ci NOT NULL,
  `area` double(10,3) NOT NULL,
  `shops_area` double(10,3) NOT NULL,
  `booths_area` double(10,3) NOT NULL,
  `number` varchar(191) CHARACTER SET utf8mb4 COLLATE utf8mb4_unicode_ci NOT NULL,
  `earth_place` text CHARACTER SET utf8mb4 COLLATE utf8mb4_unicode_ci,
  `attachments` text CHARACTER SET utf8mb4 COLLATE utf8mb4_unicode_ci,
  `starting_work_permit_date` date DEFAULT NULL,
  `expire_work_permit_date` date DEFAULT NULL,
  `notice` text CHARACTER SET utf8mb4 COLLATE utf8mb4_unicode_ci,
  `created_at` timestamp NULL DEFAULT NULL,
  `updated_at` timestamp NULL DEFAULT NULL,
  PRIMARY KEY (`id`),
  KEY `buildings_building_type_id_foreign` (`building_type_id`),
  CONSTRAINT `buildings_building_type_id_foreign` FOREIGN KEY (`building_type_id`) REFERENCES `building_types` (`id`)
) ENGINE=InnoDB DEFAULT CHARSET=utf8mb4 COLLATE=utf8mb4_unicode_ci;

--
-- Dumping data for table `buildings`
--


--
-- Table structure for table `cart_items`
--

CREATE TABLE `cart_items` (
  `id` bigint unsigned NOT NULL AUTO_INCREMENT,
  `representative_id` bigint unsigned NOT NULL,
  `barcode_id` bigint unsigned NOT NULL,
  `quantity` double NOT NULL,
  `price` double DEFAULT NULL,
  `branch_id` bigint unsigned NOT NULL,
  PRIMARY KEY (`id`),
  KEY `cart_items_representative_id_foreign` (`representative_id`),
  KEY `cart_items_barcode_id_foreign` (`barcode_id`),
  KEY `cart_items_branch_id_foreign` (`branch_id`),
  CONSTRAINT `cart_items_barcode_id_foreign` FOREIGN KEY (`barcode_id`) REFERENCES `barcodes` (`id`),
  CONSTRAINT `cart_items_branch_id_foreign` FOREIGN KEY (`branch_id`) REFERENCES `branches` (`id`),
  CONSTRAINT `cart_items_representative_id_foreign` FOREIGN KEY (`representative_id`) REFERENCES `representatives` (`id`)
) ENGINE=InnoDB DEFAULT CHARSET=utf8mb4 COLLATE=utf8mb4_unicode_ci;

--
-- Dumping data for table `cart_items`
--


--
-- Table structure for table `cash_devices`
--

CREATE TABLE `cash_devices` (
  `id` bigint unsigned NOT NULL AUTO_INCREMENT,
  `ar_name` varchar(191) CHARACTER SET utf8mb4 COLLATE utf8mb4_unicode_ci DEFAULT NULL,
  `en_name` varchar(191) CHARACTER SET utf8mb4 COLLATE utf8mb4_unicode_ci DEFAULT NULL,
  `branch_id` bigint unsigned DEFAULT NULL,
  `custody_on_boxes` double(13,4) NOT NULL DEFAULT '0.0000',
  `is_active` tinyint(1) NOT NULL DEFAULT '1',
  `mac_address` varchar(191) CHARACTER SET utf8mb4 COLLATE utf8mb4_unicode_ci DEFAULT NULL,
  `printers` varchar(191) CHARACTER SET utf8mb4 COLLATE utf8mb4_unicode_ci DEFAULT NULL,
  `drawer_device` text CHARACTER SET utf8mb4 COLLATE utf8mb4_unicode_ci,
  `created_at` timestamp NULL DEFAULT NULL,
  `updated_at` timestamp NULL DEFAULT NULL,
  PRIMARY KEY (`id`),
  KEY `cash_devices_branch_id_foreign` (`branch_id`),
  CONSTRAINT `cash_devices_branch_id_foreign` FOREIGN KEY (`branch_id`) REFERENCES `branches` (`id`)
) ENGINE=InnoDB DEFAULT CHARSET=utf8mb4 COLLATE=utf8mb4_unicode_ci;

--
-- Dumping data for table `cash_devices`
--


--
-- Table structure for table `categories`
--

CREATE TABLE `categories` (
  `id` bigint unsigned NOT NULL AUTO_INCREMENT,
  `number` varchar(191) CHARACTER SET utf8mb4 COLLATE utf8mb4_unicode_ci NOT NULL,
  `name` varchar(191) CHARACTER SET utf8mb4 COLLATE utf8mb4_unicode_ci NOT NULL,
  `parent_id` bigint unsigned DEFAULT NULL,
  `dedicated_space` double DEFAULT NULL,
  `level` int NOT NULL,
  PRIMARY KEY (`id`),
  KEY `categories_parent_id_foreign` (`parent_id`),
  CONSTRAINT `categories_parent_id_foreign` FOREIGN KEY (`parent_id`) REFERENCES `categories` (`id`)
) ENGINE=InnoDB AUTO_INCREMENT=16 DEFAULT CHARSET=utf8mb4 COLLATE=utf8mb4_unicode_ci;

--
-- Dumping data for table `categories`
--

INSERT INTO `categories` VALUES (1,'100','مواد حديد',NULL,NULL,1),(2,'200','مواد صاج',NULL,NULL,1),(3,'300','مواد دهان',NULL,NULL,1),(4,'400','مواد براغي',NULL,NULL,1),(5,'500','مواد لوازم تصنيع',NULL,NULL,1),(6,'600','مواد باطون واسمنت',NULL,NULL,1),(7,'700','ساندويتش بانل',NULL,NULL,1),(8,'800','رمل وحصمه',NULL,NULL,1),(9,'900','ألمنيوم + ستانليس ستنيل',NULL,NULL,1),(10,'1000','مواد حقن وعزل',NULL,NULL,1),(11,'1100','سيراميك وبورسلان',NULL,NULL,1),(12,'1200','اجهزة واثاث',NULL,NULL,1),(13,'1300','خشب',NULL,NULL,1),(14,'1400','مواد قصارة',NULL,NULL,1),(15,'1500','مواد بلاستيكية',NULL,NULL,1);

--
-- Table structure for table `category_connection_codes`
--

CREATE TABLE `category_connection_codes` (
  `id` bigint unsigned NOT NULL AUTO_INCREMENT,
  `code` varchar(191) CHARACTER SET utf8mb4 COLLATE utf8mb4_unicode_ci NOT NULL,
  `account_type` varchar(191) CHARACTER SET utf8mb4 COLLATE utf8mb4_unicode_ci DEFAULT NULL,
  `label` varchar(191) CHARACTER SET utf8mb4 COLLATE utf8mb4_unicode_ci NOT NULL,
  PRIMARY KEY (`id`)
) ENGINE=InnoDB AUTO_INCREMENT=8 DEFAULT CHARSET=utf8mb4 COLLATE=utf8mb4_unicode_ci;

--
-- Dumping data for table `category_connection_codes`
--

INSERT INTO `category_connection_codes` VALUES (1,'finalSales','finalSales','المبيعات'),(2,'finalReturnedSales','finalReturnedSales','مردود المبيعات'),(3,'finalPurchases','finalPurchases','المشتريات'),(4,'finalReturnedPurchases','finalReturnedPurchases','مردود المشتريات'),(5,'inventory','inventory','البضاعة'),(6,'inventoryCost','inventory','كلفة البضاغة'),(7,'warehousesExchange','','صرف مستودعي');

--
-- Table structure for table `chart_widget_group_items`
--

CREATE TABLE `chart_widget_group_items` (
  `id` bigint unsigned NOT NULL AUTO_INCREMENT,
  `chart_widget_group_id` bigint unsigned NOT NULL,
  `account_id` bigint unsigned NOT NULL,
  PRIMARY KEY (`id`),
  KEY `chart_widget_group_items_chart_widget_group_id_foreign` (`chart_widget_group_id`),
  KEY `chart_widget_group_items_account_id_foreign` (`account_id`),
  CONSTRAINT `chart_widget_group_items_account_id_foreign` FOREIGN KEY (`account_id`) REFERENCES `accounts` (`id`),
  CONSTRAINT `chart_widget_group_items_chart_widget_group_id_foreign` FOREIGN KEY (`chart_widget_group_id`) REFERENCES `chart_widget_groups` (`id`)
) ENGINE=InnoDB AUTO_INCREMENT=40 DEFAULT CHARSET=utf8mb4 COLLATE=utf8mb4_unicode_ci;

--
-- Dumping data for table `chart_widget_group_items`
--


--
-- Table structure for table `chart_widget_groups`
--

CREATE TABLE `chart_widget_groups` (
  `id` bigint unsigned NOT NULL AUTO_INCREMENT,
  `chart_widget_id` bigint unsigned NOT NULL,
  `name` varchar(191) CHARACTER SET utf8mb4 COLLATE utf8mb4_unicode_ci NOT NULL,
  PRIMARY KEY (`id`),
  KEY `chart_widget_groups_chart_widget_id_foreign` (`chart_widget_id`),
  CONSTRAINT `chart_widget_groups_chart_widget_id_foreign` FOREIGN KEY (`chart_widget_id`) REFERENCES `chart_widgets` (`id`)
) ENGINE=InnoDB AUTO_INCREMENT=40 DEFAULT CHARSET=utf8mb4 COLLATE=utf8mb4_unicode_ci;

--
-- Dumping data for table `chart_widget_groups`
--


--
-- Table structure for table `chart_widgets`
--

CREATE TABLE `chart_widgets` (
  `id` bigint unsigned NOT NULL AUTO_INCREMENT,
  `name` varchar(191) CHARACTER SET utf8mb4 COLLATE utf8mb4_unicode_ci NOT NULL,
  `width` double NOT NULL DEFAULT '100',
  `is_visible` tinyint(1) NOT NULL DEFAULT '1',
  `is_default` tinyint(1) NOT NULL DEFAULT '0',
  `order` int NOT NULL DEFAULT '1',
  `chart_key` varchar(191) CHARACTER SET utf8mb4 COLLATE utf8mb4_unicode_ci DEFAULT NULL,
  `data_type` varchar(191) CHARACTER SET utf8mb4 COLLATE utf8mb4_unicode_ci NOT NULL COMMENT 'accounts,rentals',
  `chart_shape` varchar(191) CHARACTER SET utf8mb4 COLLATE utf8mb4_unicode_ci NOT NULL DEFAULT 'line' COMMENT 'line,bar,doughnut,table',
  `created_at` timestamp NULL DEFAULT NULL,
  `updated_at` timestamp NULL DEFAULT NULL,
  PRIMARY KEY (`id`)
) ENGINE=InnoDB AUTO_INCREMENT=7 DEFAULT CHARSET=utf8mb4 COLLATE=utf8mb4_unicode_ci;

--
-- Dumping data for table `chart_widgets`
--


--
-- Table structure for table `code_functions`
--

CREATE TABLE `code_functions` (
  `id` bigint unsigned NOT NULL AUTO_INCREMENT,
  `name` varchar(191) CHARACTER SET utf8mb4 COLLATE utf8mb4_unicode_ci NOT NULL,
  `section_id` bigint unsigned NOT NULL,
  `code` varchar(191) CHARACTER SET utf8mb4 COLLATE utf8mb4_unicode_ci NOT NULL,
  PRIMARY KEY (`id`),
  KEY `code_functions_section_id_foreign` (`section_id`),
  CONSTRAINT `code_functions_section_id_foreign` FOREIGN KEY (`section_id`) REFERENCES `code_sections` (`id`)
) ENGINE=InnoDB AUTO_INCREMENT=8673 DEFAULT CHARSET=utf8mb4 COLLATE=utf8mb4_unicode_ci;

--
-- Dumping data for table `code_functions`
--

INSERT INTO `code_functions` VALUES (8241,'مشاهدة',1983,'show'),(8242,'إضافة',1983,'add'),(8243,'تعديل',1983,'edit'),(8244,'حذف',1983,'delete'),(8245,'مشاهدة',1984,'show'),(8246,'تهيئة الأرصدة الافتتاحية',1984,'initialize'),(8247,'إضافة',1985,'add'),(8248,'تعديل',1985,'edit'),(8249,'حذف',1985,'delete'),(8250,'تدقيق',1986,'audit'),(8251,'الغاء التدقيق',1986,'unaudit'),(8252,'ترحيل',1986,'post'),(8253,'الغاء الترحيل',1986,'unpost'),(8254,'مشاهدة',1987,'show'),(8255,'إضافة',1987,'add'),(8256,'تعديل',1987,'edit'),(8257,'حذف',1987,'delete'),(8258,'ترحيل',1987,'post'),(8259,'نسخ',1987,'clone'),(8260,'الغاء ترحيل',1987,'unpost'),(8261,'تدقيق',1987,'audit'),(8262,'الغاء تدقيق',1987,'unaudit'),(8263,'مشاهدة',1988,'show'),(8264,'إضافة',1988,'add'),(8265,'تعديل',1988,'edit'),(8266,'حذف',1988,'delete'),(8267,'ترحيل',1988,'post'),(8268,'الغاء ترحيل',1988,'unpost'),(8269,'تدقيق',1988,'audit'),(8270,'الغاء تدقيق',1988,'unaudit'),(8271,'مشاهدة',1989,'show'),(8272,'إضافة',1989,'add'),(8273,'تعديل',1989,'edit'),(8274,'حذف',1989,'delete'),(8275,'ترحيل',1989,'post'),(8276,'الغاء ترحيل',1989,'unpost'),(8277,'تدقيق',1989,'audit'),(8278,'الغاء تدقيق',1989,'unaudit'),(8279,'مشاهدة',1990,'show'),(8280,'إضافة',1990,'add'),(8281,'تعديل',1990,'edit'),(8282,'حذف',1990,'delete'),(8283,'ترحيل',1990,'post'),(8284,'الغاء ترحيل',1990,'unpost'),(8285,'تدقيق',1990,'audit'),(8286,'الغاء تدقيق',1990,'unaudit'),(8287,'مشاهدة',1991,'show'),(8288,'إضافة',1991,'add'),(8289,'تعديل',1991,'edit'),(8290,'حذف',1991,'delete'),(8291,'ترحيل',1991,'post'),(8292,'الغاء الترحيل',1991,'unpost'),(8293,'تدقيق',1991,'audit'),(8294,'الغاء تدقيق',1991,'unaudit'),(8295,'مشاهدة',1992,'show'),(8296,'إضافة',1992,'add'),(8297,'تعديل',1992,'edit'),(8298,'حذف',1992,'delete'),(8299,'ترحيل',1992,'post'),(8300,'الغاء ترحيل',1992,'unpost'),(8301,'تدقيق',1992,'audit'),(8302,'الغاء تدقيق',1992,'unaudit'),(8303,'مشاهدة',1993,'show'),(8304,'إضافة',1993,'add'),(8305,'تعديل',1993,'edit'),(8306,'حذف',1993,'delete'),(8307,'ترحيل',1993,'post'),(8308,'الغاء ترحيل',1993,'unpost'),(8309,'تدقيق',1993,'audit'),(8310,'الغاء تدقيق',1993,'unaudit'),(8311,'مشاهدة',1994,'show'),(8312,'ترحيل/إيداع',1995,'post'),(8313,'الغاء ترحيل',1995,'unpost'),(8314,'تغيير/تأجيل',1995,'change'),(8315,'إرجاع/الغاء',1995,'return'),(8316,'تحويل/تجيير',1995,'convert'),(8317,'الغاء تحويل/تجيير',1995,'unconvert'),(8318,'ترحيل/إيداع',1996,'post'),(8319,'الغاء ترحيل',1996,'unpost'),(8320,'تغيير/تأجيل',1996,'change'),(8321,'إرجاع/الغاء',1996,'return'),(8322,'مشاهدة',1997,'show'),(8323,'إضافة',1997,'add'),(8324,'تعديل',1997,'edit'),(8325,'قائمة الدخل',1998,'incomeList'),(8326,'أرصدة الحسابات الشهرية',1998,'monthlyAccountBalance'),(8327,'تحليل المصاريف',1998,'outlaysAnalysis'),(8328,'أرصدة الحسابات الإجمالية',1998,'totalAccountBalance'),(8329,'ميزان المراجعة',1998,'trialBalance'),(8330,'كشف مراكز الكلف',1998,'costCentersStatement'),(8331,'كشف مراكز الكلف التفصيلي',1998,'detailedCostCenterStatement'),(8332,'مشاهدة',1999,'show'),(8333,'إضافة',1999,'add'),(8334,'تعديل',1999,'edit'),(8335,'حذف',1999,'delete'),(8336,'مشاهدة',2000,'show'),(8337,'إضافة',2000,'add'),(8338,'تعديل',2000,'edit'),(8339,'حذف',2000,'delete'),(8340,'كشف الذمم التفصيلي',2001,'detailedStatement'),(8341,'كشف أعمار الذمم',2001,'receivableAccountAging'),(8342,'إضافة',2002,'add'),(8343,'تعديل',2002,'edit'),(8344,'حذف',2002,'delete'),(8345,'إضافة',2003,'add'),(8346,'تعديل',2003,'edit'),(8347,'حذف',2003,'delete'),(8348,'إضافة',2004,'add'),(8349,'تعديل',2004,'edit'),(8350,'حذف',2004,'delete'),(8351,'مشاهدة الحركات للمادة',2004,'barcodeOverview'),(8352,'إضافة',2005,'add'),(8353,'تعديل',2005,'edit'),(8354,'حذف',2005,'delete'),(8355,'ترحيل',2005,'post'),(8356,'الغاء ترحيل',2005,'unpost'),(8357,'إضافة',2006,'add'),(8358,'تعديل',2006,'edit'),(8359,'حذف',2006,'delete'),(8360,'ترحيل',2006,'post'),(8361,'الغاء ترحيل',2006,'unpost'),(8362,'إضافة',2007,'add'),(8363,'تعديل',2007,'edit'),(8364,'حذف',2007,'delete'),(8365,'ترحيل',2007,'post'),(8366,'الغاء ترحيل',2007,'unpost'),(8367,'إظهار الكلفة',2007,'showCost'),(8368,'إظهار سعر البيع',2007,'showSalesPrice'),(8369,'إضافة',2008,'add'),(8370,'تعديل',2008,'edit'),(8371,'حذف',2008,'delete'),(8372,'ترحيل',2008,'post'),(8373,'تدقيق/تنفيذ',2008,'audit'),(8374,'إضافة',2009,'add'),(8375,'تعديل',2009,'edit'),(8376,'حذف',2009,'delete'),(8377,'ترحيل',2009,'post'),(8378,'إضافة',2010,'add'),(8379,'تعديل',2010,'edit'),(8380,'حذف',2010,'delete'),(8381,'تلبية',2010,'meet'),(8382,'ترحيل',2010,'post'),(8383,'إضافة',2011,'add'),(8384,'تعديل',2011,'edit'),(8385,'حذف',2011,'delete'),(8386,'ترحيل',2011,'post'),(8387,'فك الترحيل',2011,'unpost'),(8388,'إضافة',2012,'add'),(8389,'تعديل',2012,'edit'),(8390,'حذف',2012,'delete'),(8391,'ترحيل',2012,'post'),(8392,'الغاء الترحيل',2012,'unpost'),(8393,'إضافة',2013,'add'),(8394,'تعديل',2013,'edit'),(8395,'نسخ',2013,'copy'),(8396,'حذف',2013,'delete'),(8397,'تغير الحالة',2013,'changeStatus'),(8398,'إظهار سعر البيع',2013,'showSalesPrice'),(8399,'إظهار نسبة الربح',2013,'showProfitRatio'),(8400,'تعديل طريقة دفع النقدي',2013,'editCashPaymentWay'),(8401,'تعديل اسم العميل ',2013,'editClientName'),(8402,'إضافة',2014,'add'),(8403,'تعديل',2014,'edit'),(8404,'حذف',2014,'delete'),(8405,'تلبية',2014,'meet'),(8406,'ترحيل',2014,'post'),(8407,'تعديل اسم العميل ',2014,'editClientName'),(8408,'إضافة',2015,'add'),(8409,'تعديل',2015,'edit'),(8410,'مشاهدة',2015,'show'),(8411,'حذف',2015,'delete'),(8412,'ترحيل',2015,'post'),(8413,'الغاء الترحيل',2015,'unpost'),(8414,'تدقيق الفاتورة',2015,'audit'),(8415,'الغاء تدقيق الفاتورة',2015,'unaudit'),(8416,'ترحيل فاتورة غير مدققة',2015,'postUnauditInvoice'),(8417,'ادخال تاريخ في المستقبل',2015,'allowFutureDate'),(8418,'تعديل الفرع',2015,'changeBranch'),(8419,'بيع بسعر أقل من الكلفة',2015,'saleByLowerPriceOfCost'),(8420,'إظهار نسبة الربح',2015,'showProfitRatio'),(8421,'إظهار الكلفة',2015,'showCost'),(8422,'إظهار البونص',2015,'showBonus'),(8423,'إظهار الكلفة الأصلية - السعر القائم',2015,'showOriginalPrice'),(8424,'إظهار سعر البيع',2015,'showSalesPrice'),(8425,'تعديل السعر',2015,'editPrice'),(8426,'تعديل البونص',2015,'editBonus'),(8427,'تعديل نوع العميل',2015,'editClientType'),(8428,'تعديل العميل',2015,'editClient'),(8429,'تعديل طريقة دفع النقدي',2015,'editCashPaymentWay'),(8430,'إضافة مرفقات',2015,'addAttachments'),(8431,'عرض المرفقات',2015,'showAttachments'),(8432,'حذف المرفقات',2015,'deleteAttachments'),(8433,'تعديل اسم العميل ',2015,'editClientName'),(8434,'إضافة',2016,'add'),(8435,'تعديل',2016,'edit'),(8436,'حذف',2016,'delete'),(8437,'ترحيل',2016,'post'),(8438,'الغاء الترحيل',2016,'unpost'),(8439,'إضافة',2019,'add'),(8440,'تعديل',2019,'edit'),(8441,'حذف',2019,'delete'),(8442,'ترحيل',2019,'post'),(8443,'الغاء ترحيل',2019,'unpost'),(8444,'إضافة',2020,'add'),(8445,'تعديل',2020,'edit'),(8446,'حذف',2020,'delete'),(8447,'ترحيل',2020,'post'),(8448,'الغاء ترحيل',2020,'unpost'),(8449,'إضافة',2021,'add'),(8450,'تعديل',2021,'edit'),(8451,'حذف',2021,'delete'),(8452,'ترحيل',2021,'post'),(8453,'الغاء ترحيل',2021,'unpost'),(8454,'جرد المستودعات',2022,'warehouseStocktaking'),(8455,'المبيعات والأرباح',2022,'salesAndProfit'),(8456,'ضريبة المبيعات',2022,'salesTax'),(8457,'ضريبة المشتريات',2022,'purchasesTax'),(8458,'كشف تسوية البضاعة',2022,'goodsSettlementStatement'),(8459,'تفاصيل المواد',2022,'detailedItems'),(8460,'تقرير المبيعات بالسالب',2022,'minusSales'),(8461,'تقرير  فواتير المبيعات',2022,'generalSalesInvoices'),(8462,'تقرير فواتير المشتريات',2022,'generalPurchaseInvoices'),(8463,'مشاهدة',2023,'show'),(8464,'إضافة',2023,'add'),(8465,'تعديل',2023,'edit'),(8466,'حذف',2023,'delete'),(8467,'مشاهدة',2024,'show'),(8468,'إضافة',2024,'add'),(8469,'تعديل',2024,'edit'),(8470,'حذف',2024,'delete'),(8471,'مشاهدة',2025,'show'),(8472,'إضافة',2025,'add'),(8473,'تعديل',2025,'edit'),(8474,'حذف',2025,'delete'),(8475,'دمج',2025,'merge'),(8476,'مشاهدة',2026,'show'),(8477,'إضافة',2026,'add'),(8478,'تعديل',2026,'edit'),(8479,'حذف',2026,'delete'),(8480,'مشاهدة',2027,'show'),(8481,'إضافة',2027,'add'),(8482,'تعديل',2027,'edit'),(8483,'حذف/إهمال',2027,'delete'),(8484,'استعادة من المهمل',2027,'restore'),(8485,'فسخ',2027,'terminate'),(8486,'دمج',2027,'merge'),(8487,'تجديد',2027,'renew'),(8488,'ترحيل',2027,'post'),(8489,'مشاهدة',2028,'show'),(8490,'تصدير الفواتير',2028,'export'),(8491,'الغاء التصدير',2028,'cancelExport'),(8492,'التوزيع الشهري',2028,'monthlyDistribute'),(8493,'مشاهدة',2029,'show'),(8494,'تغيير الحالة',2029,'changeStatus'),(8495,'مشاهدة',2030,'show'),(8496,'مشاهدة',2031,'show'),(8497,'إضافة',2031,'add'),(8498,'تعديل',2031,'edit'),(8499,'حذف',2031,'delete'),(8500,'مشاهدة',2032,'show'),(8501,'إضافة',2032,'add'),(8502,'تعديل',2032,'edit'),(8503,'حذف',2032,'delete'),(8504,'ترحيل',2032,'post'),(8505,'الغاء ترحيل',2032,'unpost'),(8506,'مشاهدة',2033,'show'),(8507,'إضافة',2033,'add'),(8508,'تعديل',2033,'edit'),(8509,'حذف',2033,'delete'),(8510,'ترحيل',2033,'post'),(8511,'الغاء ترحيل',2033,'unpost'),(8512,'مشاهدة',2034,'show'),(8513,'إضافة',2034,'add'),(8514,'تعديل',2034,'edit'),(8515,'حذف',2034,'delete'),(8516,'ترحيل',2034,'post'),(8517,'الغاء ترحيل',2034,'unpost'),(8518,'الإيرادات الشهرية',2035,'monthlyRevenues'),(8519,'إضافة',2036,'add'),(8520,'تعديل',2036,'edit'),(8521,'حذف',2036,'delete'),(8522,'إضافة',2037,'add'),(8523,'تعديل',2037,'edit'),(8524,'حذف',2037,'delete'),(8525,'إضافة',2038,'add'),(8526,'تعديل',2038,'edit'),(8527,'حذف',2038,'delete'),(8528,'إضافة',2039,'add'),(8529,'تعديل',2039,'edit'),(8530,'حذف',2039,'delete'),(8531,'إضافة',2040,'add'),(8532,'تعديل',2040,'edit'),(8533,'حذف',2040,'delete'),(8534,'إضافة',2041,'add'),(8535,'تعديل',2041,'edit'),(8536,'حذف',2041,'delete'),(8537,'إضافة',2042,'add'),(8538,'تعديل',2042,'edit'),(8539,'حذف',2042,'delete'),(8540,'إضافة',2043,'add'),(8541,'تعديل',2043,'edit'),(8542,'حذف',2043,'delete'),(8543,'مشاهدة',2044,'show'),(8544,'إضافة',2044,'add'),(8545,'تعديل',2044,'edit'),(8546,'حذف',2044,'delete'),(8547,'ربط الطابعة',2044,'connectPrinter'),(8548,'مشاهدة',2045,'show'),(8549,'مشاهدة الحركات',2045,'showDetails'),(8550,'ترحيل إلى فوترة',2045,'postToFotara'),(8551,'إغلاق',2045,'close'),(8552,'ترحيل',2045,'post'),(8553,'مشاهدة',2046,'show'),(8554,'المواد المحذوفة',2047,'deletedItems'),(8555,'مبيعات الصناديق',2047,'boxesSales'),(8556,'مبيعات الصناديق',2047,'detailedBoxes'),(8557,'تعديل',2048,'edit'),(8558,'إضافة فواتير المبيعات',2051,'addSalesInvoices'),(8559,'تعديل فواتير المبيعات',2051,'editSalesInvoices'),(8560,'ترحيل فواتر المبيعات',2051,'postSalesInvoices'),(8561,'إضافة طلبات المبيعات',2051,'addSalesOrders'),(8562,'تعديل طلبات المبيعات',2051,'editSalesOrders'),(8563,'تحويل طلبات المبيعات',2051,'convertSalesOrders'),(8564,'إضافة عروض الاسعار',2051,'addSalesOffers'),(8565,'تعديل عروض الاسعار',2051,'editSalesOffers'),(8566,'تحويل عروض الاسعار',2051,'convertSalesOffers'),(8567,'إضافة سندات القبض',2052,'addReceiptEntry'),(8568,'تعديل سندات القبض',2052,'editReceiptEntry'),(8569,'ترحيل سندات القبض ',2052,'postReceiptEntry'),(8570,'إضافة',2053,'add'),(8571,'تعديل',2053,'edit'),(8572,'حذف',2053,'delete'),(8573,'ترحيل',2053,'post'),(8574,'الغاء ترحيل',2053,'unpost'),(8575,'مشاهدة الاحصائيات الإجمالية',2054,'showTotalsCharts'),(8576,'مشاهدة الشاشة',2055,'show'),(8577,'التعديل',2055,'edit'),(8578,'مشاهدة الشاشة',2056,'show'),(8579,'التعديل',2056,'edit'),(8580,'إنشاء السنوات المالية',2057,'create'),(8581,'فتح السنة المالية',2057,'openYear'),(8582,'اغلاق السنة المالية',2057,'closeYear'),(8583,'اغلاق الاشهر المالية',2057,'closeMonth'),(8584,'تعيين السنة الفعّالة',2057,'activateYear'),(8585,'مشاهدة الشاشة',2058,'show'),(8586,'إضافة',2058,'add'),(8587,'التعديل',2058,'edit'),(8588,'حذف',2058,'delete'),(8589,'تغيير الحالة',2058,'changeStatus'),(8590,'مشاهدة المستخدمين',2059,'show'),(8591,'تغعيل الحسابات',2059,'activate'),(8592,'إنشاء مستخدم جديد',2059,'add'),(8593,'تعديل البيانات العامة',2059,'editInfo'),(8594,'تعديل الصلاحيات',2059,'editPermissions'),(8595,'حذف',2059,'delete'),(8596,'مشاهدة السجل',2060,'show'),(8597,'مشاهدة الشاشة',2061,'show'),(8598,'التعديل',2061,'edit'),(8599,'إضافة',2061,'add'),(8600,'حذف',2061,'delete'),(8601,'مشاهدة الشاشة',2062,'show'),(8602,'امكانية الربط',2062,'connect'),(8603,'مشاهدة الشاشة',2063,'show'),(8604,'التعديل',2063,'edit'),(8605,'مشاهدة الشاشة',2064,'show'),(8606,'التعديل',2064,'edit'),(8607,'مشاهدة الشاشة',2065,'show'),(8608,'التعديل',2065,'edit'),(8609,'انشاء ضريبة',2066,'add'),(8610,'انشاء ضريبة',2066,'edit'),(8611,'تفعيل/الغاء تفعيل',2066,'activate'),(8612,'فك ترحيل سند القيد',2067,'unpostEntry'),(8613,'فك ترحيل سند القبض',2067,'unpostReceipt'),(8614,'فك ترحيل سند الصرف',2067,'unpostExchange'),(8615,'فك ترحيل فاتورة بيع خدمات',2067,'unpostServiceInvoice'),(8616,'فك ترحيل سند مردود خدمات',2067,'unpostReturnedServiceBond'),(8617,'فك ترحيل سند إشعار مدين',2067,'unpostDebitNote'),(8618,'فك ترحيل سند إشعار دائن',2067,'unpostCreditNote'),(8619,'السقف اليومي لتصدير الشيكات',2067,'exchangeChecksDailyCeiling'),(8620,'توقيع سند القيد',2068,'entry'),(8621,'توقيع سند الصرف',2068,'exchange'),(8622,'توقيع سند القبض',2068,'receipt'),(8623,'توقيع فاتورة بيع الخدمات',2068,'serviceInvoice'),(8624,'توقيع سند مردود خدمات',2068,'returnedServiceInvoice'),(8625,'توقيع إشعار المدين',2068,'debitNote'),(8626,'توقيع إشعار الدائن',2068,'creditNote'),(8627,'إمكانية تصدير الفواتير',2069,'enableExport'),(8628,'إمكانية التوزيع الشهري للفواتير',2069,'enableDistribute'),(8629,'إضافة',2070,'add'),(8630,'تعديل',2070,'edit'),(8631,'حذف',2070,'delete'),(8632,'إضافة',2071,'add'),(8633,'تعديل',2071,'edit'),(8634,'حذف',2071,'delete'),(8635,'إضافة',2072,'add'),(8636,'تعديل',2072,'edit'),(8637,'حذف',2072,'delete'),(8638,'إضافة',2073,'add'),(8639,'تعديل',2073,'edit'),(8640,'حذف',2073,'delete'),(8641,'إضافة',2074,'add'),(8642,'تعديل',2074,'edit'),(8643,'حذف',2074,'delete'),(8644,'إضافة',2075,'add'),(8645,'تعديل',2075,'edit'),(8646,'حذف',2075,'delete'),(8647,'تفعيل مرحلة التنفيذ',2076,'enableAuditingPhase'),(8648,'ترحيل مصاريف التصنيع',2076,'postExpensesToAccounting'),(8649,'إضافة',2077,'add'),(8650,'تعديل',2077,'edit'),(8651,'حذف',2077,'delete'),(8652,'إضافة',2078,'add'),(8653,'تعديل',2078,'edit'),(8654,'حذف',2078,'delete'),(8655,'إضافة',2079,'add'),(8656,'تعديل',2079,'edit'),(8657,'حذف',2079,'delete'),(8658,'مشاهدة',2080,'show'),(8659,'إضافة',2080,'add'),(8660,'تعديل',2080,'editInfo'),(8661,'تفعيل/الغاء التفعيل',2080,'activate'),(8662,'مشاهدة',2081,'show'),(8663,'حفظ',2081,'save'),(8664,'مشاهدة',2082,'show'),(8665,'حفظ',2082,'save'),(8666,'مشاهدة',2083,'show'),(8667,'حفظ',2083,'save'),(8668,'مشاهدة',2084,'show'),(8669,'حفظ',2084,'save'),(8670,'مشاهدة',2085,'show'),(8671,'إضافة',2085,'add'),(8672,'تعديل',2085,'editInfo');

--
-- Table structure for table `code_modules`
--

CREATE TABLE `code_modules` (
  `id` bigint unsigned NOT NULL AUTO_INCREMENT,
  `name` varchar(191) CHARACTER SET utf8mb4 COLLATE utf8mb4_unicode_ci NOT NULL,
  `code` varchar(191) CHARACTER SET utf8mb4 COLLATE utf8mb4_unicode_ci NOT NULL,
  `active` tinyint(1) NOT NULL DEFAULT '0',
  PRIMARY KEY (`id`)
) ENGINE=InnoDB AUTO_INCREMENT=244 DEFAULT CHARSET=utf8mb4 COLLATE=utf8mb4_unicode_ci;

--
-- Dumping data for table `code_modules`
--

INSERT INTO `code_modules` VALUES (232,'المحاسبة','accounting',1),(233,'الذمم','receivable',1),(234,'المستودعات','warehouses',1),(235,'العقار/الإيجارات','rentals',0),(236,'نقاط البيع - POS','pos',0),(237,'المندوبين','representatives',0),(238,'إعدادات عامة','generalSettings',1),(239,'إعدادات المحاسبة','accountingSettings',1),(240,'إعدادات الإيجارات','rentalsSettings',0),(241,'إعدادات المستودعات','warehousesSettings',1),(242,'إعدادات نقط البيع','posSettings',0),(243,'إعدادات المندوبين','representativesSettings',0);

--
-- Table structure for table `code_sections`
--

CREATE TABLE `code_sections` (
  `id` bigint unsigned NOT NULL AUTO_INCREMENT,
  `name` varchar(191) CHARACTER SET utf8mb4 COLLATE utf8mb4_unicode_ci NOT NULL,
  `module_id` bigint unsigned NOT NULL,
  `code` varchar(191) CHARACTER SET utf8mb4 COLLATE utf8mb4_unicode_ci NOT NULL,
  `active` tinyint(1) NOT NULL DEFAULT '0',
  PRIMARY KEY (`id`),
  KEY `code_sections_module_id_foreign` (`module_id`),
  CONSTRAINT `code_sections_module_id_foreign` FOREIGN KEY (`module_id`) REFERENCES `code_modules` (`id`)
) ENGINE=InnoDB AUTO_INCREMENT=2086 DEFAULT CHARSET=utf8mb4 COLLATE=utf8mb4_unicode_ci;

--
-- Dumping data for table `code_sections`
--

INSERT INTO `code_sections` VALUES (1983,'شجرة الحسابات',232,'accountsTree',1),(1984,'الأرصدة الافتتاحية',232,'initialBalances',1),(1985,'شجرة مراكز الكلفة',232,'costCenterTree',1),(1986,'تدقيق المستندات',232,'bondsAuditing',1),(1987,'سند القيد',232,'entries',1),(1988,'سند القبض',232,'receipts',1),(1989,'سند الصرف',232,'exchanges',1),(1990,'فاتورة بيع الخدمات',232,'servicesInvoices',1),(1991,'مردودات الخدمات',232,'returnedServicesBonds',1),(1992,'إشعار مدين',232,'debitNotes',1),(1993,'إشعار دائن',232,'creditNotes',1),(1994,'القيود الآلية',232,'automatedEntries',1),(1995,'حافظة الشيكات القبض',232,'receiptChecksKeeper',1),(1996,'حافظة الشيكات الصرف',232,'exchangeChecksKeeper',1),(1997,'الشيكات',232,'checks',1),(1998,'تقارير',232,'reports',1),(1999,'أنوع الذمم',233,'receivableTypes',1),(2000,'الذمم',233,'receivableAccounts',1),(2001,'تقارير',233,'reports',1),(2002,'الفروع',234,'branches',1),(2003,'العائلات',234,'categories',1),(2004,'المواد',234,'items',1),(2005,'سند الادخال',234,'entryBonds',1),(2006,'سند الإخراج',234,'outBonds',1),(2007,'سند التحويل',234,'convertBonds',1),(2008,'سند التصنيع',234,'manufacturingBonds',1),(2009,'أمر الشراء',234,'purchaseCommands',1),(2010,'طلب الشراء',234,'purchaseOrders',1),(2011,'فاتورة الشراء',234,'purchaseInvoices',1),(2012,'مردودات المشتريات',234,'returnedPurchaseBonds',1),(2013,'عرض سعر',234,'salesPriceOffers',1),(2014,'طلب مبيعات',234,'salesOrders',1),(2015,'فاتورة مبيعات',234,'salesInvoices',1),(2016,'مردودات مبيعات',234,'returnedSalesBonds',1),(2017,'طلب الإنتاج',234,'productionRequest',1),(2018,'أمر الإنتاج',234,'productionCommand',1),(2019,'سند الجرد',234,'stocktakingBonds',1),(2020,'سند زيادة الكلفه',234,'costIncreaseBonds',0),(2021,'سند تخفيض الكلفه',234,'costDecreaseBonds',0),(2022,'تقارير',234,'reports',1),(2023,'المباني',235,'buildings',0),(2024,'الطوابق',235,'floors',0),(2025,'المحلات',235,'shops',0),(2026,'البوثات',235,'booths',0),(2027,'العقود',235,'contracts',0),(2028,'فواتير العقود',235,'contractInvoices',0),(2029,'حركات المستأجرين',235,'tenantsActions',0),(2030,'طلبات التأجير',235,'rentalRequests',0),(2031,'فعاليات المستأجرين',235,'tenantsEvents',0),(2032,'سند القبض',235,'receipts',0),(2033,'إشعار مدين',235,'debitNotes',0),(2034,'إشعار دائن',235,'creditNotes',0),(2035,'تقارير',235,'reports',0),(2036,'الفروع',236,'branches',0),(2037,'العائلات',236,'categories',0),(2038,'القوائم',236,'menus',0),(2039,'المواد',236,'items',0),(2040,'فاتورة مبيعات',236,'salesInvoices',0),(2041,'مردودات مبيعات',236,'returnedSalesBonds',0),(2042,'تبديل عناصر المبيعات',236,'exchangeBonds',0),(2043,'العروض',236,'offers',0),(2044,'الأقسام',236,'sections',0),(2045,'مبيعات الأيام',236,'daysSales',0),(2046,'فواتير الأيام',236,'posInvoices',0),(2047,'تقارير',236,'reports',0),(2048,'الصناديق',236,'cashDevices',0),(2049,'توصيل الطلبيات',237,'ordersDelivery',0),(2050,'كاش فان',237,'cashVan',0),(2051,'مندوب مبيعات',237,'salesMan',0),(2052,'التحصيل',237,'collector',0),(2053,'الشحنات',237,'shipmentBonds',0),(2054,'الشاشة الرئيسية',238,'homePage',1),(2055,'تعريف الشركة',238,'companyDefinition',1),(2056,'إعدادات عامة',238,'general',1),(2057,'السنوات المالية',238,'fiscalYears',1),(2058,'طرق تسديد الذمم',238,'receivablePaymentMethods',1),(2059,'المستخدمين',238,'employees',1),(2060,'سجل حركات المستخدمين',238,'employeesActionsLog',1),(2061,'تصنيفات الذمم',238,'receivableCategory',1),(2062,'ربط الحسابات البنكية',239,'bankAccountsConnecting',1),(2063,'الحسابات الافتراضية',239,'defaultAccounts',1),(2064,'مراكز الكلفة',239,'costCenters',1),(2065,'المحافظ الإلكترونية',239,'ewalletAccounts',1),(2066,'اعداد الضريبة',239,'taxes',1),(2067,'السندات',239,'bonds',1),(2068,'التواقيع',239,'signatures',1),(2069,'عقود الإيجارات',240,'rentalContracts',0),(2070,'تصنيفات عقود الإيجارات',240,'rentalContractCategories',0),(2071,'قوالب الردود',240,'responseTemplates',0),(2072,'تعريف الوحدات',241,'warehousesUnits',1),(2073,'تعريف أحجام المواد',241,'warehousesItemSizes',1),(2074,'أنواع سندات الإدخال',241,'warehousesEntryBondTypes',1),(2075,'أنواع سندات الإخراج',241,'warehousesOutBondTypes',1),(2076,'سندات التصنيع',241,'warehousesManufacturingBonds',1),(2077,'أنواع الأسعار',241,'barcodePriceTypes',1),(2078,'شروط الدفع',241,'paymentTerms',1),(2079,'شروط الشحن والتسليم',241,'deliveryTerms',1),(2080,'حسابات المستخدمين',242,'users',0),(2081,'إعدادات عامة',242,'generalSettings',0),(2082,'إعدادات المبيعات',242,'salesSettings',0),(2083,'إعدادات الصناديق',242,'boxesSettings',0),(2084,'إعدادات الميزان',242,'scaleSettings',0),(2085,'تعريف السيارات',243,'deliveryCars',0);

--
-- Table structure for table `contract_categories`
--

CREATE TABLE `contract_categories` (
  `id` bigint unsigned NOT NULL AUTO_INCREMENT,
  `name` varchar(191) CHARACTER SET utf8mb4 COLLATE utf8mb4_unicode_ci NOT NULL,
  `parent_id` bigint unsigned DEFAULT NULL,
  `level` int NOT NULL DEFAULT '1',
  PRIMARY KEY (`id`),
  KEY `contract_categories_parent_id_foreign` (`parent_id`),
  CONSTRAINT `contract_categories_parent_id_foreign` FOREIGN KEY (`parent_id`) REFERENCES `contract_categories` (`id`)
) ENGINE=InnoDB DEFAULT CHARSET=utf8mb4 COLLATE=utf8mb4_unicode_ci;

--
-- Dumping data for table `contract_categories`
--


--
-- Table structure for table `convert_bond_items`
--

CREATE TABLE `convert_bond_items` (
  `id` bigint unsigned NOT NULL AUTO_INCREMENT,
  `bond_id` bigint unsigned NOT NULL,
  `barcode_id` bigint unsigned NOT NULL,
  `quantity` double NOT NULL,
  `cost` double NOT NULL,
  `notice` text CHARACTER SET utf8mb4 COLLATE utf8mb4_unicode_ci,
  PRIMARY KEY (`id`),
  KEY `convert_bond_items_bond_id_foreign` (`bond_id`),
  KEY `convert_bond_items_barcode_id_foreign` (`barcode_id`),
  CONSTRAINT `convert_bond_items_barcode_id_foreign` FOREIGN KEY (`barcode_id`) REFERENCES `barcodes` (`id`),
  CONSTRAINT `convert_bond_items_bond_id_foreign` FOREIGN KEY (`bond_id`) REFERENCES `convert_bonds` (`id`)
) ENGINE=InnoDB DEFAULT CHARSET=utf8mb4 COLLATE=utf8mb4_unicode_ci;

--
-- Dumping data for table `convert_bond_items`
--


--
-- Table structure for table `convert_bonds`
--

CREATE TABLE `convert_bonds` (
  `id` bigint unsigned NOT NULL AUTO_INCREMENT,
  `date` date NOT NULL,
  `employee_id` bigint unsigned DEFAULT NULL,
  `bond_number` varchar(191) CHARACTER SET utf8mb4 COLLATE utf8mb4_unicode_ci NOT NULL,
  `from_temp_branch` tinyint(1) NOT NULL DEFAULT '0',
  `to_temp_branch` tinyint(1) NOT NULL DEFAULT '0',
  `from_branch_id` bigint unsigned NOT NULL,
  `to_branch_id` bigint unsigned NOT NULL,
  `type_id` bigint unsigned NOT NULL,
  `differences_from_date` date DEFAULT NULL,
  `notice` text CHARACTER SET utf8mb4 COLLATE utf8mb4_unicode_ci,
  `post_status` tinyint(1) NOT NULL DEFAULT '0',
  `posted_at` datetime DEFAULT NULL,
  `builder_model` varchar(191) CHARACTER SET utf8mb4 COLLATE utf8mb4_unicode_ci DEFAULT NULL,
  `builder_model_id` bigint DEFAULT NULL,
  `finished_temp_tour` tinyint(1) DEFAULT NULL,
  `created_at` timestamp NULL DEFAULT NULL,
  `updated_at` timestamp NULL DEFAULT NULL,
  `deleted_at` timestamp NULL DEFAULT NULL,
  PRIMARY KEY (`id`),
  KEY `convert_bonds_from_branch_id_foreign` (`from_branch_id`),
  KEY `convert_bonds_to_branch_id_foreign` (`to_branch_id`),
  KEY `convert_bonds_type_id_foreign` (`type_id`),
  KEY `convert_bonds_employee_id_foreign` (`employee_id`),
  CONSTRAINT `convert_bonds_employee_id_foreign` FOREIGN KEY (`employee_id`) REFERENCES `employees` (`id`),
  CONSTRAINT `convert_bonds_from_branch_id_foreign` FOREIGN KEY (`from_branch_id`) REFERENCES `branches` (`id`),
  CONSTRAINT `convert_bonds_to_branch_id_foreign` FOREIGN KEY (`to_branch_id`) REFERENCES `branches` (`id`),
  CONSTRAINT `convert_bonds_type_id_foreign` FOREIGN KEY (`type_id`) REFERENCES `convert_bond_types` (`id`)
) ENGINE=InnoDB DEFAULT CHARSET=utf8mb4 COLLATE=utf8mb4_unicode_ci;

--
-- Dumping data for table `convert_bonds`
--


--
-- Table structure for table `converted_checks`
--

CREATE TABLE `converted_checks` (
  `id` bigint unsigned NOT NULL AUTO_INCREMENT,
  `receipt_check_id` bigint unsigned NOT NULL,
  `date` date NOT NULL,
  `credit_account_id` bigint unsigned NOT NULL,
  `receivable_account_id` bigint unsigned NOT NULL,
  `amount` double(13,3) NOT NULL,
  `post_status` tinyint(1) NOT NULL DEFAULT '0',
  `notice` text CHARACTER SET utf8mb4 COLLATE utf8mb4_unicode_ci,
  `created_at` timestamp NULL DEFAULT NULL,
  `updated_at` timestamp NULL DEFAULT NULL,
  PRIMARY KEY (`id`),
  KEY `converted_checks_receipt_check_id_foreign` (`receipt_check_id`),
  KEY `converted_checks_credit_account_id_foreign` (`credit_account_id`),
  KEY `converted_checks_receivable_account_id_foreign` (`receivable_account_id`),
  CONSTRAINT `converted_checks_credit_account_id_foreign` FOREIGN KEY (`credit_account_id`) REFERENCES `accounts` (`id`),
  CONSTRAINT `converted_checks_receipt_check_id_foreign` FOREIGN KEY (`receipt_check_id`) REFERENCES `receipt_checks` (`id`),
  CONSTRAINT `converted_checks_receivable_account_id_foreign` FOREIGN KEY (`receivable_account_id`) REFERENCES `receivable_accounts` (`id`)
) ENGINE=InnoDB AUTO_INCREMENT=81 DEFAULT CHARSET=utf8mb4 COLLATE=utf8mb4_unicode_ci;

--
-- Dumping data for table `converted_checks`
--

INSERT INTO `converted_checks` VALUES (1,27,'2024-02-13',9,5,9000.000,1,NULL,'2024-05-08 14:00:32','2024-05-08 14:00:32'),(2,28,'2024-02-13',9,5,9000.000,1,NULL,'2024-05-08 14:03:07','2024-05-08 14:03:07'),(3,29,'2024-02-13',9,5,9000.000,1,NULL,'2024-05-08 14:03:53','2024-05-08 14:03:53'),(4,38,'2024-03-20',9,13,5000.000,1,NULL,'2024-05-08 14:23:47','2024-05-08 14:23:47'),(5,39,'2024-03-20',9,13,5000.000,1,NULL,'2024-05-08 14:28:34','2024-05-08 14:28:34'),(6,40,'2024-03-20',9,13,5000.000,1,NULL,'2024-05-08 14:29:25','2024-05-08 14:29:25'),(7,48,'2024-04-16',9,207,5000.000,1,NULL,'2024-05-08 14:48:20','2024-05-08 14:48:20'),(8,51,'2024-04-16',9,207,3000.000,1,NULL,'2024-05-08 14:48:51','2024-05-08 14:48:51'),(9,64,'2024-04-16',9,207,7000.000,1,NULL,'2024-05-08 14:49:28','2024-05-08 14:49:28'),(10,65,'2024-04-16',9,207,5000.000,1,NULL,'2024-05-08 14:49:52','2024-05-08 14:49:52'),(11,45,'2024-05-01',9,212,500.000,1,NULL,'2024-05-08 15:15:35','2024-05-08 15:15:35'),(12,46,'2024-05-01',9,212,1000.000,1,NULL,'2024-05-08 15:15:58','2024-05-08 15:15:58'),(13,47,'2024-05-01',9,212,3500.000,1,NULL,'2024-05-08 15:17:42','2024-05-08 15:17:42'),(14,50,'2024-05-01',9,212,1000.000,1,NULL,'2024-05-08 15:17:53','2024-05-08 15:17:53'),(18,49,'2024-05-31',9,47,1000.000,1,NULL,'2024-06-05 14:45:10','2024-06-05 14:45:10'),(19,104,'2024-07-24',9,277,1000.000,1,NULL,'2024-07-28 11:31:28','2024-07-28 11:31:28'),(20,108,'2024-07-31',9,235,1000.000,1,NULL,'2024-08-03 15:32:35','2024-08-03 15:32:35'),(21,109,'2024-07-31',9,235,1000.000,1,NULL,'2024-08-03 15:32:50','2024-08-03 15:32:50'),(22,161,'2024-08-31',9,85,1500.000,1,NULL,'2024-09-03 09:22:39','2024-09-03 09:22:39'),(23,162,'2024-08-31',9,85,1000.000,1,NULL,'2024-09-03 09:23:04','2024-09-03 09:23:04'),(24,163,'2024-08-31',9,85,500.000,1,NULL,'2024-09-03 09:23:38','2024-09-03 09:23:38'),(25,164,'2024-08-31',9,85,500.000,1,NULL,'2024-09-03 09:23:55','2024-09-03 09:23:55'),(26,165,'2024-08-31',9,85,500.000,1,NULL,'2024-09-03 09:24:13','2024-09-03 09:24:13'),(27,159,'2024-08-31',9,294,1000.000,1,NULL,'2024-09-10 07:48:12','2024-09-10 07:48:12'),(28,160,'2024-08-31',9,294,1521.000,1,NULL,'2024-09-10 07:48:49','2024-09-10 07:48:49'),(31,107,'2024-09-30',9,235,2000.000,1,NULL,'2024-10-02 09:47:42','2024-10-02 09:47:42'),(32,106,'2024-09-30',9,235,1500.000,1,NULL,'2024-10-02 09:48:23','2024-10-02 09:48:23'),(33,150,'2024-08-28',9,13,10000.000,1,NULL,'2024-10-02 10:10:32','2024-10-02 10:10:32'),(34,151,'2024-08-28',9,13,10000.000,1,NULL,'2024-10-02 10:11:01','2024-10-02 10:11:01'),(35,152,'2024-08-28',9,13,10000.000,1,NULL,'2024-10-02 10:11:34','2024-10-02 10:11:34'),(36,196,'2024-09-30',9,235,3000.000,1,NULL,'2024-10-02 10:28:27','2024-10-02 10:28:27'),(37,184,'2024-10-08',9,7,5000.000,1,NULL,'2024-10-19 11:11:05','2024-10-19 11:11:05'),(38,185,'2024-10-10',9,235,5000.000,1,NULL,'2024-10-19 11:11:57','2024-10-19 11:11:57'),(39,202,'2024-10-19',9,13,5000.000,1,NULL,'2024-10-19 11:15:28','2024-10-19 11:15:28'),(40,186,'2024-10-20',9,235,5000.000,1,NULL,'2024-10-23 15:06:49','2024-10-23 15:06:49'),(41,153,'2024-08-31',9,13,10000.000,1,NULL,'2024-10-29 13:39:08','2024-10-29 13:39:08'),(42,154,'2024-08-31',9,13,10000.000,1,NULL,'2024-10-29 13:40:00','2024-10-29 13:40:00'),(43,155,'2024-08-31',9,13,10000.000,1,NULL,'2024-10-29 13:40:27','2024-10-29 13:40:27'),(44,156,'2024-08-31',9,13,10000.000,1,NULL,'2024-10-29 13:43:10','2024-10-29 13:43:10'),(45,157,'2024-08-31',9,13,10000.000,1,NULL,'2024-10-29 13:43:39','2024-10-29 13:43:39'),(46,168,'2024-09-19',9,284,2500.000,1,NULL,'2024-10-29 13:47:41','2024-10-29 13:47:41'),(47,169,'2024-09-30',9,19,2500.000,1,NULL,'2024-10-29 13:49:18','2024-10-29 13:49:18'),(48,170,'2024-09-30',9,19,2500.000,1,NULL,'2024-10-29 13:50:11','2024-10-29 13:50:11'),(49,171,'2024-09-30',9,19,2500.000,1,NULL,'2024-10-29 13:50:37','2024-10-29 13:50:37'),(50,172,'2024-09-30',9,19,2500.000,1,NULL,'2024-10-29 13:52:31','2024-10-29 13:52:31'),(51,173,'2024-09-30',9,19,2500.000,1,NULL,'2024-10-29 13:52:55','2024-10-29 13:52:55'),(52,174,'2024-09-30',9,19,1979.000,1,NULL,'2024-10-29 13:53:14','2024-10-29 13:53:14'),(53,182,'2024-09-19',9,284,940.000,1,NULL,'2024-10-29 13:55:20','2024-10-29 13:55:20'),(54,205,'2024-10-08',9,41,1200.000,1,NULL,'2024-10-30 09:14:27','2024-10-30 09:14:27'),(55,249,'2024-12-23',9,13,10000.000,1,NULL,'2025-01-02 11:56:24','2025-01-02 11:56:24'),(56,215,'2024-12-23',9,5,5000.000,1,NULL,'2025-01-16 08:59:56','2025-01-16 08:59:56'),(57,216,'2024-12-23',9,5,5000.000,1,NULL,'2025-01-16 09:00:44','2025-01-16 09:00:44'),(58,232,'2024-12-23',9,5,5000.000,1,NULL,'2025-01-16 09:01:31','2025-01-16 09:01:31'),(59,233,'2024-12-23',9,5,5000.000,1,NULL,'2025-01-16 09:01:51','2025-01-16 09:01:51'),(60,234,'2024-12-23',9,5,5000.000,1,NULL,'2025-01-16 09:02:09','2025-01-16 09:02:09'),(61,235,'2024-12-23',9,5,5000.000,1,NULL,'2025-01-16 09:02:30','2025-01-16 09:02:30'),(62,236,'2024-12-23',9,5,5000.000,1,NULL,'2025-01-16 09:02:49','2025-01-16 09:02:49'),(63,237,'2024-12-23',9,5,5000.000,1,NULL,'2025-01-16 09:03:04','2025-01-16 09:03:04'),(64,230,'2024-12-30',9,7,5000.000,1,NULL,'2025-01-16 09:10:52','2025-01-16 09:10:52'),(65,231,'2025-01-16',9,7,5000.000,1,NULL,'2025-02-18 14:37:32','2025-02-18 14:37:32'),(66,166,'2024-11-30',9,47,3500.000,1,NULL,'2025-02-20 14:37:21','2025-02-20 14:37:21'),(67,105,'2024-12-31',9,47,2050.000,1,NULL,'2025-02-20 14:38:27','2025-02-20 14:38:27'),(72,284,'2025-02-04',9,397,10000.000,1,NULL,'2025-02-24 17:09:29','2025-02-24 17:09:29'),(73,285,'2025-02-04',9,39,10000.000,1,NULL,'2025-02-24 17:09:48','2025-02-24 17:09:48'),(74,458,'2025-10-15',9,47,1250.000,1,NULL,'2025-10-21 14:56:18','2025-10-21 14:56:18'),(75,459,'2025-10-15',9,47,1250.000,1,NULL,'2025-10-21 14:56:30','2025-10-21 14:56:30'),(76,457,'2025-10-16',9,423,1250.000,1,NULL,'2025-10-21 14:58:18','2025-10-21 14:58:18'),(77,456,'2025-09-28',9,2,1250.000,1,NULL,'2025-10-21 14:58:55','2025-10-21 14:58:55'),(78,460,'2025-10-15',9,47,1250.000,1,NULL,'2025-10-21 17:09:47','2025-10-21 17:09:47'),(80,466,'2025-10-15',9,13,12643.780,1,NULL,'2025-10-25 12:22:46','2025-10-25 12:22:46');

--
-- Table structure for table `cost_centers`
--

CREATE TABLE `cost_centers` (
  `id` bigint unsigned NOT NULL AUTO_INCREMENT,
  `parent_id` bigint unsigned DEFAULT NULL,
  `ar_name` varchar(191) CHARACTER SET utf8mb4 COLLATE utf8mb4_unicode_ci NOT NULL,
  `en_name` varchar(191) CHARACTER SET utf8mb4 COLLATE utf8mb4_unicode_ci NOT NULL,
  `level` int NOT NULL DEFAULT '1',
  `status` tinyint(1) NOT NULL DEFAULT '1',
  PRIMARY KEY (`id`),
  KEY `cost_centers_parent_id_foreign` (`parent_id`),
  CONSTRAINT `cost_centers_parent_id_foreign` FOREIGN KEY (`parent_id`) REFERENCES `cost_centers` (`id`)
) ENGINE=InnoDB AUTO_INCREMENT=96 DEFAULT CHARSET=utf8mb4 COLLATE=utf8mb4_unicode_ci;

--
-- Dumping data for table `cost_centers`
--

INSERT INTO `cost_centers` VALUES (1,NULL,'الادارة','الادارة',1,1),(2,1,'الادارة - السابع','الادارة - السابع',2,1),(3,1,'الادارة - المصنع','الادارة - المصنع',2,1),(4,NULL,'مركز كلف المشاريع','مركز كلف المشاريع',1,1),(5,4,'مشروع هوا بغداد','مشروع هوا بغداد',2,1),(7,1,'المستودع الرئيسي','المستودع الرئيسي',2,1),(8,4,'مشروع وربة','مشروع وربة',2,1),(9,4,'مشروع العربية - فيصل','مشروع العربية - فيصل',2,1),(10,4,'مشروع ايواء','مشروع ايواء',2,1),(11,4,'مشروع البيادر','مشروع البيادر',2,1),(12,4,'مشروع لواء 40 - القطرانه','مشروع لواء 40 - القطرانه',2,1),(13,4,'مشروع ديرعلا','مشروع ديرعلا',2,1),(14,4,'مشروع سوق طارق-طبربور','مشروع سوق طارق-طبربور',2,1),(15,4,'عدة مشاريع','عدة مشاريع',2,1),(16,4,'عاهد جابر / الوليد','عاهد جابر / الوليد',2,1),(17,4,'ابو عودة','ابو عودة',2,1),(29,4,'مشروع مظلات - القطرانة','مشروع مظلات - القطرانة',2,1),(30,4,'مشروع القسطل','مشروع القسطل',2,1),(31,4,'مشروع سوق ماركا','مشروع سوق ماركا',2,1),(32,4,'مشروع خو','مشروع خو',2,1),(33,4,'مشروع التراث','مشروع التراث',2,1),(34,4,'مشروع الجناح الذهبي بوفولو -اربد','مشروع الجناح الذهبي بوفولو -اربد',2,1),(35,4,'مشروع ابو صالحه-العبوات','مشروع ابو صالحه-العبوات',2,1),(36,4,'مشروع الريف- مرج الحمام','مشروع الريف- مرج الحمام',2,1),(37,4,'مشروع مظلة خو -العبويني','مشروع مظلة خو -العبويني',2,1),(38,4,'مشروع مزرعة العيدي-الغور','مشروع مزرعة العيدي-الغور',2,1),(39,4,'مشروع اكتفاء جويحان-الغور','مشروع اكتفاء جويحان-الغور',2,1),(40,4,'باين تري','باين تري',2,1),(42,4,'مشروع غرفة الصناعة - الزرقاء','مشروع غرفة الصناعة - الزرقاء',1,1),(43,4,'مشروع بزنس بارك','مشروع بزنس بارك',1,1),(44,4,'مشروع شركة القدس-اعمال مدنية (32/PUR /2024)','مشروع شركة القدس-اعمال مدنية (32/PUR /2024)',2,1),(45,4,'منسوجات - التجمعات الصناعية  16-1-2024','منسوجات - التجمعات الصناعية  16-1-2024',2,1),(46,4,'العقبة-الراسخون العرب اللوجستية','العقبة-الراسخون العرب اللوجستية',2,1),(47,4,'مشروع مظلة شركة محمد العيدي 18-1-2024','مشروع مظلة شركة محمد العيدي 18-1-2024',2,1),(48,4,'مشروع المدن الصناعية - الموقر','مشروع المدن الصناعية - الموقر',2,1),(49,4,'مظلات الديوان الملكي','مظلات الديوان الملكي',2,1),(50,4,'مشروع البوتاس','مشروع البوتاس',2,1),(51,4,'برج البوتاس المتكاملة','برج البوتاس المتكاملة',2,1),(52,4,'مشروع الوادي','مشروع الوادي',2,1),(53,4,'مشروع الشركة المتجددة - السلط','مشروع الشركة المتجددة - السلط',1,1),(54,4,'هنجر شركة طبالي-الاصفر','هنجر شركة طبالي-الاصفر',1,1),(55,4,'البيئة المشرقة-ابو صوفه','البيئة المشرقة-ابو صوفه',1,1),(56,4,'الشركة الوطنية - الطفيلة/مأدبا/جرش','الشركة الوطنية - الطفيلة/مأدبا/جرش',1,1),(57,4,'شركة الوليد للصناعات البلاستيكية','شركة الوليد للصناعات البلاستيكية',1,1),(58,4,'شركة البارودي','شركة البارودي',1,1),(59,4,'مشروع كرفان الشيخ زايد','مشروع كرفان الشيخ زايد',2,1),(60,4,'مشروع البراميل 2023','مشروع البراميل 2023',1,1),(61,4,'مشروع البستنجي 5-2024','مشروع البستنجي 5-2024',2,1),(62,4,'مشروع - UNITED CREATIONS LLC 5-2024','مشروع - UNITED CREATIONS LLC 5-2024',2,1),(63,4,'ابو أنس القروم-المطار (2) 2-08/25','ابو أنس القروم-المطار (2) 2-08/25',2,1),(64,4,'العربية/مستودع الاثاث/ الغباوي 8-24','العربية/مستودع الاثاث/ الغباوي 8-24',2,1),(65,4,'ابو عودة - هنجر الذهيبة 1-08/25','ابو عودة - هنجر الذهيبة 1-08/25',1,1),(66,4,'مشروع صيانة العيدي-البوتاس','مشروع صيانة العيدي-البوتاس',1,1),(67,4,'مشروع صيانة نجم البحر العقبة / ابو عودة','مشروع صيانة نجم البحر العقبة / ابو عودة',2,1),(68,4,'مشروع بن معروف / القسطل','مشروع بن معروف / القسطل',2,1),(69,4,'مشروع ابو انس القروم- المطار','مشروع ابو انس القروم- المطار',2,1),(70,4,'مشروع العلاف','مشروع العلاف',1,1),(71,4,'مشروع بن معروف / اسواق السلام','مشروع بن معروف / اسواق السلام',2,1),(72,4,'مشروع بن معروف / العساف','مشروع بن معروف / العساف',2,1),(73,4,'طارق ابو شهاب','طارق ابو شهاب',1,1),(74,4,'مشروع ابو سويلم مصنع الحلاوه','مشروع ابو سويلم مصنع الحلاوه',2,1),(75,4,'مشروع ديوان الخدمة ووزارة العدل','مشروع ديوان الخدمة ووزارة العدل',2,1),(76,4,'مشروع المتحف - العقبة','مشروع المتحف - العقبة',2,1),(77,4,'البوتاس - J1J7','البوتاس - J1J7',1,1),(78,4,'مظلة المستشفى السعودي','مظلة المستشفى السعودي',1,1),(79,4,'اجور مصانعة/بشار النجار','اجور مصانعة/بشار النجار',1,1),(80,4,'مشروع الشركة المتحدة / ابوشاور','مشروع الشركة المتحدة / ابوشاور',1,1),(81,4,'مشروع الزينة-مصناعة','مشروع الزينة-مصناعة',1,1),(82,4,'مشروع صيانة سلاح الجو','مشروع صيانة سلاح الجو',2,1),(83,4,'مستشفى البشير-شركة باب العامور','مستشفى البشير-شركة باب العامور',1,1),(84,4,'بوتاس العقبة-الراسخون','بوتاس العقبة-الراسخون',1,1),(85,4,'مشروع ونشات المعاصرون','مشروع ونشات المعاصرون',2,1),(86,4,'مشروع ونشات ابو صوفة/ سيجما','مشروع ونشات ابو صوفة/ سيجما',2,1),(87,4,'مشروع مصنع الكرتون','مشروع مصنع الكرتون',2,1),(88,4,'مشروع ملعب اربيل-شركة سند','مشروع ملعب اربيل-شركة سند',1,1),(89,1,'مبنى المصنع الجديد','مبنى المصنع الجديد',1,1),(90,4,'مشروع المعيارية بلسم الديوان 4-2025','مشروع المعيارية بلسم الديوان 4-2025',2,1),(91,4,'مشروع مصنع الايوبي','مشروع مصنع الايوبي',1,1),(92,1,'KSA Branch','KSA Branch',1,1),(93,4,'العمومية - فوسفات 3-09/25','العمومية - فوسفات 3-09/25',2,1),(94,4,'لافانت الدرة - الرمثا 4-09/25','لافانت الدرة - الرمثا 4-09/25',2,1),(95,1,'فرع العقبة','فرع العقبة',1,1);

--
-- Table structure for table `cost_decrease_bond_items`
--

CREATE TABLE `cost_decrease_bond_items` (
  `id` bigint unsigned NOT NULL AUTO_INCREMENT,
  `cost_decrease_bond_id` bigint unsigned NOT NULL,
  `purchase_item_id` int unsigned NOT NULL,
  `barcode_id` bigint unsigned NOT NULL,
  `quantity` double NOT NULL,
  `remaining_quantity` double NOT NULL,
  `cost` double NOT NULL,
  `new_cost` double NOT NULL,
  `created_at` timestamp NULL DEFAULT NULL,
  `updated_at` timestamp NULL DEFAULT NULL,
  PRIMARY KEY (`id`),
  KEY `cost_decrease_bond_items_cost_decrease_bond_id_foreign` (`cost_decrease_bond_id`),
  KEY `cost_decrease_bond_items_barcode_id_foreign` (`barcode_id`),
  CONSTRAINT `cost_decrease_bond_items_barcode_id_foreign` FOREIGN KEY (`barcode_id`) REFERENCES `barcodes` (`id`),
  CONSTRAINT `cost_decrease_bond_items_cost_decrease_bond_id_foreign` FOREIGN KEY (`cost_decrease_bond_id`) REFERENCES `cost_decrease_bonds` (`id`)
) ENGINE=InnoDB DEFAULT CHARSET=utf8mb4 COLLATE=utf8mb4_unicode_ci;

--
-- Dumping data for table `cost_decrease_bond_items`
--


--
-- Table structure for table `cost_decrease_bonds`
--

CREATE TABLE `cost_decrease_bonds` (
  `id` bigint unsigned NOT NULL AUTO_INCREMENT,
  `date` date NOT NULL,
  `bond_number` varchar(191) CHARACTER SET utf8mb4 COLLATE utf8mb4_unicode_ci NOT NULL,
  `employee_id` bigint unsigned NOT NULL,
  `purchase_invoice_id` bigint unsigned NOT NULL,
  `post_status` tinyint(1) NOT NULL DEFAULT '0',
  `posted_at` timestamp NULL DEFAULT NULL,
  `notice` text CHARACTER SET utf8mb4 COLLATE utf8mb4_unicode_ci,
  `created_at` timestamp NULL DEFAULT NULL,
  `updated_at` timestamp NULL DEFAULT NULL,
  `deleted_at` timestamp NULL DEFAULT NULL,
  PRIMARY KEY (`id`),
  KEY `cost_decrease_bonds_purchase_invoice_id_foreign` (`purchase_invoice_id`),
  CONSTRAINT `cost_decrease_bonds_purchase_invoice_id_foreign` FOREIGN KEY (`purchase_invoice_id`) REFERENCES `purchase_invoices` (`id`)
) ENGINE=InnoDB DEFAULT CHARSET=utf8mb4 COLLATE=utf8mb4_unicode_ci;

--
-- Dumping data for table `cost_decrease_bonds`
--


--
-- Table structure for table `cost_increase_bond_items`
--

CREATE TABLE `cost_increase_bond_items` (
  `id` bigint unsigned NOT NULL AUTO_INCREMENT,
  `cost_increase_bond_id` bigint unsigned NOT NULL,
  `purchase_item_id` int unsigned NOT NULL,
  `barcode_id` bigint unsigned NOT NULL,
  `quantity` double NOT NULL,
  `remaining_quantity` double NOT NULL,
  `cost` double NOT NULL,
  `new_cost` double NOT NULL,
  PRIMARY KEY (`id`),
  KEY `cost_increase_bond_items_cost_increase_bond_id_foreign` (`cost_increase_bond_id`),
  KEY `cost_increase_bond_items_barcode_id_foreign` (`barcode_id`),
  CONSTRAINT `cost_increase_bond_items_barcode_id_foreign` FOREIGN KEY (`barcode_id`) REFERENCES `barcodes` (`id`),
  CONSTRAINT `cost_increase_bond_items_cost_increase_bond_id_foreign` FOREIGN KEY (`cost_increase_bond_id`) REFERENCES `cost_increase_bonds` (`id`)
) ENGINE=InnoDB DEFAULT CHARSET=utf8mb4 COLLATE=utf8mb4_unicode_ci;

--
-- Dumping data for table `cost_increase_bond_items`
--


--
-- Table structure for table `cost_increase_bonds`
--

CREATE TABLE `cost_increase_bonds` (
  `id` bigint unsigned NOT NULL AUTO_INCREMENT,
  `date` date NOT NULL,
  `bond_number` varchar(191) CHARACTER SET utf8mb4 COLLATE utf8mb4_unicode_ci NOT NULL,
  `employee_id` bigint unsigned NOT NULL,
  `purchase_invoice_id` bigint unsigned NOT NULL,
  `post_status` tinyint(1) NOT NULL DEFAULT '0',
  `posted_at` timestamp NULL DEFAULT NULL,
  `notice` text CHARACTER SET utf8mb4 COLLATE utf8mb4_unicode_ci,
  `created_at` timestamp NULL DEFAULT NULL,
  `updated_at` timestamp NULL DEFAULT NULL,
  `deleted_at` timestamp NULL DEFAULT NULL,
  PRIMARY KEY (`id`),
  KEY `cost_increase_bonds_purchase_invoice_id_foreign` (`purchase_invoice_id`),
  CONSTRAINT `cost_increase_bonds_purchase_invoice_id_foreign` FOREIGN KEY (`purchase_invoice_id`) REFERENCES `purchase_invoices` (`id`)
) ENGINE=InnoDB DEFAULT CHARSET=utf8mb4 COLLATE=utf8mb4_unicode_ci;

--
-- Dumping data for table `cost_increase_bonds`
--


--
-- Table structure for table `countries`
--

CREATE TABLE `countries` (
  `id` bigint unsigned NOT NULL AUTO_INCREMENT,
  `ar_name` varchar(191) CHARACTER SET utf8mb4 COLLATE utf8mb4_unicode_ci NOT NULL,
  `en_name` varchar(191) CHARACTER SET utf8mb4 COLLATE utf8mb4_unicode_ci NOT NULL,
  `currency_symbol` varchar(191) CHARACTER SET utf8mb4 COLLATE utf8mb4_unicode_ci DEFAULT NULL,
  `created_at` timestamp NULL DEFAULT NULL,
  `updated_at` timestamp NULL DEFAULT NULL,
  PRIMARY KEY (`id`)
) ENGINE=InnoDB AUTO_INCREMENT=7 DEFAULT CHARSET=utf8mb4 COLLATE=utf8mb4_unicode_ci;

--
-- Dumping data for table `countries`
--

INSERT INTO `countries` VALUES (1,'الأردن','Jordan',NULL,'2024-01-10 21:06:38','2024-01-10 21:06:38'),(2,'السعودية','Saudi ِArabia',NULL,'2024-01-10 21:06:38','2024-01-10 21:06:38'),(3,'الولايات المتحدة','United States',NULL,'2024-01-10 21:06:38','2024-01-10 21:06:38'),(4,'سوريا','Syria',NULL,'2024-01-10 21:06:38','2024-01-10 21:06:38'),(5,'العراق','Iraq',NULL,'2024-01-10 21:06:38','2024-01-10 21:06:38'),(6,'مصر','Egypt',NULL,'2024-01-10 21:06:38','2024-01-10 21:06:38');

--
-- Table structure for table `credit_note_items`
--

CREATE TABLE `credit_note_items` (
  `id` bigint unsigned NOT NULL AUTO_INCREMENT,
  `note_id` bigint unsigned NOT NULL,
  `debit_account_id` bigint unsigned NOT NULL,
  `cost_center_id` bigint unsigned DEFAULT NULL,
  `amount` double(13,3) NOT NULL,
  `notice` text CHARACTER SET utf8mb4 COLLATE utf8mb4_unicode_ci,
  PRIMARY KEY (`id`),
  KEY `credit_note_items_note_id_foreign` (`note_id`),
  KEY `credit_note_items_debit_account_id_foreign` (`debit_account_id`),
  KEY `credit_note_items_cost_center_id_foreign` (`cost_center_id`),
  CONSTRAINT `credit_note_items_cost_center_id_foreign` FOREIGN KEY (`cost_center_id`) REFERENCES `cost_centers` (`id`),
  CONSTRAINT `credit_note_items_debit_account_id_foreign` FOREIGN KEY (`debit_account_id`) REFERENCES `accounts` (`id`),
  CONSTRAINT `credit_note_items_note_id_foreign` FOREIGN KEY (`note_id`) REFERENCES `credit_notes` (`id`)
) ENGINE=InnoDB AUTO_INCREMENT=28 DEFAULT CHARSET=utf8mb4 COLLATE=utf8mb4_unicode_ci;

--
-- Dumping data for table `credit_note_items`
--

INSERT INTO `credit_note_items` VALUES (1,1,168,NULL,700.000,'الغاء شيك بسند صرف 314'),(2,2,168,NULL,55000.000,'الغاء شيك بسند صرف 508'),(3,3,169,NULL,15000.000,'الغاء شيك بسند صرف 232'),(4,4,169,NULL,10000.000,'الغاء شيك بسند صرف 416'),(5,5,169,NULL,8000.000,'الغاء شيك بسند صرف 208'),(6,6,168,NULL,26128.000,'الغاء شيك بسند صرف 632'),(7,7,168,NULL,10000.000,'الغاء شيك بسند صرف 675'),(8,8,169,NULL,8000.000,'الغاء شيك بسند صرف 418'),(9,9,169,NULL,25000.000,'الغاء شيك بسند صرف 427'),(10,10,67,NULL,736.000,'الغاء شيك بسند صرف 648'),(11,11,67,NULL,2500.000,'الغاء شيك بسند صرف 655'),(12,12,67,NULL,4300.000,'الغاء شيك بسند صرف 656'),(13,13,168,NULL,30000.000,'الغاء شيك بسند صرف 749'),(14,14,168,NULL,1200.000,'الغاء شيك بسند صرف 738'),(15,15,67,NULL,8000.000,'الغاء شيك بسند صرف 651'),(16,16,67,NULL,7500.000,'الغاء شيك بسند صرف 653'),(17,17,67,NULL,5200.000,'الغاء شيك بسند صرف 670'),(18,18,67,NULL,6000.000,'الغاء شيك بسند صرف 650'),(19,19,169,NULL,27500.000,'الغاء شيك بسند صرف 427'),(20,20,168,NULL,10000.000,'الغاء شيك بسند صرف 777'),(21,21,168,NULL,506.025,'الغاء شيك بسند صرف 507'),(22,22,168,NULL,11186.000,'الغاء شيك بسند صرف 05/026'),(23,23,168,NULL,5000.000,'الغاء شيك بسند صرف 02/017'),(24,24,168,NULL,5802.000,'الغاء شيك بسند صرف 05/027'),(25,25,168,NULL,1000.000,'الغاء شيك بسند صرف 09/020'),(26,26,168,NULL,10000.000,'الغاء شيك بسند صرف 04/059'),(27,27,168,NULL,2000.000,'الغاء شيك بسند صرف 05/038');

--
-- Table structure for table `credit_notes`
--

CREATE TABLE `credit_notes` (
  `id` bigint unsigned NOT NULL AUTO_INCREMENT,
  `year_id` bigint unsigned NOT NULL,
  `period_id` bigint unsigned NOT NULL,
  `employee_id` bigint unsigned DEFAULT NULL,
  `date` date NOT NULL,
  `bond_number` varchar(191) CHARACTER SET utf8mb4 COLLATE utf8mb4_unicode_ci NOT NULL,
  `credit_receivable_id` bigint unsigned DEFAULT NULL,
  `credit_account_id` bigint unsigned DEFAULT NULL,
  `amount` double(13,3) NOT NULL,
  `post_status` smallint NOT NULL DEFAULT '0',
  `audit_status` tinyint(1) NOT NULL DEFAULT '0',
  `notice` text CHARACTER SET utf8mb4 COLLATE utf8mb4_unicode_ci,
  `created_at` timestamp NULL DEFAULT NULL,
  `updated_at` timestamp NULL DEFAULT NULL,
  `deleted_at` timestamp NULL DEFAULT NULL,
  PRIMARY KEY (`id`),
  KEY `credit_notes_year_id_foreign` (`year_id`),
  KEY `credit_notes_period_id_foreign` (`period_id`),
  KEY `credit_notes_credit_receivable_id_foreign` (`credit_receivable_id`),
  KEY `credit_notes_credit_account_id_foreign` (`credit_account_id`),
  KEY `credit_notes_employee_id_foreign` (`employee_id`),
  CONSTRAINT `credit_notes_credit_account_id_foreign` FOREIGN KEY (`credit_account_id`) REFERENCES `accounts` (`id`),
  CONSTRAINT `credit_notes_credit_receivable_id_foreign` FOREIGN KEY (`credit_receivable_id`) REFERENCES `receivable_accounts` (`id`),
  CONSTRAINT `credit_notes_employee_id_foreign` FOREIGN KEY (`employee_id`) REFERENCES `employees` (`id`),
  CONSTRAINT `credit_notes_period_id_foreign` FOREIGN KEY (`period_id`) REFERENCES `fiscal_periods` (`id`),
  CONSTRAINT `credit_notes_year_id_foreign` FOREIGN KEY (`year_id`) REFERENCES `fiscal_years` (`id`)
) ENGINE=InnoDB AUTO_INCREMENT=28 DEFAULT CHARSET=utf8mb4 COLLATE=utf8mb4_unicode_ci;

--
-- Dumping data for table `credit_notes`
--

INSERT INTO `credit_notes` VALUES (1,2,18,1,'2024-06-23','001',232,NULL,700.000,1,0,'الغاء شيك بسند صرف 314','2024-07-31 14:39:33','2024-07-31 14:39:33',NULL),(2,2,21,1,'2024-09-08','002',4,NULL,55000.000,1,0,'الغاء شيك بسند صرف 508','2024-10-07 07:58:01','2024-10-07 07:58:01',NULL),(3,2,23,1,'2024-11-30','003',39,NULL,15000.000,1,0,'الغاء شيك بسند صرف 232','2025-01-14 07:31:04','2025-01-14 07:31:04',NULL),(4,2,24,1,'2024-12-31','004',39,NULL,10000.000,1,0,'الغاء شيك بسند صرف 416','2025-01-15 11:45:22','2025-01-15 11:45:22',NULL),(5,2,24,1,'2024-12-30','005',157,NULL,8000.000,1,0,'الغاء شيك بسند صرف 208','2025-01-15 13:08:04','2025-01-15 13:08:04',NULL),(6,2,23,1,'2024-11-30','006',197,NULL,26128.000,1,0,'الغاء شيك بسند صرف 632','2025-01-16 08:26:44','2025-01-16 08:26:44',NULL),(7,2,24,1,'2024-12-01','007',4,NULL,10000.000,1,0,'الغاء شيك بسند صرف 675','2025-01-18 11:34:00','2025-01-18 11:34:00',NULL),(8,2,24,1,'2024-12-30','008',18,NULL,8000.000,1,0,'الغاء شيك بسند صرف 418','2025-01-18 12:11:55','2025-01-18 12:11:55',NULL),(9,2,24,1,'2024-12-30','009',4,NULL,25000.000,1,0,'الغاء شيك بسند صرف 427','2025-01-18 12:17:25','2025-01-18 12:17:26',NULL),(10,2,24,1,'2024-12-06','010',173,NULL,736.000,1,0,'الغاء شيك بسند صرف 648','2025-01-19 07:46:52','2025-01-19 07:46:52',NULL),(11,2,24,1,'2024-12-30','011',NULL,320,2500.000,1,0,'الغاء شيك بسند صرف 655','2025-01-21 11:26:41','2025-01-21 11:26:41',NULL),(12,2,23,1,'2024-11-30','02/012',27,NULL,4300.000,1,0,'الغاء شيك بسند صرف 656','2025-02-22 09:39:43','2025-02-22 09:39:43',NULL),(13,3,25,1,'2025-01-15','04/001',212,NULL,30000.000,1,0,'الغاء شيك بسند صرف 749','2025-04-24 11:33:46','2025-04-24 11:33:46',NULL),(14,3,28,1,'2025-04-01','04/002',235,NULL,1200.000,1,0,'الغاء شيك بسند صرف 738','2025-04-27 11:57:48','2025-04-27 11:57:48',NULL),(15,3,27,1,'2025-03-02','07/003',5,NULL,8000.000,1,0,'الغاء شيك بسند صرف 651','2025-07-02 12:05:27','2025-07-02 12:05:27',NULL),(16,3,27,1,'2025-03-02','07/004',NULL,220,7500.000,1,0,'الغاء شيك بسند صرف 653','2025-07-02 12:07:25','2025-07-02 12:07:25',NULL),(17,3,27,1,'2025-03-02','07/005',320,NULL,5200.000,1,0,'الغاء شيك بسند صرف 670','2025-07-02 12:07:52','2025-07-02 12:07:52',NULL),(18,3,27,1,'2025-03-02','07/006',245,NULL,6000.000,1,0,'الغاء شيك بسند صرف 650','2025-07-02 12:08:29','2025-07-02 12:08:29',NULL),(19,3,27,1,'2025-03-02','07/007',4,NULL,27500.000,1,0,'الغاء شيك بسند صرف 427','2025-07-15 14:40:34','2025-07-15 14:40:34',NULL),(20,3,25,1,'2025-01-25','07/008',39,NULL,10000.000,1,0,'الغاء شيك بسند صرف 777','2025-07-22 07:36:03','2025-07-22 07:36:03',NULL),(21,3,25,1,'2025-01-20','08/009',NULL,27,506.025,1,0,'الغاء شيك بسند صرف 507','2025-08-18 11:04:33','2025-08-18 11:04:33',NULL),(22,3,31,1,'2025-07-13','08/010',401,NULL,11186.000,1,0,'الغاء شيك بسند صرف 05/026','2025-08-18 11:09:23','2025-08-18 11:09:23',NULL),(23,3,30,1,'2025-06-30','08/011',28,NULL,5000.000,1,0,'الغاء شيك بسند صرف 02/017','2025-08-18 11:11:18','2025-08-18 11:11:18',NULL),(24,3,31,1,'2025-07-13','08/012',401,NULL,5802.000,1,0,'الغاء شيك بسند صرف 05/027','2025-08-18 11:40:50','2025-08-18 11:40:50',NULL),(25,3,34,1,'2025-10-05','10/001',53,NULL,1000.000,1,0,'الغاء شيك بسند صرف 09/020','2025-10-12 06:23:39','2025-10-12 06:23:39',NULL),(26,3,33,1,'2025-09-30','11/001',294,NULL,10000.000,1,0,'الغاء شيك بسند صرف 04/059','2025-11-04 12:45:03','2025-11-04 12:45:03',NULL),(27,3,33,1,'2025-09-30','11/001',436,NULL,2000.000,1,0,'الغاء شيك بسند صرف 05/038','2025-11-04 12:45:28','2025-11-04 12:45:28',NULL);

--
-- Table structure for table `currencies`
--

CREATE TABLE `currencies` (
  `id` bigint unsigned NOT NULL AUTO_INCREMENT,
  `name` varchar(191) CHARACTER SET utf8mb4 COLLATE utf8mb4_unicode_ci NOT NULL,
  `symbol` varchar(191) CHARACTER SET utf8mb4 COLLATE utf8mb4_unicode_ci NOT NULL,
  `ar_symbol` varchar(191) CHARACTER SET utf8mb4 COLLATE utf8mb4_unicode_ci NOT NULL,
  `flag` varchar(191) CHARACTER SET utf8mb4 COLLATE utf8mb4_unicode_ci DEFAULT NULL,
  `exchange_price` double(10,5) NOT NULL DEFAULT '1.00000',
  PRIMARY KEY (`id`)
) ENGINE=InnoDB AUTO_INCREMENT=7 DEFAULT CHARSET=utf8mb4 COLLATE=utf8mb4_unicode_ci;

--
-- Dumping data for table `currencies`
--

INSERT INTO `currencies` VALUES (1,'الدينار الاردني','JOD','د.أ',NULL,1.00000),(2,'ريال سعودي','SAR','ر.س',NULL,0.18959),(3,'الدولار الامريكي','USD','$',NULL,0.71000),(4,'الليرة السورية','SYP','ل.س',NULL,0.00005),(5,'الدينار العراقي','IQD','د.ع',NULL,0.00054),(6,'الجنيه مصري','EGP','ج.م',NULL,0.02298);

--
-- Table structure for table `debit_note_items`
--

CREATE TABLE `debit_note_items` (
  `id` bigint unsigned NOT NULL AUTO_INCREMENT,
  `note_id` bigint unsigned NOT NULL,
  `credit_account_id` bigint unsigned NOT NULL,
  `cost_center_id` bigint unsigned DEFAULT NULL,
  `amount` double(13,3) NOT NULL,
  `notice` text CHARACTER SET utf8mb4 COLLATE utf8mb4_unicode_ci,
  PRIMARY KEY (`id`),
  KEY `debit_note_items_note_id_foreign` (`note_id`),
  KEY `debit_note_items_credit_account_id_foreign` (`credit_account_id`),
  KEY `debit_note_items_cost_center_id_foreign` (`cost_center_id`),
  CONSTRAINT `debit_note_items_cost_center_id_foreign` FOREIGN KEY (`cost_center_id`) REFERENCES `cost_centers` (`id`),
  CONSTRAINT `debit_note_items_credit_account_id_foreign` FOREIGN KEY (`credit_account_id`) REFERENCES `accounts` (`id`),
  CONSTRAINT `debit_note_items_note_id_foreign` FOREIGN KEY (`note_id`) REFERENCES `debit_notes` (`id`)
) ENGINE=InnoDB AUTO_INCREMENT=10 DEFAULT CHARSET=utf8mb4 COLLATE=utf8mb4_unicode_ci;

--
-- Dumping data for table `debit_note_items`
--

INSERT INTO `debit_note_items` VALUES (1,1,9,NULL,1450.000,'الغاء شيك بسند قبض 085'),(3,3,9,NULL,3000.000,'الغاء شيك بسند قبض 116'),(4,4,9,NULL,12000.000,'الغاء شيك بسند قبض 099'),(5,5,9,NULL,10800.000,'الغاء شيك بسند قبض 088'),(6,6,9,NULL,20000.000,'الغاء شيك بسند قبض 115'),(7,7,9,NULL,10000.000,'الغاء شيك بسند قبض 100'),(8,8,9,NULL,5000.000,'الغاء شيك بسند قبض 153'),(9,9,9,NULL,3800.000,'الغاء شيك بسند قبض 168');

--
-- Table structure for table `debit_notes`
--

CREATE TABLE `debit_notes` (
  `id` bigint unsigned NOT NULL AUTO_INCREMENT,
  `year_id` bigint unsigned NOT NULL,
  `period_id` bigint unsigned NOT NULL,
  `employee_id` bigint unsigned DEFAULT NULL,
  `date` date NOT NULL,
  `bond_number` varchar(191) CHARACTER SET utf8mb4 COLLATE utf8mb4_unicode_ci NOT NULL,
  `debit_receivable_id` bigint unsigned DEFAULT NULL,
  `debit_account_id` bigint unsigned DEFAULT NULL,
  `amount` double(13,3) NOT NULL,
  `post_status` smallint NOT NULL DEFAULT '0',
  `audit_status` tinyint(1) NOT NULL DEFAULT '0',
  `notice` text CHARACTER SET utf8mb4 COLLATE utf8mb4_unicode_ci,
  `created_at` timestamp NULL DEFAULT NULL,
  `updated_at` timestamp NULL DEFAULT NULL,
  `deleted_at` timestamp NULL DEFAULT NULL,
  PRIMARY KEY (`id`),
  KEY `debit_notes_year_id_foreign` (`year_id`),
  KEY `debit_notes_period_id_foreign` (`period_id`),
  KEY `debit_notes_debit_receivable_id_foreign` (`debit_receivable_id`),
  KEY `debit_notes_debit_account_id_foreign` (`debit_account_id`),
  KEY `debit_notes_employee_id_foreign` (`employee_id`),
  CONSTRAINT `debit_notes_debit_account_id_foreign` FOREIGN KEY (`debit_account_id`) REFERENCES `accounts` (`id`),
  CONSTRAINT `debit_notes_debit_receivable_id_foreign` FOREIGN KEY (`debit_receivable_id`) REFERENCES `receivable_accounts` (`id`),
  CONSTRAINT `debit_notes_employee_id_foreign` FOREIGN KEY (`employee_id`) REFERENCES `employees` (`id`),
  CONSTRAINT `debit_notes_period_id_foreign` FOREIGN KEY (`period_id`) REFERENCES `fiscal_periods` (`id`),
  CONSTRAINT `debit_notes_year_id_foreign` FOREIGN KEY (`year_id`) REFERENCES `fiscal_years` (`id`)
) ENGINE=InnoDB AUTO_INCREMENT=10 DEFAULT CHARSET=utf8mb4 COLLATE=utf8mb4_unicode_ci;

--
-- Dumping data for table `debit_notes`
--

INSERT INTO `debit_notes` VALUES (1,2,18,1,'2024-06-30','001',167,NULL,1450.000,1,0,'الغاء شيك بسند قبض 085','2024-07-10 10:52:37','2024-07-10 10:52:37',NULL),(3,2,21,1,'2024-09-30','002',167,NULL,3000.000,1,0,'الغاء شيك بسند قبض 116','2024-10-02 10:25:23','2024-10-02 10:25:23',NULL),(4,2,19,1,'2024-07-31','02/003',9,NULL,12000.000,1,0,'الغاء شيك بسند قبض 099','2025-02-19 09:14:16','2025-02-19 09:14:16',NULL),(5,2,19,1,'2024-07-01','02/003',9,NULL,10800.000,1,0,'الغاء شيك بسند قبض 088','2025-02-19 09:15:04','2025-02-19 09:15:04',NULL),(6,2,20,1,'2024-08-31','02/003',9,NULL,20000.000,1,0,'الغاء شيك بسند قبض 115','2025-02-19 09:16:38','2025-02-19 09:16:38',NULL),(7,2,19,1,'2024-07-31','02/003',9,NULL,10000.000,1,0,'الغاء شيك بسند قبض 100','2025-02-19 11:42:37','2025-02-19 11:42:37',NULL),(8,2,23,1,'2024-11-30','02/003',295,NULL,5000.000,1,0,'الغاء شيك بسند قبض 153','2025-02-20 15:13:26','2025-02-20 15:13:27',NULL),(9,3,28,1,'2025-04-30','07/001',181,NULL,3800.000,1,0,'الغاء شيك بسند قبض 168','2025-07-14 08:40:41','2025-07-14 08:40:41',NULL);

--
-- Table structure for table `deleted_item_log_actions`
--

CREATE TABLE `deleted_item_log_actions` (
  `id` bigint unsigned NOT NULL AUTO_INCREMENT,
  `cashier_id` bigint unsigned NOT NULL,
  `supervisor_id` bigint unsigned DEFAULT NULL,
  `branch_id` bigint unsigned NOT NULL,
  `details` text CHARACTER SET utf8mb4 COLLATE utf8mb4_unicode_ci NOT NULL,
  `created_at` timestamp NULL DEFAULT NULL,
  `updated_at` timestamp NULL DEFAULT NULL,
  PRIMARY KEY (`id`),
  KEY `deleted_item_log_actions_cashier_id_foreign` (`cashier_id`),
  KEY `deleted_item_log_actions_supervisor_id_foreign` (`supervisor_id`),
  KEY `deleted_item_log_actions_branch_id_foreign` (`branch_id`),
  CONSTRAINT `deleted_item_log_actions_branch_id_foreign` FOREIGN KEY (`branch_id`) REFERENCES `branches` (`id`),
  CONSTRAINT `deleted_item_log_actions_cashier_id_foreign` FOREIGN KEY (`cashier_id`) REFERENCES `pos_users` (`id`),
  CONSTRAINT `deleted_item_log_actions_supervisor_id_foreign` FOREIGN KEY (`supervisor_id`) REFERENCES `pos_users` (`id`)
) ENGINE=InnoDB DEFAULT CHARSET=utf8mb4 COLLATE=utf8mb4_unicode_ci;

--
-- Dumping data for table `deleted_item_log_actions`
--


--
-- Table structure for table `delivery_cars`
--

CREATE TABLE `delivery_cars` (
  `id` bigint unsigned NOT NULL AUTO_INCREMENT,
  `number` varchar(191) CHARACTER SET utf8mb4 COLLATE utf8mb4_unicode_ci NOT NULL,
  PRIMARY KEY (`id`)
) ENGINE=InnoDB DEFAULT CHARSET=utf8mb4 COLLATE=utf8mb4_unicode_ci;

--
-- Dumping data for table `delivery_cars`
--


--
-- Table structure for table `delivery_terms`
--

CREATE TABLE `delivery_terms` (
  `id` bigint unsigned NOT NULL AUTO_INCREMENT,
  `name` varchar(191) CHARACTER SET utf8mb4 COLLATE utf8mb4_unicode_ci NOT NULL,
  PRIMARY KEY (`id`)
) ENGINE=InnoDB DEFAULT CHARSET=utf8mb4 COLLATE=utf8mb4_unicode_ci;

--
-- Dumping data for table `delivery_terms`
--


--
-- Table structure for table `draft_purchase_order_meets`
--

CREATE TABLE `draft_purchase_order_meets` (
  `id` bigint unsigned NOT NULL AUTO_INCREMENT,
  `purchase_order_id` bigint unsigned NOT NULL,
  `data` text CHARACTER SET utf8mb4 COLLATE utf8mb4_unicode_ci NOT NULL,
  `created_at` timestamp NULL DEFAULT NULL,
  `updated_at` timestamp NULL DEFAULT NULL,
  PRIMARY KEY (`id`),
  KEY `draft_purchase_order_meets_purchase_order_id_foreign` (`purchase_order_id`),
  CONSTRAINT `draft_purchase_order_meets_purchase_order_id_foreign` FOREIGN KEY (`purchase_order_id`) REFERENCES `purchase_orders` (`id`)
) ENGINE=InnoDB AUTO_INCREMENT=17 DEFAULT CHARSET=utf8mb4 COLLATE=utf8mb4_unicode_ci;

--
-- Dumping data for table `draft_purchase_order_meets`
--

INSERT INTO `draft_purchase_order_meets` VALUES (2,11,'[{\"is_selected\":true,\"id\":24,\"barcode_id\":986,\"barcode_number\":\"10970\",\"barcode_name\":\"\\u0635\\u0627\\u062c 5 \\u0645\\u0644\\u0645 2*6 \\u0645( ST-52 )\",\"unit_name\":\"PC\",\"quantity\":26,\"delivered_quantity\":26,\"cost\":500,\"total_cost\":13000,\"delivered_total_cost\":13000,\"quantity_supply\":\"\",\"total_cost_supply\":\"\",\"bonus_quantity\":null,\"delivered_bonus\":0,\"bonus_supply\":\"\",\"tax_amount\":\"---\",\"expire_date\":\"\",\"discount_amount\":null,\"notice\":null,\"status\":\"\",\"full_number\":\"972\",\"under_tax\":0},{\"is_selected\":true,\"id\":25,\"barcode_id\":987,\"barcode_number\":\"10971\",\"barcode_name\":\"\\u0635\\u0627\\u062c 8 \\u0645\\u0644\\u0645 2*6 \\u0645 ( ST-52 )\",\"unit_name\":\"PC\",\"quantity\":5,\"delivered_quantity\":5,\"cost\":500,\"total_cost\":2500,\"delivered_total_cost\":2500,\"quantity_supply\":\"\",\"total_cost_supply\":\"\",\"bonus_quantity\":null,\"delivered_bonus\":0,\"bonus_supply\":\"\",\"tax_amount\":\"---\",\"expire_date\":\"\",\"discount_amount\":null,\"notice\":null,\"status\":\"\",\"full_number\":\"973\",\"under_tax\":0},{\"is_selected\":true,\"id\":26,\"barcode_id\":937,\"barcode_number\":\"10921\",\"barcode_name\":\"\\u0635\\u0627\\u062c 10 \\u0645\\u0644\\u0645 2*6 \\u0645\\u062a\\u0631 (ST52)\",\"unit_name\":\"\\u0637\\u0646.\",\"quantity\":3,\"delivered_quantity\":3,\"cost\":500,\"total_cost\":1500,\"delivered_total_cost\":1500,\"quantity_supply\":\"\",\"total_cost_supply\":\"\",\"bonus_quantity\":null,\"delivered_bonus\":0,\"bonus_supply\":\"\",\"tax_amount\":\"---\",\"expire_date\":\"\",\"discount_amount\":null,\"notice\":null,\"status\":\"\",\"full_number\":\"923\",\"under_tax\":0},{\"is_selected\":true,\"id\":27,\"barcode_id\":936,\"barcode_number\":\"10920\",\"barcode_name\":\"\\u0635\\u0627\\u062c 15 \\u0645\\u0644\\u0645 2*6 \\u0645\\u062a\\u0631 (ST52)\",\"unit_name\":\"\\u0637\\u0646.\",\"quantity\":5,\"delivered_quantity\":5,\"cost\":500,\"total_cost\":2500,\"delivered_total_cost\":2500,\"quantity_supply\":\"\",\"total_cost_supply\":\"\",\"bonus_quantity\":null,\"delivered_bonus\":0,\"bonus_supply\":\"\",\"tax_amount\":\"---\",\"expire_date\":\"\",\"discount_amount\":null,\"notice\":null,\"status\":\"\",\"full_number\":\"922\",\"under_tax\":0}]','2025-08-27 06:29:32','2025-08-27 06:33:03'),(3,16,'[{\"is_selected\":false,\"id\":47,\"barcode_id\":1001,\"barcode_number\":\"10985\",\"barcode_name\":\"(UNIGUARD STEEL PRIMER ZP RAL7040-(16 L\",\"unit_name\":\"DRUM\",\"quantity\":5,\"delivered_quantity\":5,\"cost\":0,\"total_cost\":0,\"delivered_total_cost\":0,\"quantity_supply\":\"\",\"total_cost_supply\":\"\",\"bonus_quantity\":null,\"delivered_bonus\":0,\"bonus_supply\":\"\",\"tax_amount\":\"---\",\"expire_date\":\"\",\"discount_amount\":null,\"notice\":null,\"status\":\"\",\"full_number\":\"987\",\"under_tax\":0},{\"is_selected\":true,\"id\":48,\"barcode_id\":733,\"barcode_number\":\"10717\",\"barcode_name\":\"UNIGUARD STEEL PRIMER ZP RAL7023 - (16 L)\",\"unit_name\":\"PC\",\"quantity\":30,\"delivered_quantity\":30,\"cost\":0,\"total_cost\":0,\"delivered_total_cost\":0,\"quantity_supply\":\"\",\"total_cost_supply\":\"\",\"bonus_quantity\":null,\"delivered_bonus\":0,\"bonus_supply\":\"\",\"tax_amount\":\"---\",\"expire_date\":\"\",\"discount_amount\":null,\"notice\":null,\"status\":\"\",\"full_number\":\"719\",\"under_tax\":0},{\"is_selected\":true,\"id\":49,\"barcode_id\":98,\"barcode_number\":\"10094\",\"barcode_name\":\"JOTUN THINNER NO.10 - (20 L)\",\"unit_name\":\"DRUM\",\"quantity\":3,\"delivered_quantity\":3,\"cost\":0,\"total_cost\":0,\"delivered_total_cost\":0,\"quantity_supply\":\"\",\"total_cost_supply\":\"\",\"bonus_quantity\":null,\"delivered_bonus\":0,\"bonus_supply\":\"\",\"tax_amount\":\"---\",\"expire_date\":\"\",\"discount_amount\":null,\"notice\":null,\"status\":\"\",\"full_number\":\"96\",\"under_tax\":0}]','2025-09-01 13:02:28','2025-09-01 13:02:28'),(4,9,'[{\"is_selected\":true,\"id\":21,\"barcode_id\":72,\"barcode_number\":\"10070\",\"barcode_name\":\"UNIGUARD STEEL PRIMER ZP RAL7015-(16 L)\",\"unit_name\":\"DRUM\",\"quantity\":30,\"delivered_quantity\":30,\"cost\":35,\"total_cost\":1050,\"delivered_total_cost\":1050,\"quantity_supply\":\"\",\"total_cost_supply\":\"\",\"bonus_quantity\":null,\"delivered_bonus\":0,\"bonus_supply\":\"\",\"tax_amount\":\"---\",\"expire_date\":\"\",\"discount_amount\":null,\"notice\":null,\"status\":\"\",\"full_number\":\"72\",\"under_tax\":0}]','2025-09-02 06:56:33','2025-09-02 06:56:33'),(5,17,'[{\"is_selected\":true,\"id\":65,\"barcode_id\":319,\"barcode_number\":\"10303\",\"barcode_name\":\"\\u0633\\u0644\\u0643 \\u0645\\u062c\\u062f\\u0648\\u0644 \\u0648\\u0632\\u0646 2.0 \\u0643\\u063a\\u0645\",\"unit_name\":\"\\u0644\\u0641\\u0629\",\"quantity\":50,\"delivered_quantity\":50,\"cost\":1.47,\"total_cost\":73.5,\"delivered_total_cost\":73.5,\"quantity_supply\":\"\",\"total_cost_supply\":\"\",\"bonus_quantity\":null,\"delivered_bonus\":0,\"bonus_supply\":\"\",\"tax_amount\":\"---\",\"expire_date\":\"\",\"discount_amount\":null,\"notice\":null,\"status\":\"\",\"full_number\":\"305\",\"under_tax\":0},{\"is_selected\":true,\"id\":66,\"barcode_id\":743,\"barcode_number\":\"10727\",\"barcode_name\":\"\\u0627\\u0633\\u0644\\u0627\\u0643 \\u062a\\u0631\\u0628\\u064a\\u0637 1.0 \\u0645\\u0644\\u0645 \\u0645\\u062c\\u0644\\u0641\\u0646 \\u0648\\u0632\\u0646 0.900 \\u0643\\u063a\\u0645 (10 \\u0631\\u0628\\u0637\\u0629\\/\\u0627\\u0644\\u0644\\u0641\\u0647)\",\"unit_name\":\"PC\",\"quantity\":1,\"delivered_quantity\":1,\"cost\":7.76,\"total_cost\":7.76,\"delivered_total_cost\":7.76,\"quantity_supply\":\"\",\"total_cost_supply\":\"\",\"bonus_quantity\":null,\"delivered_bonus\":0,\"bonus_supply\":\"\",\"tax_amount\":\"---\",\"expire_date\":\"\",\"discount_amount\":null,\"notice\":null,\"status\":\"\",\"full_number\":\"729\",\"under_tax\":0},{\"is_selected\":true,\"id\":67,\"barcode_id\":316,\"barcode_number\":\"10300\",\"barcode_name\":\"\\u0645\\u0633\\u0627\\u0645\\u064a\\u0631 \\u0642\\u064a\\u0627\\u0633 6 \\u0633\\u0645 \\u0648\\u0632\\u0646 2.0 \\u0643\\u063a\\u0645\",\"unit_name\":\"\\u0628\\u0643\\u064a\\u062a\",\"quantity\":10,\"delivered_quantity\":10,\"cost\":1.38,\"total_cost\":13.799999999999999,\"delivered_total_cost\":13.799999999999999,\"quantity_supply\":\"\",\"total_cost_supply\":\"\",\"bonus_quantity\":null,\"delivered_bonus\":0,\"bonus_supply\":\"\",\"tax_amount\":\"---\",\"expire_date\":\"\",\"discount_amount\":null,\"notice\":null,\"status\":\"\",\"full_number\":\"302\",\"under_tax\":0}]','2025-09-03 06:51:30','2025-09-03 06:51:30'),(6,12,'[{\"is_selected\":true,\"id\":68,\"barcode_id\":533,\"barcode_number\":\"10517\",\"barcode_name\":\"\\u0635\\u0627\\u062c \\u0627\\u0633\\u0648\\u062f 30 \\u0645\\u0644\\u0645 2*6\",\"unit_name\":\"\\u0637\\u0646.\",\"quantity\":19.96,\"delivered_quantity\":19.96,\"cost\":560,\"total_cost\":11177.6,\"delivered_total_cost\":11177.6,\"quantity_supply\":\"\",\"total_cost_supply\":\"\",\"bonus_quantity\":null,\"delivered_bonus\":0,\"bonus_supply\":\"\",\"tax_amount\":\"---\",\"expire_date\":\"\",\"discount_amount\":null,\"notice\":null,\"status\":\"\",\"full_number\":\"519\",\"under_tax\":0},{\"is_selected\":true,\"id\":69,\"barcode_id\":988,\"barcode_number\":\"10972\",\"barcode_name\":\"\\u0635\\u0627\\u062c \\u0627\\u0633\\u0648\\u062f \\u062e\\u0645\\u0627\\u064a\\u0644 40 \\u0645\\u0644\\u0645 2.5*4.75\",\"unit_name\":\"\\u0637\\u0646.\",\"quantity\":3.79,\"delivered_quantity\":3.79,\"cost\":600,\"total_cost\":2274,\"delivered_total_cost\":2274,\"quantity_supply\":\"\",\"total_cost_supply\":\"\",\"bonus_quantity\":null,\"delivered_bonus\":0,\"bonus_supply\":\"\",\"tax_amount\":\"---\",\"expire_date\":\"\",\"discount_amount\":null,\"notice\":null,\"status\":\"\",\"full_number\":\"974\",\"under_tax\":0},{\"is_selected\":true,\"id\":70,\"barcode_id\":989,\"barcode_number\":\"10973\",\"barcode_name\":\"\\u0635\\u0627\\u062c \\u0627\\u0633\\u0648\\u062f \\u062e\\u0645\\u0627\\u064a\\u0644 35 \\u0645\\u0644\\u0645 2*4\",\"unit_name\":\"\\u0637\\u0646.\",\"quantity\":2.24,\"delivered_quantity\":2.24,\"cost\":650,\"total_cost\":1456.0000000000002,\"delivered_total_cost\":1456.0000000000002,\"quantity_supply\":\"\",\"total_cost_supply\":\"\",\"bonus_quantity\":null,\"delivered_bonus\":0,\"bonus_supply\":\"\",\"tax_amount\":\"---\",\"expire_date\":\"\",\"discount_amount\":null,\"notice\":null,\"status\":\"\",\"full_number\":\"975\",\"under_tax\":0},{\"is_selected\":true,\"id\":71,\"barcode_id\":990,\"barcode_number\":\"10974\",\"barcode_name\":\"\\u0635\\u0627\\u062c \\u0627\\u0633\\u0648\\u062f \\u062e\\u0645\\u0627\\u064a\\u0644 25 \\u0645\\u0644\\u0645 2*6\",\"unit_name\":\"\\u0637\\u0646.\",\"quantity\":2.33,\"delivered_quantity\":2.33,\"cost\":560,\"total_cost\":1304.8,\"delivered_total_cost\":1304.8,\"quantity_supply\":\"\",\"total_cost_supply\":\"\",\"bonus_quantity\":null,\"delivered_bonus\":0,\"bonus_supply\":\"\",\"tax_amount\":\"---\",\"expire_date\":\"\",\"discount_amount\":null,\"notice\":null,\"status\":\"\",\"full_number\":\"976\",\"under_tax\":0},{\"is_selected\":true,\"id\":72,\"barcode_id\":659,\"barcode_number\":\"10643\",\"barcode_name\":\"\\u0635\\u0627\\u062c \\u0627\\u0633\\u0648\\u062f 50 \\u0645\\u0644\\u0645 2*6 \\u0645\\u062a\\u0631\",\"unit_name\":\"\\u0637\\u0646.\",\"quantity\":4.8,\"delivered_quantity\":4.8,\"cost\":570,\"total_cost\":2736,\"delivered_total_cost\":2736,\"quantity_supply\":\"\",\"total_cost_supply\":\"\",\"bonus_quantity\":null,\"delivered_bonus\":0,\"bonus_supply\":\"\",\"tax_amount\":\"---\",\"expire_date\":\"\",\"discount_amount\":null,\"notice\":null,\"status\":\"\",\"full_number\":\"645\",\"under_tax\":0}]','2025-09-03 07:54:17','2025-09-03 07:54:17'),(7,19,'[{\"is_selected\":true,\"id\":77,\"barcode_id\":508,\"barcode_number\":\"10492\",\"barcode_name\":\"K-HARDTOP XP BASE 1 ( 2 COMP ) - (18.2 L)\",\"unit_name\":\"DRUM\",\"quantity\":10,\"delivered_quantity\":10,\"cost\":136.95,\"total_cost\":1369.5,\"delivered_total_cost\":1369.5,\"quantity_supply\":\"\",\"total_cost_supply\":\"\",\"bonus_quantity\":null,\"delivered_bonus\":0,\"bonus_supply\":\"\",\"tax_amount\":\"---\",\"expire_date\":\"\",\"discount_amount\":null,\"notice\":null,\"status\":\"\",\"full_number\":\"494\",\"under_tax\":0}]','2025-09-07 08:14:41','2025-09-07 08:14:41'),(8,18,'[{\"is_selected\":true,\"id\":79,\"barcode_id\":234,\"barcode_number\":\"10218\",\"barcode_name\":\"\\u062c\\u0633\\u0648\\u0631 \\u062d\\u062f\\u064a\\u062f \\u0645\\u0634\\u0643\\u0644\\u0629\",\"unit_name\":\"\\u0637\\u0646.\",\"quantity\":38.72,\"delivered_quantity\":38.72,\"cost\":496.69,\"total_cost\":19231.8368,\"delivered_total_cost\":19231.8368,\"quantity_supply\":\"\",\"total_cost_supply\":\"\",\"bonus_quantity\":null,\"delivered_bonus\":0,\"bonus_supply\":\"\",\"tax_amount\":\"---\",\"expire_date\":\"\",\"discount_amount\":null,\"notice\":null,\"status\":\"\",\"full_number\":\"220\",\"under_tax\":0}]','2025-09-07 11:06:47','2025-09-07 11:06:47'),(9,23,'[{\"is_selected\":true,\"id\":85,\"barcode_id\":1006,\"barcode_number\":\"10990\",\"barcode_name\":\"K_JOTAMASTIC 70 GREY (2 COMP.)_ ( 18 L )\",\"unit_name\":\"DRUM\",\"quantity\":30,\"delivered_quantity\":30,\"cost\":78,\"total_cost\":2340,\"delivered_total_cost\":2340,\"quantity_supply\":\"\",\"total_cost_supply\":\"\",\"bonus_quantity\":null,\"delivered_bonus\":0,\"bonus_supply\":\"\",\"tax_amount\":\"---\",\"expire_date\":\"\",\"discount_amount\":null,\"notice\":null,\"status\":\"\",\"full_number\":\"992\",\"under_tax\":0}]','2025-09-15 08:25:01','2025-09-15 08:25:01'),(10,22,'[{\"is_selected\":false,\"id\":81,\"barcode_id\":72,\"barcode_number\":\"10070\",\"barcode_name\":\"UNIGUARD STEEL PRIMER ZP RAL7015-(16 L)\",\"unit_name\":\"DRUM\",\"quantity\":30,\"delivered_quantity\":30,\"cost\":0,\"total_cost\":0,\"delivered_total_cost\":0,\"quantity_supply\":\"\",\"total_cost_supply\":\"\",\"bonus_quantity\":null,\"delivered_bonus\":0,\"bonus_supply\":\"\",\"tax_amount\":\"---\",\"expire_date\":\"\",\"discount_amount\":null,\"notice\":null,\"status\":\"\",\"full_number\":\"72\",\"under_tax\":0},{\"is_selected\":true,\"id\":82,\"barcode_id\":105,\"barcode_number\":\"10101\",\"barcode_name\":\"K-PENGUARD HSP GREY (2 COMP.) - (20L )\",\"unit_name\":\"DRUM\",\"quantity\":10,\"delivered_quantity\":10,\"cost\":0,\"total_cost\":0,\"delivered_total_cost\":0,\"quantity_supply\":\"\",\"total_cost_supply\":\"\",\"bonus_quantity\":null,\"delivered_bonus\":0,\"bonus_supply\":\"\",\"tax_amount\":\"---\",\"expire_date\":\"\",\"discount_amount\":null,\"notice\":null,\"status\":\"\",\"full_number\":\"103\",\"under_tax\":0}]','2025-09-15 08:44:21','2025-09-15 08:44:21'),(11,7,'[{\"is_selected\":true,\"id\":13,\"barcode_id\":941,\"barcode_number\":\"10925\",\"barcode_name\":\"\\u0633\\u0644\\u0643 \\u0646\\u0627\\u0639\\u0645 \\u0627\\u0628\\u064a\\u0636\",\"unit_name\":\"\\u0644\\u0641\\u0629\",\"quantity\":30,\"delivered_quantity\":30,\"cost\":0,\"total_cost\":0,\"delivered_total_cost\":0,\"quantity_supply\":\"\",\"total_cost_supply\":\"\",\"bonus_quantity\":null,\"delivered_bonus\":0,\"bonus_supply\":\"\",\"tax_amount\":\"---\",\"expire_date\":\"\",\"discount_amount\":null,\"notice\":null,\"status\":\"\",\"full_number\":\"927\",\"under_tax\":0},{\"is_selected\":false,\"id\":14,\"barcode_id\":319,\"barcode_number\":\"10303\",\"barcode_name\":\"\\u0633\\u0644\\u0643 \\u0645\\u062c\\u062f\\u0648\\u0644 \\u0648\\u0632\\u0646 2.0 \\u0643\\u063a\\u0645\",\"unit_name\":\"\\u0644\\u0641\\u0629\",\"quantity\":30,\"delivered_quantity\":1,\"cost\":1.75,\"total_cost\":52.5,\"delivered_total_cost\":1.75,\"quantity_supply\":\"\",\"total_cost_supply\":\"\",\"bonus_quantity\":null,\"delivered_bonus\":0,\"bonus_supply\":\"\",\"tax_amount\":\"---\",\"expire_date\":\"\",\"discount_amount\":null,\"notice\":null,\"status\":\"\",\"full_number\":\"305\",\"under_tax\":0},{\"is_selected\":false,\"id\":15,\"barcode_id\":316,\"barcode_number\":\"10300\",\"barcode_name\":\"\\u0645\\u0633\\u0627\\u0645\\u064a\\u0631 \\u0642\\u064a\\u0627\\u0633 6 \\u0633\\u0645 \\u0648\\u0632\\u0646 2.0 \\u0643\\u063a\\u0645\",\"unit_name\":\"\\u0628\\u0643\\u064a\\u062a\",\"quantity\":10,\"delivered_quantity\":1,\"cost\":1.6,\"total_cost\":16,\"delivered_total_cost\":1.6,\"quantity_supply\":\"\",\"total_cost_supply\":\"\",\"bonus_quantity\":null,\"delivered_bonus\":0,\"bonus_supply\":\"\",\"tax_amount\":\"---\",\"expire_date\":\"\",\"discount_amount\":null,\"notice\":null,\"status\":\"\",\"full_number\":\"302\",\"under_tax\":0},{\"is_selected\":false,\"id\":16,\"barcode_id\":317,\"barcode_number\":\"10301\",\"barcode_name\":\"\\u0645\\u0633\\u0627\\u0645\\u064a\\u0631 \\u0642\\u064a\\u0627\\u0633 10 \\u0633\\u0645 \\u0648\\u0632\\u0646 2.0 \\u0643\\u063a\\u0645\",\"unit_name\":\"\\u0628\\u0643\\u064a\\u062a\",\"quantity\":10,\"delivered_quantity\":1,\"cost\":1.6,\"total_cost\":16,\"delivered_total_cost\":1.6,\"quantity_supply\":\"\",\"total_cost_supply\":\"\",\"bonus_quantity\":null,\"delivered_bonus\":0,\"bonus_supply\":\"\",\"tax_amount\":\"---\",\"expire_date\":\"\",\"discount_amount\":null,\"notice\":null,\"status\":\"\",\"full_number\":\"303\",\"under_tax\":0}]','2025-09-15 08:52:10','2025-09-15 08:52:10'),(12,15,'[{\"is_selected\":true,\"id\":86,\"barcode_id\":72,\"barcode_number\":\"10070\",\"barcode_name\":\"UNIGUARD STEEL PRIMER ZP RAL7015-(16 L)\",\"unit_name\":\"DRUM\",\"quantity\":13,\"delivered_quantity\":13,\"cost\":35,\"total_cost\":455,\"delivered_total_cost\":455,\"quantity_supply\":\"\",\"total_cost_supply\":\"\",\"bonus_quantity\":null,\"delivered_bonus\":0,\"bonus_supply\":\"\",\"tax_amount\":\"---\",\"expire_date\":\"\",\"discount_amount\":null,\"notice\":null,\"status\":\"\",\"full_number\":\"72\",\"under_tax\":0}]','2025-09-15 10:14:39','2025-09-15 10:14:39'),(13,24,'[{\"is_selected\":false,\"id\":92,\"barcode_id\":334,\"barcode_number\":\"10318\",\"barcode_name\":\"K-PENGUARD FC BASE 3  (2 COMP.) - ( 18.4 L )\",\"unit_name\":\"DRUM\",\"quantity\":20,\"delivered_quantity\":20,\"cost\":128,\"total_cost\":2560,\"delivered_total_cost\":2560,\"quantity_supply\":\"\",\"total_cost_supply\":\"\",\"bonus_quantity\":null,\"delivered_bonus\":0,\"bonus_supply\":\"\",\"tax_amount\":\"---\",\"expire_date\":\"\",\"discount_amount\":null,\"notice\":null,\"status\":\"\",\"full_number\":\"320\",\"under_tax\":0}]','2025-09-16 14:20:36','2025-09-16 14:20:36'),(14,8,'[{\"is_selected\":false,\"id\":17,\"barcode_id\":317,\"barcode_number\":\"10301\",\"barcode_name\":\"\\u0645\\u0633\\u0627\\u0645\\u064a\\u0631 \\u0642\\u064a\\u0627\\u0633 10 \\u0633\\u0645 \\u0648\\u0632\\u0646 2.0 \\u0643\\u063a\\u0645\",\"unit_name\":\"\\u0628\\u0643\\u064a\\u062a\",\"quantity\":10,\"delivered_quantity\":1,\"cost\":1.6,\"total_cost\":16,\"delivered_total_cost\":1.6,\"quantity_supply\":\"\",\"total_cost_supply\":\"\",\"bonus_quantity\":null,\"delivered_bonus\":0,\"bonus_supply\":\"\",\"tax_amount\":\"---\",\"expire_date\":\"\",\"discount_amount\":null,\"notice\":null,\"status\":\"\",\"full_number\":\"303\",\"under_tax\":0},{\"is_selected\":false,\"id\":18,\"barcode_id\":724,\"barcode_number\":\"10708\",\"barcode_name\":\"\\u0645\\u0633\\u0627\\u0645\\u064a\\u0631 \\u0641\\u0648\\u0644\\u0627\\u0630 6 \\u0633\\u0645\",\"unit_name\":\"PC\",\"quantity\":10,\"delivered_quantity\":1,\"cost\":0.45,\"total_cost\":4.5,\"delivered_total_cost\":0.45,\"quantity_supply\":\"\",\"total_cost_supply\":\"\",\"bonus_quantity\":null,\"delivered_bonus\":0,\"bonus_supply\":\"\",\"tax_amount\":\"---\",\"expire_date\":\"\",\"discount_amount\":null,\"notice\":null,\"status\":\"\",\"full_number\":\"710\",\"under_tax\":0},{\"is_selected\":false,\"id\":19,\"barcode_id\":464,\"barcode_number\":\"10448\",\"barcode_name\":\"\\u0633\\u0644\\u0643 \\u0645\\u062c\\u062f\\u0648\\u0644\",\"unit_name\":\"PC\",\"quantity\":1,\"delivered_quantity\":1,\"cost\":2,\"total_cost\":2,\"delivered_total_cost\":2,\"quantity_supply\":\"\",\"total_cost_supply\":\"\",\"bonus_quantity\":null,\"delivered_bonus\":0,\"bonus_supply\":\"\",\"tax_amount\":\"---\",\"expire_date\":\"\",\"discount_amount\":null,\"notice\":null,\"status\":\"\",\"full_number\":\"450\",\"under_tax\":0},{\"is_selected\":true,\"id\":20,\"barcode_id\":941,\"barcode_number\":\"10925\",\"barcode_name\":\"\\u0633\\u0644\\u0643 \\u0646\\u0627\\u0639\\u0645 \\u0627\\u0628\\u064a\\u0636\",\"unit_name\":\"\\u0644\\u0641\\u0629\",\"quantity\":10,\"delivered_quantity\":10,\"cost\":0,\"total_cost\":0,\"delivered_total_cost\":0,\"quantity_supply\":\"\",\"total_cost_supply\":\"\",\"bonus_quantity\":null,\"delivered_bonus\":0,\"bonus_supply\":\"\",\"tax_amount\":\"---\",\"expire_date\":\"\",\"discount_amount\":null,\"notice\":null,\"status\":\"\",\"full_number\":\"927\",\"under_tax\":0}]','2025-09-18 05:45:04','2025-09-18 05:45:04'),(15,27,'[{\"is_selected\":false,\"id\":94,\"barcode_id\":78,\"barcode_number\":\"10075\",\"barcode_name\":\"\\u062a\\u0646\\u0631 \\u062f\\u0648\\u0644\\u0641\\u064a\\u0646 25\\u0643 ( \\u0646\\u0627\\u0634\\u0648\\u0646\\u0627\\u0644)\",\"unit_name\":\"DRUM\",\"quantity\":4,\"delivered_quantity\":666,\"cost\":0,\"total_cost\":0,\"delivered_total_cost\":0,\"quantity_supply\":\"\",\"total_cost_supply\":\"\",\"bonus_quantity\":null,\"delivered_bonus\":0,\"bonus_supply\":\"\",\"tax_amount\":\"---\",\"expire_date\":\"\",\"discount_amount\":null,\"notice\":null,\"status\":\"\",\"full_number\":\"77\",\"under_tax\":0}]','2025-09-25 06:49:59','2025-09-25 06:49:59'),(16,26,'[{\"is_selected\":true,\"id\":107,\"barcode_id\":338,\"barcode_number\":\"10322\",\"barcode_name\":\"JOTUN THINNER NO. 10- (5 L)\",\"unit_name\":\"DRUM\",\"quantity\":4,\"delivered_quantity\":4,\"cost\":18,\"total_cost\":72,\"delivered_total_cost\":72,\"quantity_supply\":\"\",\"total_cost_supply\":\"\",\"bonus_quantity\":null,\"delivered_bonus\":0,\"bonus_supply\":\"\",\"tax_amount\":\"---\",\"expire_date\":\"\",\"discount_amount\":null,\"notice\":null,\"status\":\"\",\"full_number\":\"324\",\"under_tax\":0},{\"is_selected\":true,\"id\":108,\"barcode_id\":774,\"barcode_number\":\"10758\",\"barcode_name\":\"JOTUN THINNER NO .17_ (5 L)\",\"unit_name\":\"PC\",\"quantity\":4,\"delivered_quantity\":4,\"cost\":18,\"total_cost\":72,\"delivered_total_cost\":72,\"quantity_supply\":\"\",\"total_cost_supply\":\"\",\"bonus_quantity\":null,\"delivered_bonus\":0,\"bonus_supply\":\"\",\"tax_amount\":\"---\",\"expire_date\":\"\",\"discount_amount\":null,\"notice\":null,\"status\":\"\",\"full_number\":\"760\",\"under_tax\":0},{\"is_selected\":true,\"id\":109,\"barcode_id\":96,\"barcode_number\":\"10092\",\"barcode_name\":\"K-HARDTOP XP BASE 2 (2 COMP.) - (18.2 L)\",\"unit_name\":\"DRUM\",\"quantity\":1,\"delivered_quantity\":1,\"cost\":141,\"total_cost\":141,\"delivered_total_cost\":141,\"quantity_supply\":\"\",\"total_cost_supply\":\"\",\"bonus_quantity\":null,\"delivered_bonus\":0,\"bonus_supply\":\"\",\"tax_amount\":\"---\",\"expire_date\":\"\",\"discount_amount\":null,\"notice\":null,\"status\":\"\",\"full_number\":\"94\",\"under_tax\":0},{\"is_selected\":true,\"id\":110,\"barcode_id\":96,\"barcode_number\":\"10092\",\"barcode_name\":\"K-HARDTOP XP BASE 2 (2 COMP.) - (18.2 L)\",\"unit_name\":\"DRUM\",\"quantity\":1,\"delivered_quantity\":1,\"cost\":180,\"total_cost\":180,\"delivered_total_cost\":180,\"quantity_supply\":\"\",\"total_cost_supply\":\"\",\"bonus_quantity\":null,\"delivered_bonus\":0,\"bonus_supply\":\"\",\"tax_amount\":\"---\",\"expire_date\":\"\",\"discount_amount\":null,\"notice\":null,\"status\":\"\",\"full_number\":\"94\",\"under_tax\":0}]','2025-09-27 12:09:57','2025-09-27 12:09:57');

--
-- Table structure for table `draft_sales_order_meets`
--

CREATE TABLE `draft_sales_order_meets` (
  `id` bigint unsigned NOT NULL AUTO_INCREMENT,
  `sales_order_id` bigint unsigned NOT NULL,
  `data` text CHARACTER SET utf8mb4 COLLATE utf8mb4_unicode_ci NOT NULL,
  `created_at` timestamp NULL DEFAULT NULL,
  `updated_at` timestamp NULL DEFAULT NULL,
  PRIMARY KEY (`id`),
  KEY `draft_sales_order_meets_sales_order_id_foreign` (`sales_order_id`),
  CONSTRAINT `draft_sales_order_meets_sales_order_id_foreign` FOREIGN KEY (`sales_order_id`) REFERENCES `sales_orders` (`id`)
) ENGINE=InnoDB DEFAULT CHARSET=utf8mb4 COLLATE=utf8mb4_unicode_ci;

--
-- Dumping data for table `draft_sales_order_meets`
--


--
-- Table structure for table `drivers`
--

CREATE TABLE `drivers` (
  `id` bigint unsigned NOT NULL AUTO_INCREMENT,
  `name` varchar(191) CHARACTER SET utf8mb4 COLLATE utf8mb4_unicode_ci NOT NULL,
  PRIMARY KEY (`id`)
) ENGINE=InnoDB DEFAULT CHARSET=utf8mb4 COLLATE=utf8mb4_unicode_ci;

--
-- Dumping data for table `drivers`
--


--
-- Table structure for table `entries`
--

CREATE TABLE `entries` (
  `id` bigint unsigned NOT NULL AUTO_INCREMENT,
  `year_id` bigint unsigned NOT NULL,
  `period_id` bigint unsigned NOT NULL,
  `employee_id` bigint unsigned DEFAULT NULL,
  `bond_number` varchar(191) CHARACTER SET utf8mb4 COLLATE utf8mb4_unicode_ci NOT NULL,
  `date` date NOT NULL,
  `amount` double(13,3) NOT NULL,
  `post_status` tinyint(1) NOT NULL DEFAULT '0',
  `audit_status` tinyint(1) NOT NULL DEFAULT '0',
  `notice` text CHARACTER SET utf8mb4 COLLATE utf8mb4_unicode_ci,
  `created_at` timestamp NULL DEFAULT NULL,
  `updated_at` timestamp NULL DEFAULT NULL,
  `deleted_at` timestamp NULL DEFAULT NULL,
  PRIMARY KEY (`id`),
  KEY `entries_year_id_foreign` (`year_id`),
  KEY `entries_period_id_foreign` (`period_id`),
  KEY `entries_employee_id_foreign` (`employee_id`),
  CONSTRAINT `entries_employee_id_foreign` FOREIGN KEY (`employee_id`) REFERENCES `employees` (`id`),
  CONSTRAINT `entries_period_id_foreign` FOREIGN KEY (`period_id`) REFERENCES `fiscal_periods` (`id`),
  CONSTRAINT `entries_year_id_foreign` FOREIGN KEY (`year_id`) REFERENCES `fiscal_years` (`id`)
) ENGINE=InnoDB AUTO_INCREMENT=1140 DEFAULT CHARSET=utf8mb4 COLLATE=utf8mb4_unicode_ci;

--
-- Dumping data for table `entries`
--

INSERT INTO `entries` VALUES (1,2,13,1,'01/001','2024-01-28',5039.000,1,0,'شراء BLACK SAFETY عدد 2 للموظف معاذ + احمد حامد فاتورة شركة سكاب اخوان #00649 28-1-2024','2024-02-13 16:03:56','2025-02-03 09:40:22',NULL),(2,2,13,1,'01/002','2024-01-31',995.000,1,0,'اثبات مصارف الونشات والنقل -نقليات ابو ركبه - خلدون لشهر 1-2024','2024-02-13 16:44:14','2024-03-30 20:39:15',NULL),(3,2,13,1,'01/003','2024-01-31',550.000,1,0,'اثبات مصارف الونشات والنقل -الخيمة للنقل والنشات/محمود رمضان لشهر 1-2024','2024-02-13 18:45:38','2024-03-30 20:39:15',NULL),(4,2,13,1,'01/004','2024-01-31',6200.000,1,0,'اثبات مصارف الونشات والنقل -مكتب السمهوري لتاجير الونشات- لشهر 1-2024','2024-02-13 19:24:51','2024-03-30 20:39:15',NULL),(5,2,13,1,'01/005','2024-01-31',1050.000,1,0,'اثبات مصارف الونشات والنقل -ونشات ابو ركبه-قاسم لشهر 1-2024','2024-02-13 19:47:59','2024-08-10 11:42:42',NULL),(6,2,13,1,'01/006','2024-01-31',2530.000,1,0,'اثبات مصارف الونشات والنقل -ونشات ابو روبين لشهر 1-2024','2024-02-14 13:53:44','2024-03-30 20:39:15',NULL),(7,2,14,1,'01/007','2024-01-31',96300.000,1,0,'حركات  بنكية','2024-02-15 04:28:16','2024-04-29 14:15:14',NULL),(8,2,13,1,'01/008','2024-01-31',1587.645,1,0,'حركات بنكية','2024-02-15 09:27:49','2024-07-20 15:19:32',NULL),(9,2,13,1,'01/009','2024-01-31',390193.000,1,0,NULL,'2024-02-18 09:29:39','2024-04-29 14:03:23',NULL),(10,2,13,1,'01/010','2024-01-31',1200.000,1,0,'بدل اعمال تمديد مواسير تصريف مياه خاصه باعمال التكييف','2024-02-18 10:35:17','2025-08-06 13:12:57',NULL),(11,2,13,1,'01/011','2024-01-31',1500.000,1,0,'بدل اعمال حداده على اكثر من مشروع','2024-02-18 11:03:33','2025-08-06 13:11:03',NULL),(12,2,13,1,'01/012','2024-01-31',1300.000,1,0,'بدل اعمال حداده على اكثر من مشروع','2024-02-18 11:06:23','2025-08-06 13:12:10',NULL),(13,2,14,1,'01/013','2024-01-31',285.000,1,0,'شراء بيل وتغيير كونتكتر بالاضافة الى الاجور','2024-02-18 11:25:01','2024-03-30 20:39:15',NULL),(14,2,13,1,'01/014','2024-01-31',1009.000,1,0,'اثبات اجور عمال مياومه - المصنع لشهر 1-2024','2024-02-20 11:12:02','2025-03-05 11:35:56',NULL),(15,2,13,1,'01/015','2024-01-31',327040.000,1,0,'اثبات اتفاقية اعمال مدنية(32/PUR /2024)- شركة القدس لصناعة الدهانات 2-1-2024','2024-02-21 07:12:52','2024-03-30 20:39:15',NULL),(16,2,13,1,'01/016','2024-01-31',125000.000,1,0,'اثبات اتفاقية  مشروع هياكل معدنية  شركة العالمية لتجارة المنسوجات - 16-1-2024','2024-02-21 07:31:04','2024-03-30 20:39:15',NULL),(17,2,13,1,'01/017','2024-01-31',422604.000,1,0,'اثبات اتفاقية مشروع هنجر العقبة-شركة الراسخون العرب عطاء# 1/2023 4-1-2024','2024-02-21 07:47:01','2024-03-30 20:39:15',NULL),(18,2,13,1,'01/018','2024-01-31',59900.000,1,0,'اثبات اتفاقية مشروع مظلة شركة محمد العيدي واولاده للمقاولات 18-1-2024','2024-02-21 08:03:02','2024-03-30 20:39:15',NULL),(20,2,13,1,'01/019','2024-01-31',30000.000,1,0,'صرف شيكات العميل محمد منصور #647+648 نقدا الى الصندوق الرئيسي ( فادي-ابراهيم )','2024-02-26 11:12:22','2024-05-21 14:21:47',NULL),(21,2,13,1,'01/020','2024-01-31',14500.000,1,0,'ايداعات بنكية - من صندوق الشيكات 31-1-2024','2024-02-26 12:05:40','2024-05-08 12:39:46',NULL),(23,2,13,1,'01/021','2024-01-31',91593.320,1,0,'قيد تسوية وحركات بنكية','2024-02-26 13:14:35','2024-05-21 10:22:15',NULL),(24,2,13,1,'01/022','2024-01-31',15291.882,1,0,'اثبات مصروف رواتب لشهر 1-2024','2024-02-27 12:27:17','2025-10-28 08:26:06',NULL),(25,2,14,1,'02/001','2024-02-05',30.000,1,0,'شراء زرفيل وايادي ابواب للشركة فاتورة ابو صالحة #56397 4-2-2024','2024-02-29 06:54:53','2024-05-08 12:58:09',NULL),(26,2,13,1,'01/023','2024-01-31',2089.660,1,0,'اثبات المصاريف الشهرية من المدفوع مقدما لشهر 1-2024','2024-02-29 13:31:38','2025-01-21 14:48:54',NULL),(27,2,14,1,'02/002','2024-02-29',1125.000,1,0,'اثبات مصارف الونشات والنقل -الخيمة للنقل والنشات/محمود رمضان لشهر 2-2024','2024-03-03 13:36:57','2024-04-29 14:17:04',NULL),(28,2,14,1,'02/003','2024-02-29',895.000,1,0,'ثبات مصارف الونشات والنقل -نقليات ابو ركبه - خلدون لشهر 2-2024','2024-03-03 13:52:52','2024-03-30 20:39:15',NULL),(29,2,14,1,'02/004','2024-02-29',1710.000,1,0,'اثبات مصارف الونشات والنقل -ونشات ابو ركبه-قاسم لشهر 2-2024','2024-03-03 14:05:37','2024-03-30 20:39:16',NULL),(30,2,14,1,'02/005','2024-02-29',1250.000,1,0,'اثبات مصارف الونشات والنقل -ونشات ابو روبين لشهر 2-2024','2024-03-03 14:19:46','2024-03-30 20:39:16',NULL),(31,2,14,1,'02/006','2024-02-29',4700.000,1,0,'اثبات مصارف الونشات والنقل -مكتب السمهوري لتاجير الونشات- لشهر2-2024','2024-03-05 07:23:45','2025-04-13 16:10:43',NULL),(32,2,14,1,'02/007','2024-02-29',2023.125,1,0,'اثبات اجور عمال مياومه - المصنع لشهر 2-2024','2024-03-05 08:15:27','2025-03-05 11:35:56',NULL),(33,2,14,1,'02/008','2024-02-29',12324.000,1,0,'قيود تسوية شيكات تأمين 2-2024','2024-03-05 12:14:56','2024-03-30 20:39:16',NULL),(34,2,14,1,'02/009','2024-02-29',1800.000,1,0,'حركات بنكية شهر 2-2024','2024-03-06 10:20:09','2024-03-30 20:39:16',NULL),(35,2,13,1,'01/024','2024-01-31',480.000,1,0,'مياومات 1-2024','2024-03-06 10:53:01','2025-04-14 15:23:49',NULL),(36,2,14,1,'02/010','2024-02-29',1574.929,1,0,'اثات م.مستحق عن شهر 2-2024','2024-03-06 10:54:31','2024-08-14 16:39:26',NULL),(38,2,13,1,'02/011','2024-02-29',16293.115,1,0,'اثبات مصروف رواتب لشهر 2-2024','2024-03-10 12:54:28','2025-03-05 10:56:03',NULL),(39,2,14,1,'02/012','2024-02-29',1941.571,1,0,'اثبات المصاريف الشهرية من المدفوع مقدما لشهر 2-2024','2024-03-11 09:26:10','2025-01-21 14:49:57',NULL),(40,2,14,1,'02/013','2024-02-29',55.000,1,0,NULL,'2024-03-11 10:05:58','2024-03-30 20:39:16',NULL),(41,2,14,1,'02/014','2024-02-29',16000.000,1,0,NULL,'2024-03-12 13:16:05','2024-03-30 20:39:16',NULL),(42,2,13,1,'01/025','2024-01-31',147022.735,1,0,'قيد تسوية بنكية 31-1-2024','2024-03-12 13:45:58','2025-04-21 07:56:38',NULL),(43,2,14,1,'02/015','2024-02-29',1500.000,1,0,'قيمة كمبيالة مسددة رقم 4+5+6 /32 حق 10/ 1+2+ 3 /2024 بتاريخ 8-2-2024','2024-03-13 12:43:22','2024-03-30 20:39:16',NULL),(44,2,14,1,'02/016','2024-02-29',8170.000,1,0,'قيمة اتفاقية توريد وتركيب ابواب خشبية لمشروع جويحان خلال شهر واحد من تاريخ تسلم الدفعة الاولى حسب الاتفاقية المرفقة والمعتمدة بتاريخ 21-2-2024','2024-03-13 13:43:37','2025-04-21 12:46:40',NULL),(45,2,14,1,'02/017','2024-02-29',3349.000,1,0,'قيمة اتفاقية اعمال المنيوم وتوابعه مع المقاول شركة خالد صلاح سرور وشركاه حسب عرض السعر المرفق ومدته من 30 الى 35 يوم عمل وتم تحريرها بتاريخ 5-2-2024','2024-03-13 13:53:55','2024-03-30 20:39:16',NULL),(46,2,14,1,'02/018','2024-02-29',668.300,1,0,NULL,'2024-03-13 15:44:15','2025-04-08 10:00:36',NULL),(47,2,15,1,'01/026','2024-01-31',74240.190,1,0,'قيد تسوية بنك الكويتي 31-1-2024','2024-03-15 13:10:50','2025-10-16 07:21:47',NULL),(48,2,14,1,'02/019','2024-02-29',540.000,1,0,'مياومات عمال شهر 2-2024','2024-03-16 14:28:23','2025-03-06 07:42:35',NULL),(49,2,14,1,'02/020','2024-02-29',48667.495,1,0,'قيد تسوية بنكية 2-2024','2024-03-18 12:22:11','2024-05-21 10:20:17',NULL),(50,2,14,1,'02/021','2024-02-29',27941.000,1,0,'شيكات جيرو دفعة لشركة يبرود بقيمة 54941.000 دينار','2024-03-23 02:30:28','2024-05-08 14:54:51',NULL),(51,2,15,1,'03/001','2024-03-19',3640.000,1,0,'اثبات مصارف الونشات والنقل -تريلا ابو روبين + روبين الونش الاحمر حتى 14-3-2024','2024-03-25 13:15:39','2024-03-30 20:39:16',NULL),(52,2,14,1,'02/022','2024-02-29',2373.760,1,0,NULL,'2024-03-25 15:34:31','2024-04-29 14:17:42',NULL),(53,2,15,1,'03/002','2024-03-19',240.000,1,0,'اثبات مصارف الونشات والنقل -نقليات قاسم ابو ركبه حتى 12-3-2024','2024-03-25 23:43:56','2024-03-30 20:39:16',NULL),(54,2,15,1,'03/003','2024-03-19',460.000,1,0,'اثبات مصارف الونشات والنقل -نقليات خلدون ابو ركبة حتى 3-3-2024','2024-03-25 23:58:34','2024-03-30 20:39:16',NULL),(55,2,15,1,'03/004','2024-03-19',1180.000,1,0,'اثبات مصارف الونشات والنقل - الخيمة للنقل والونشات حتى 14-3-2024','2024-03-26 13:17:59','2024-03-30 20:39:16',NULL),(56,2,15,1,'03/005','2024-03-19',2593.000,1,0,'اثبات مصارف الونشات والنقل -شركة بيت المقدس للتحميل والتفريغ  حتى 13-3-2024','2024-03-26 13:21:40','2024-03-30 20:39:16',NULL),(57,2,15,1,'03/006','2024-03-19',967.500,1,0,'اثبات اجور عمال مياومه - المصنع حتى 14-3-2024','2024-03-26 14:44:32','2025-03-05 11:36:23',NULL),(58,2,15,1,'03/007','2024-03-20',25200.000,1,0,'قيد يومية','2024-03-26 19:49:48','2024-05-08 14:06:52',NULL),(59,2,15,1,'03/008','2024-03-20',1100.000,1,0,NULL,'2024-03-28 13:25:14','2024-08-11 11:20:07',NULL),(60,2,15,1,'03/009','2024-03-29',2760.000,1,0,NULL,'2024-03-29 11:31:00','2024-04-26 10:34:23',NULL),(61,2,15,1,'03/010','2024-03-20',4020.000,1,0,NULL,'2024-03-29 13:06:17','2024-04-29 14:19:06',NULL),(62,2,15,1,'03/011','2024-03-20',6950.000,1,0,'اثبات اعمال اضافية للعميل شركة ابو عودة اخوان 26-2-2024','2024-03-29 14:39:35','2024-03-30 20:39:16',NULL),(63,2,15,1,'03/012','2024-03-20',2380.000,1,0,'اثبات اعمال اضافية للعميل الشركة العربية للتجارة والصناعات الغذائية 24-2-2024','2024-03-29 15:10:05','2024-03-30 20:39:16',NULL),(64,2,15,1,'03/013','2024-03-20',1500.000,1,0,'اثبات اعمال اضافية للعميل شركة الوليد للصناعات البلاستيكية 26-2-2024','2024-03-29 15:31:28','2025-02-19 13:09:32',NULL),(65,2,15,1,'03/014','2024-03-20',15350.000,1,0,'اثبات اعمال اضافية شركة البارودي لصناعة وتطوير المنتجات البلاستيكية 26-2-2024 + دفعة تحت الحساب','2024-03-29 21:29:20','2024-03-30 20:39:16',NULL),(66,2,15,1,'03/015','2024-03-20',8000.000,1,0,'اثبات اعمال اضافية شركة الحلول المتكاملة مع اثبات الاعمال الغير منفذة 24-2-2024','2024-03-29 22:04:00','2024-03-30 20:39:16',NULL),(67,2,15,1,'03/016','2024-03-20',150.000,1,0,'اجور عمال مياومه- احمد حامد 3-2024','2024-03-29 22:41:38','2025-03-06 07:48:39',NULL),(68,2,15,1,'03/017','2024-03-20',11000.000,1,0,NULL,'2024-03-29 23:26:51','2025-02-19 11:56:07',NULL),(69,2,15,1,'03/018','2024-03-20',20070.000,1,0,'اعمال تصنيع ودهان في عدة مشاريع 20-3-2024','2024-03-30 21:31:38','2024-07-19 22:11:32',NULL),(70,2,15,1,'03/019','2024-03-20',9425.000,1,0,'اعمال تركيب في عدة مشاريع عبدالعظيم الركابي 26-2-2024','2024-03-31 15:41:13','2024-03-31 15:41:13',NULL),(71,2,15,1,'03/020','2024-03-20',8250.000,1,0,'اعمال تركيب في عدة مشاريع  26-2-2024','2024-03-31 21:25:50','2024-07-19 22:10:27',NULL),(72,2,15,1,'03/021','2024-03-20',10050.000,1,0,'اعمال تركيب في عدة مشاريع  20-03-2024','2024-03-31 21:50:25','2024-03-31 21:50:25',NULL),(73,2,15,1,'03/022','2024-03-31',17147.133,1,0,'اثبات مصروف رواتب لشهر 3-2024','2024-04-03 00:12:25','2025-03-06 07:47:25',NULL),(74,2,15,1,'03/023','2024-03-31',990.000,1,0,'اثبات مصارف الونشات والنقل -نقليات قاسم  ابو ركبه/روبين/الخيمة  لشهر 3-2024','2024-04-17 07:15:26','2024-04-17 08:22:36',NULL),(75,2,15,1,'03/024','2024-03-31',1090.000,1,0,'اثبات مصارف الونشات والنقل -نقليات خلدون ابوركبة /ابوروبين  لشهر 3-2024','2024-04-17 08:21:22','2024-04-17 08:21:22',NULL),(76,2,15,1,'03/025','2024-03-31',8123.000,1,0,'اعمال متنوعه في مشاريع عدة حسب المذكرة رشدي حنتو / رامي صقر 3-2024','2024-04-17 08:35:17','2024-04-17 10:28:46',NULL),(77,2,16,1,'03/026','2024-03-31',1391.875,1,0,'اثبات اجور عمال مياومه - المصنع لشهر 3-2024','2024-04-17 11:29:01','2025-03-05 11:36:23',NULL),(78,2,15,1,'03/027','2024-03-31',397992.644,1,0,'حركات بنكية 3-2024','2024-04-17 14:58:19','2024-08-07 12:40:52',NULL),(79,2,15,1,'03/028','2024-03-31',171004.016,1,0,NULL,'2024-04-17 15:43:03','2024-09-23 03:54:40',NULL),(80,2,15,1,'03/029','2024-03-31',4010.301,1,0,NULL,'2024-04-17 17:10:24','2024-08-11 11:47:50',NULL),(81,2,15,1,'03/030','2024-03-31',1782.000,1,0,'تحرير شيك تأمين كفالة صيانة مشروع لواء 40 #483 حق 02-4-2024','2024-04-18 09:28:00','2024-04-18 09:28:00',NULL),(82,2,15,1,'03/031','2024-03-31',3722.449,1,0,'حركات بنكية 3-2024','2024-04-19 06:02:08','2024-04-19 07:03:00',NULL),(83,2,15,1,'03/032','2024-03-31',2153.361,1,0,'اثبات المصاريف الشهرية من المدفوع مقدما لشهر 3-2024','2024-04-19 07:45:47','2025-01-21 14:51:07',NULL),(84,2,16,1,'04/001','2024-04-25',42222.000,1,0,NULL,'2024-04-25 07:42:17','2024-05-08 14:13:44',NULL),(85,2,16,1,'04/002','2024-04-25',2109.320,1,0,NULL,'2024-04-25 08:57:14','2024-04-25 08:57:14',NULL),(86,2,16,1,'04/003','2024-04-25',1000.000,1,0,'اثبات مصارف الونشات والنقل -ونش روبين الاحمر لشهر 4-2024','2024-04-25 14:16:40','2024-04-25 14:16:40',NULL),(87,2,16,1,'04/004','2024-04-25',575.000,1,0,NULL,'2024-04-25 14:53:10','2024-04-25 14:53:10',NULL),(88,2,16,1,'04/005','2024-04-25',520.000,1,0,'اثبات مصارف الونشات والنقل -ابوربين للونشات  لشهر 4-2024','2024-04-25 15:07:30','2024-04-25 15:07:30',NULL),(89,2,16,1,'04/006','2024-04-25',9330.000,1,0,'اثبات مصارف الونشات والنقل  لشهر 4-2024','2024-04-25 15:35:41','2024-04-26 08:17:40',NULL),(90,2,16,1,'04/007','2024-04-26',20550.000,1,0,'اعمال تركيبات على المشاريع - حساب ايهاب تركيبات 4-2024','2024-04-26 09:14:04','2024-04-26 11:10:19',NULL),(91,2,16,1,'04/008','2024-04-26',1698.500,1,0,NULL,'2024-04-26 10:59:42','2024-04-26 10:59:42',NULL),(92,2,16,1,'04/009','2024-04-29',3465.000,1,0,NULL,'2024-04-29 13:31:26','2024-04-30 16:22:36',NULL),(93,2,16,1,'04/010','2024-04-30',7556.368,1,0,NULL,'2024-04-30 06:35:22','2024-04-30 06:35:22',NULL),(94,2,13,1,'01/027','2024-01-31',106.250,1,0,NULL,'2024-04-30 07:11:07','2024-04-30 07:11:07',NULL),(95,2,14,1,'02/023','2024-02-29',1196.450,1,0,NULL,'2024-04-30 07:19:56','2024-04-30 07:19:56',NULL),(96,2,15,1,'03/033','2024-03-31',3506.000,1,0,NULL,'2024-04-30 08:11:56','2024-05-21 12:56:22',NULL),(97,2,16,1,'04/011','2024-04-30',37520.000,1,0,NULL,'2024-05-02 13:22:36','2024-05-06 12:37:52',NULL),(98,2,16,1,'04/012','2024-04-30',10650.000,1,0,NULL,'2024-05-02 14:45:05','2024-05-02 14:45:05',NULL),(99,2,16,1,'04/013','2024-04-30',60000.000,1,0,NULL,'2024-05-03 11:00:39','2024-05-06 12:53:24',NULL),(100,2,16,1,'04/014','2024-04-30',400.000,1,0,NULL,'2024-05-03 11:03:26','2024-05-03 11:03:26',NULL),(101,2,16,1,'04/015','2024-04-30',62000.000,1,0,NULL,'2024-05-03 11:14:28','2024-05-29 15:40:40',NULL),(102,2,16,1,'04/016','2024-04-30',185.000,1,0,'فارغاجور صيانة آلة تصوير فاتورة مركز الحامد #6122 15-4-2024','2024-05-04 17:33:02','2024-08-11 12:17:08',NULL),(103,2,16,1,'04/017','2024-04-30',1532.000,1,0,'اثبات فواتير محلات عمر البنا','2024-05-04 19:47:52','2024-09-04 14:01:35',NULL),(104,2,16,1,'04/018','2024-04-30',189.033,1,0,'اثبات مشتريات لوازم صناعية لعد مشاريع','2024-05-04 21:23:50','2024-05-04 21:23:50',NULL),(105,2,16,1,'04/019','2024-04-30',38026.000,1,0,'اثبات اتفاقية اعمال ابواب مشروع فيصل العربية - محددة مصعب ابو فودة 25-4-2024','2024-05-04 21:31:09','2024-08-05 11:03:33',NULL),(106,2,16,1,'04/020','2024-04-30',2200.000,1,0,'قيمة عقد اجراءات التسجيل وللسنة الاولى على التدقيق للحصول على شهادة المطابقة للمواصفات القياسية الدولية على انظمة ادارة الجودة والبيئة والصحة والسلامة المهنية 4-2024','2024-05-05 10:39:42','2025-09-30 20:58:03',NULL),(107,2,13,1,'01/028','2024-01-31',5500.000,1,0,'حركات تسوية على حساب جمال عداربه','2024-05-05 11:15:01','2025-02-05 06:37:44',NULL),(108,2,16,1,'04/021','2024-04-30',420.000,1,0,'مياومات 4-2024','2024-05-05 12:21:20','2025-03-06 07:55:42',NULL),(109,2,16,1,'04/022','2024-04-30',12875.493,1,0,'قيد تسوية بنكية 4-2024','2024-05-06 13:22:14','2024-05-21 10:15:40',NULL),(110,2,16,1,'04/023','2024-04-30',106917.093,1,0,'اثبات قرض قصير الاجل رقم 4124000025 بتاريخ 29-4-2024','2024-05-06 14:39:39','2025-03-16 11:09:28',NULL),(111,2,16,1,'04/024','2024-04-30',4400.000,1,0,'قيد تسوية بنكية صفوة 4-2024','2024-05-06 16:02:50','2024-08-17 15:43:10',NULL),(112,2,16,1,'04/025','2024-04-30',17701.985,1,0,'اثبات مصروف رواتب ا لشهر 4-2024','2024-05-08 09:35:47','2025-03-05 11:01:07',NULL),(113,2,16,1,'04/026','2024-04-30',27865.000,1,0,'اجور نقل - ونشات فاتورة شركة الهدى للنقل البري #250 22-4-2024','2024-05-10 13:24:51','2024-05-11 03:48:07',NULL),(114,2,17,1,'05/001','2024-05-01',3400.000,1,0,'حركات بنكية وصندوق 1-5-2024','2024-05-11 03:57:47','2024-05-11 03:59:11',NULL),(115,2,17,1,'05/002','2024-05-06',10665.000,1,0,NULL,'2024-05-11 04:07:44','2024-05-11 04:07:44',NULL),(116,2,17,1,'05/003','2024-05-06',2032.750,1,0,'اجور عمال اعمال مدنية  مشروع الموقر - ابراهيم الشربيني 4-5-2024','2024-05-11 04:16:23','2024-05-11 04:16:23',NULL),(117,2,17,1,'05/004','2024-05-11',500.000,1,0,'مردود مشتريات لوازم صناعية قد تم تحميلها على توفيق جبارات-حساب ايهاب تركيبتا من فاتورة محلات عمر البنا #1343 30-4-2024	مرتجع #125 4-5-2024','2024-05-11 04:42:43','2024-05-11 04:42:43',NULL),(118,2,17,1,'05/005','2024-05-18',66342.906,1,0,'تثبيت حركات على حساب المقاول معاذ ابو السمن','2024-05-11 04:50:05','2024-08-05 11:33:39',NULL),(119,2,16,1,'04/027','2024-04-30',148.987,1,0,'مرتجع جزء من فاتورة مشتريات المركزية للتجهيزات الصناعية #211338 5-3-2024','2024-05-13 13:28:54','2024-08-28 05:51:06',NULL),(120,2,16,1,'04/028','2024-04-30',322.250,1,0,'حركات تسوية على حساب الشركة المتحدة','2024-05-18 18:04:24','2024-05-18 18:04:24',NULL),(121,2,17,1,'05/006','2024-05-19',1657.520,1,0,'شراء لوازم صناعية على عدة مشاريع','2024-05-19 10:40:24','2024-05-28 17:35:50',NULL),(122,2,17,1,'05/007','2024-05-19',1442.000,1,0,'اجور + مصاريف عمال اعمال مدنية مشروع الموقر - ابراهيم الشربيني من 4-5 حتى 9-5 / 2024','2024-05-19 10:50:04','2024-07-17 13:29:15',NULL),(123,2,17,1,'05/008','2024-05-19',6200.000,1,0,'اثبات اتفاقية اعمال كهروميكانيك المقاول معاذ ابو السمن وابوالوليد  على مشروع بريفاب لواء 40 القطرانه 9-5-2024','2024-05-19 11:09:47','2024-05-19 11:09:47',NULL),(124,2,17,1,'05/009','2024-05-19',22763.900,1,0,'اثبات اتفاقية الايوبي -اعمال رفوف معدنية في مشروع فيصل 21-4-2024','2024-05-19 11:29:12','2024-05-19 11:29:12',NULL),(125,2,16,1,'04/029','2024-04-30',753.304,1,0,'اثبات م.كهرباء السابع+المصنع عن شهر 4-2024','2024-05-19 13:12:25','2024-08-31 11:13:55',NULL),(126,2,17,1,'05/010','2024-05-19',574.320,1,0,'اثبات م.كهرباء السابع عن شهر 5-2024','2024-05-19 13:14:40','2024-08-31 11:11:03',NULL),(127,2,17,1,'05/011','2024-05-20',1500.000,1,0,'دفعة بالحساب ايدع بنكي شركة السمهوري والدكن 13-5-2024','2024-05-19 21:48:23','2024-05-19 21:48:23',NULL),(128,2,13,1,'01/029','2024-01-31',608488.260,1,0,'اقتطاع دفعة شركة الوان -بشار النجار تسديد من قيمة سامويش بانل بتاريخ 10-1-2024','2024-05-20 12:50:13','2024-05-20 14:51:54',NULL),(129,2,15,1,'03/034','2024-03-31',46468.741,1,0,'تسوية حساب كيبار مع مؤسسة الوان','2024-05-20 13:35:53','2024-05-20 13:40:12',NULL),(130,2,15,1,'03/035','2024-03-31',2570.000,1,0,'قيمة اجور نقل وتخليص بضاعة الساندويش بانل الامارات - شركة الحفناوي حسب المرفق','2024-05-20 13:53:18','2024-05-20 13:54:29',NULL),(131,2,14,1,'02/024','2024-02-29',408320.000,1,0,NULL,'2024-05-20 14:50:07','2024-05-20 14:50:07',NULL),(132,2,15,1,'03/036','2024-03-31',436088.558,1,0,'قيمة دفعة مقبوضة مطالبة رقم 5+6+7 من العربية -عن مشروع ايواء حتى 21-3-2024','2024-05-20 15:02:23','2024-05-20 15:02:23',NULL),(133,2,13,1,'01/030','2024-01-31',1626.000,1,0,'اثبات تسديد اقساط سيارات وشقة لشهر 1-2024','2024-05-20 15:46:45','2024-05-20 15:56:20',NULL),(134,2,14,1,'02/025','2024-02-29',1626.000,1,0,'اثبات تسديد اقساط سيارات وشقة لشهر 2-2024','2024-05-20 16:01:49','2024-05-20 16:01:49',NULL),(135,2,15,1,'03/037','2024-03-31',1626.000,1,0,'اثبات تسديد اقساط سيارات وشقة لشهر 3-2024','2024-05-20 16:10:20','2024-05-20 16:10:20',NULL),(136,2,16,1,'04/030','2024-04-30',1626.000,1,0,'اثبات تسديد اقساط سيارات وشقة لشهر 4-2024','2024-05-20 16:12:27','2024-05-20 16:12:27',NULL),(137,2,13,1,'01/031','2024-01-31',90250.000,1,0,'معالجة شيكات راجعة حق شهر 12-2023','2024-05-21 10:43:07','2024-05-21 10:56:10',NULL),(138,2,13,1,'01/032','2024-01-31',38781.000,1,0,'معالجة شيكات راجعة حق شهر 01-2024','2024-05-21 12:26:52','2024-05-21 13:16:08',NULL),(139,2,15,1,'03/038','2024-03-31',67262.000,1,0,'معالجة شيكات راجعة حق شهر 03-2024','2024-05-21 12:54:53','2024-05-21 13:17:39',NULL),(140,2,16,1,'04/031','2024-04-30',11781.000,1,0,'معالجة شيكات راجعة حق شهر 04-2024','2024-05-21 13:13:33','2024-08-19 11:29:38',NULL),(141,2,17,1,'05/012','2024-05-23',60925.000,1,0,NULL,'2024-05-23 09:04:21','2024-07-17 13:30:27',NULL),(142,2,17,1,'05/013','2024-05-23',75290.715,1,0,'حركات بنكية 5-2024','2024-05-23 11:30:30','2024-05-23 11:30:30',NULL),(143,2,17,1,'05/014','2024-05-27',3768.144,1,0,NULL,'2024-05-27 14:56:40','2024-05-27 15:04:27',NULL),(144,2,17,1,'05/015','2024-05-27',30000.000,1,0,'حركات بنكية','2024-05-27 15:45:38','2024-06-12 21:59:34',NULL),(145,2,17,1,'05/016','2024-05-28',855.000,1,0,'اثبات سلفة ايهاب حامد','2024-05-28 16:17:18','2024-05-28 16:17:18',NULL),(146,2,16,1,'04/032','2024-04-30',630.000,1,0,'تركيب ونقل جسور حديد في مشروع مربع الاعمال +عمل سلة في مشروع البوتاس  فاتورة بيت القدس #1471 20-4-2024','2024-05-28 16:25:24','2024-05-28 16:25:24',NULL),(147,2,17,1,'05/017','2024-05-31',33500.000,1,0,'تفاصيل سحب نقدي سلفة عمل محمود حامد 16-5-2024','2024-05-31 07:02:34','2024-07-20 14:38:52',NULL),(148,2,17,1,'05/018','2024-05-31',1626.000,1,0,'اثبات تسديد اقساط سيارات وشقة لشهر 5-2024','2024-05-31 07:14:33','2024-09-04 14:12:06',NULL),(149,2,17,1,'05/019','2024-05-31',63600.000,1,0,'اثبات ايرادات اتفاقية مشروع بناء هنجر الشركة العربية -ايواء/ كرفان اضافي  11-3-2024','2024-05-31 07:39:39','2025-08-06 08:28:54',NULL),(150,2,17,1,'05/020','2024-05-31',17712.857,1,0,'اثبات مصروف رواتب  لشهر 5-2024','2024-05-31 22:05:46','2025-03-05 11:03:59',NULL),(151,2,16,1,'04/033','2024-04-30',98.600,1,0,NULL,'2024-06-06 11:41:40','2025-04-14 15:01:25',NULL),(152,2,17,1,'05/021','2024-05-31',2821.491,1,0,NULL,'2024-06-06 11:55:31','2024-06-11 09:58:38',NULL),(153,2,17,1,'05/022','2024-05-31',690.000,1,0,'مياومات 5-2024','2024-06-06 12:28:13','2025-03-06 08:03:48',NULL),(154,2,17,1,'05/023','2024-05-31',15020.000,1,0,'اعمال تركيبات المقاول ايهاب حامد حتى 31-5-2024','2024-06-06 13:12:04','2024-06-06 13:12:04',NULL),(155,2,17,1,'05/024','2024-05-31',13900.000,1,0,NULL,'2024-06-06 13:28:17','2024-07-09 13:44:05',NULL),(156,2,17,1,'05/025','2024-05-31',89450.000,1,0,'اعمال تركيب وتصيع  في عدة مشاريع 31-05-2024','2024-06-06 15:09:50','2024-06-06 15:09:50',NULL),(157,2,17,1,'05/026','2024-05-31',13930.000,1,0,'اثبات اجور نقل ونشات محمد النجمة','2024-06-06 15:51:56','2024-06-06 15:51:56',NULL),(158,2,17,1,'05/027','2024-05-31',6076.000,1,0,'حركات مالية','2024-06-06 16:12:26','2024-07-16 11:36:50',NULL),(159,2,17,1,'05/028','2024-05-31',1500.000,1,0,'ايداع بنكي في صفوة قرضة من ايهاب حامد 30-5-2024','2024-06-06 16:54:54','2024-06-11 10:07:39',NULL),(160,2,17,1,'05/029','2024-05-31',46032.948,1,0,'حركات بنكية شهر 5-2024','2024-06-12 19:42:16','2024-12-03 09:49:19',NULL),(161,2,17,1,'05/030','2024-05-31',1818620.642,1,0,'اثبات قيمة الخصم المعمول على مشروع ايواء الموقر بقيمة 34820.642 بعد تسليم المشروع والاعتراف بالايرادات للشركة','2024-06-18 00:24:11','2025-04-08 08:04:01',NULL),(162,2,18,1,'06/001','2024-06-21',17600.000,1,0,'حركات بنكية','2024-06-21 13:18:34','2024-06-21 13:18:34',NULL),(163,2,17,1,'05/031','2024-05-31',1200.000,1,0,NULL,'2024-06-21 14:23:24','2024-06-21 14:23:24',NULL),(164,2,15,1,'03/039','2024-03-17',50.000,1,0,'سلفة عمل مالك الغول من صندوق ابراهيم حامد 17-3-2024','2024-06-21 15:21:12','2024-06-21 15:21:12',NULL),(165,2,18,1,'06/002','2024-06-21',26495.430,1,0,'اثبات كلفة ماكينة الامارات','2024-06-21 15:55:30','2025-04-13 08:13:11',NULL),(166,2,18,1,'06/003','2024-06-21',23500.000,1,0,NULL,'2024-06-21 16:36:58','2024-08-11 12:47:58',NULL),(167,2,18,1,'06/004','2024-06-21',3000.000,1,0,'قيمة كمبيالة مسددة رقم 10/11/12/13/14/15 بتاريخ 11-6-2024','2024-06-21 16:52:52','2024-06-21 16:52:52',NULL),(168,2,18,1,'06/005','2024-06-22',3482.188,1,0,'اثبات اجور عمال مياومه - المصنع من 5-4 حتى 6-6-2024','2024-06-21 22:24:45','2025-03-05 11:36:23',NULL),(169,2,16,1,'04/034','2024-04-30',2400.000,1,0,'اثبات مصارف الونشات والنقل لشهر 4-2024','2024-06-22 13:11:03','2025-05-26 12:36:44',NULL),(170,2,16,1,'04/035','2024-04-30',825.000,1,0,'اثبات مصارف الونشات والنقل -نقليات ابو ركبه - خلدون لشهر 4-2024','2024-06-22 14:49:03','2024-06-22 14:49:03',NULL),(171,2,16,1,'04/036','2024-04-30',815.000,1,0,'اثبات مصارف الونشات والنقل -ونشات ابو ركبه-قاسم لشهر 4-2024','2024-06-22 15:34:37','2024-06-22 15:34:37',NULL),(172,2,16,1,'04/037','2024-04-30',6710.000,1,0,'اثبات مصارف الونشات والنقل -مكتب السمهوري لتاجير الونشات- لشهر4-2024','2024-06-22 15:59:23','2025-07-01 09:32:01',NULL),(173,2,16,1,'04/038','2024-04-30',1410.000,1,0,'اثبات مصارف الونشات والنقل - روبين الونش الاحمر حتى 30-4-2024','2024-06-22 16:29:30','2024-06-22 16:29:30',NULL),(174,2,17,1,'05/032','2024-05-31',2120.000,1,0,'اثبات مصارف الونشات والنقل -الخيمة للنقل والنشات/محمود رمضان لشهر 5-2024','2024-06-22 17:43:49','2024-06-22 17:43:49',NULL),(175,2,17,1,'05/033','2024-05-31',790.000,1,0,'اثبات مصارف الونشات والنقل -نقليات ابو ركبه - خلدون لشهر 5-2024','2024-06-22 18:13:40','2024-06-22 18:13:40',NULL),(176,2,17,1,'05/034','2024-05-31',680.000,1,0,'اثبات مصارف الونشات والنقل -ونشات ابو ركبه-قاسم لشهر 5-2024','2024-06-22 18:25:09','2024-06-22 18:25:09',NULL),(177,2,17,1,'05/035','2024-05-31',1215.000,1,0,'اثبات مصارف الونشات والنقل - روبين الونش الاحمر  + السمهوري + ابو روبين  شهر 5-2024','2024-06-22 18:33:25','2024-07-20 14:55:59',NULL),(178,2,18,1,'06/006','2024-06-23',850.000,1,0,'اثبات مصارف الونشات والنقل - روبين الونش الاحمر + ابو روبين شهر 6-2024','2024-06-23 11:27:31','2024-06-23 11:27:31',NULL),(179,2,18,1,'06/007','2024-06-23',1310.000,1,0,'اثبات مصارف الونشات والنقل -الخيمة للنقل والنشات/محمود رمضان + بيت القدس للتحميل  لشهر 6-2024','2024-06-23 11:31:10','2025-06-18 20:19:59',NULL),(180,2,16,1,'04/039','2024-04-30',2200.000,1,0,'اثبات مصارف الونشات والنقل -ونشات ابو روبين لشهر 4-2024','2024-06-23 11:54:49','2024-06-23 11:54:49',NULL),(181,2,18,1,'06/008','2024-06-25',190000.000,1,0,'حركات على مشروع البزنس بارك - شركة مربع الاعمال','2024-06-25 12:43:44','2024-06-25 12:50:48',NULL),(182,2,18,1,'06/009','2024-06-25',4206.000,1,0,'اجور اعمال مدنية + مصاريف عمال على مشروع الموقر كشف رقم 7 (8-13 / 6 )+ كشف  8 ( 14-20 / 6 )','2024-06-25 14:10:27','2024-07-16 11:42:36',NULL),(183,2,18,1,'06/010','2024-06-25',4424.000,1,0,'اثبات حركات للمقاول يوسف بسيط','2024-06-25 14:27:03','2024-06-25 14:27:03',NULL),(184,2,18,1,'06/011','2024-06-26',1148.000,1,0,'اثبات مشتريات  من محددة القدس','2024-06-26 12:37:13','2024-06-26 12:37:13',NULL),(185,2,18,1,'06/012','2024-06-26',227.000,1,0,'اثبات فواتير شركة سكاب','2024-06-26 13:26:36','2024-06-26 14:00:36',NULL),(186,2,18,1,'06/013','2024-06-26',97.850,1,0,NULL,'2024-06-26 13:44:43','2024-06-26 13:58:30',NULL),(187,2,18,1,'06/014','2024-06-30',2500.000,1,0,'سحب نقدي محمود حامد سلف عمل 23-6-2024','2024-07-10 11:29:17','2025-04-13 15:25:37',NULL),(188,2,19,1,'07/001','2024-07-10',2610.000,1,0,'اثبات حسميات  ونشات محمد نجمة على مشروع العقبة','2024-07-10 12:06:43','2024-07-10 12:06:43',NULL),(189,2,18,1,'06/015','2024-06-30',18723.578,1,0,'اثبات مصروف رواتب لشهر 6-2024','2024-07-11 11:17:15','2025-03-05 11:10:51',NULL),(190,2,18,1,'06/016','2024-06-30',2645.988,1,0,'اثبات مشتريات كلف مشاريع واخرى','2024-07-11 11:27:05','2024-07-11 11:42:31',NULL),(191,2,18,1,'06/017','2024-06-30',12480.000,1,0,'اثبات اتفاقية محاماه عن قضية شركة الانباط 30-6-2024','2024-07-11 11:52:37','2024-07-11 11:52:37',NULL),(192,2,18,1,'06/018','2024-06-30',420.000,1,0,'مياومات عمال 6-2024','2024-07-11 12:17:11','2025-03-06 08:07:41',NULL),(193,2,18,1,'06/019','2024-06-30',1668.150,1,0,'شراء لوازم صناعية فاتورة عبدالكريم الجبالي #32087 30-6-2024','2024-07-11 12:34:31','2024-07-11 12:35:38',NULL),(194,2,18,1,'06/020','2024-06-30',20990.350,1,0,'شراء مستلزمات صناعية على عدة مشاريع من مجموع فواتير عبدالكريم الجبالي #31777+31778+31779 2-6-2024','2024-07-11 13:30:38','2024-08-10 11:42:04',NULL),(195,2,18,1,'06/021','2024-06-30',22700.000,1,0,'حركات بنكية شهر 6-2024','2024-07-11 14:25:17','2025-01-23 13:53:59',NULL),(196,2,19,1,'07/002','2024-07-11',3539.966,1,0,NULL,'2024-07-11 14:47:15','2024-07-19 22:20:01',NULL),(197,2,19,1,'07/003','2024-07-11',2095.000,1,0,NULL,'2024-07-11 15:05:10','2024-07-20 14:53:17',NULL),(198,2,19,1,'07/004','2024-07-11',1470.000,1,0,NULL,'2024-07-11 15:12:28','2025-05-05 17:11:50',NULL),(199,2,17,1,'05/036','2024-05-31',2021.728,1,0,'اثبات كفالات البنك الكويتي','2024-07-14 09:25:11','2024-09-19 10:43:36',NULL),(200,2,18,1,'06/022','2024-06-30',28910.250,1,0,'اثبات كفالات البنك الكويتي شهر 6-2024','2024-07-14 09:58:32','2025-09-30 20:55:29',NULL),(201,2,19,1,'07/005','2024-07-16',3471.547,1,0,'اثبات مستحقات ثويني اذعار - اعمال حفر حتى تاريخ 6-7-2024','2024-07-16 09:54:39','2024-07-16 09:54:39',NULL),(202,2,19,1,'07/006','2024-07-17',937.500,1,0,'شراء لوازم صناعية ومواد بناء فاتورة عبدالكريم الجبالي #32274 3-7-2024','2024-07-17 10:09:15','2024-07-17 10:14:03',NULL),(203,2,19,1,'07/007','2024-07-17',14133.000,1,0,'تحويل شيكات رشدي حمتو الى شركة انوار الاردن - فهد الجبالي + شركة بطيبط','2024-07-17 13:44:15','2024-07-17 13:44:15',NULL),(204,2,19,1,'07/008','2024-07-18',11141.080,1,0,NULL,'2024-07-18 11:53:05','2024-07-24 10:42:52',NULL),(205,2,19,1,'07/009','2024-07-20',3397.000,1,0,NULL,'2024-07-19 22:23:44','2024-07-19 22:23:44',NULL),(206,2,13,1,'01/033','2024-01-31',1529.000,0,0,'قيد تسوية حساب الضمان الاجتماعي شهر 1-2024','2024-07-20 02:35:07','2024-07-20 03:39:54','2024-07-20 03:39:54'),(207,2,14,1,'02/026','2024-02-29',1529.000,0,0,'قيد تسوية حساب الضمان الاجتماعي شهر 2-2024','2024-07-20 02:40:08','2024-07-20 03:40:15','2024-07-20 03:40:15'),(208,2,15,1,'03/040','2024-03-31',1529.000,0,0,'قيد تسوية حساب الضمان الاجتماعي شهر 3-2024','2024-07-20 02:41:00','2024-07-20 03:40:33','2024-07-20 03:40:33'),(209,2,16,1,'04/040','2024-04-30',1529.000,0,0,'قيد تسوية حساب الضمان الاجتماعي شهر4-2024','2024-07-20 02:41:41','2024-07-20 03:40:48','2024-07-20 03:40:48'),(210,2,17,1,'05/037','2024-05-31',1529.000,0,0,'قيد تسوية حساب الضمان الاجتماعي شهر 5-2024','2024-07-20 02:42:38','2024-07-20 03:41:00','2024-07-20 03:41:00'),(211,2,18,1,'06/023','2024-06-30',1529.000,0,0,'قيد تسوية حساب الضمان الاجتماعي شهر 6-2024','2024-07-20 02:43:23','2024-07-20 03:41:14','2024-07-20 03:41:14'),(212,2,19,1,'07/010','2024-07-20',12104.969,0,0,NULL,'2024-07-20 02:58:29','2024-07-20 03:42:49','2024-07-20 03:42:49'),(213,2,16,1,'04/040','2024-04-30',100.000,1,0,'سلفة عمل عبدالله عواودة من صندوق يزن بتاريخ 29-4-2024','2024-07-22 09:19:01','2024-07-22 09:19:01',NULL),(214,2,18,1,'06/023','2024-06-30',28582.126,1,0,'اثبات قيمة فرق اعمال على مشروع لابيئة المشرقة + اعمال اضافية منجزة','2024-07-22 10:32:19','2024-07-22 10:33:14',NULL),(215,2,18,1,'06/024','2024-06-30',702.000,1,0,'خصم ذمة عمر حداد','2024-07-22 10:47:43','2024-07-22 10:47:43',NULL),(216,2,13,1,'01/033','2024-01-31',1270000.000,1,0,'اثبات اتفاقية مشروع المدن الصناعية - الموقر 1-1-2024','2024-07-22 11:03:49','2024-07-22 11:05:15',NULL),(217,2,18,1,'06/025','2024-06-30',122900.000,1,0,NULL,'2024-07-22 12:13:55','2025-02-19 12:55:30',NULL),(218,2,18,1,'06/026','2024-06-30',1008000.000,1,0,'اثبات ايرادات مشاريع الشركة لغاية 30-6-2024','2024-07-22 13:20:14','2024-07-23 16:08:15',NULL),(219,2,13,1,'01/034','2024-01-31',20000.000,1,0,'اثبات اتفاقية اعمال اضافية - ابواب على مشروع شركة طبالي - ابو اصفر','2024-07-22 14:05:43','2024-07-22 14:05:43',NULL),(220,2,18,1,'06/027','2024-06-30',1740.467,1,0,'خصم على مشروع شركة طبالي ابو اصفر+البارودي','2024-07-22 14:08:55','2024-07-23 15:48:47',NULL),(221,2,18,1,'06/028','2024-06-30',18500.000,1,0,NULL,'2024-07-23 15:32:43','2024-07-23 15:48:50',NULL),(222,2,16,1,'04/041','2024-04-30',1.000,1,0,'فارغ','2024-07-23 15:44:42','2025-05-14 10:35:19',NULL),(223,2,16,1,'04/042','2024-04-30',3250.000,1,0,'اتفاقية اعمال مدنية على مشروع الشركة المتجددة - السلط','2024-07-24 12:26:45','2024-07-24 12:26:45',NULL),(224,2,18,1,'06/029','2024-06-30',1010.000,1,0,'اجور نقل بضاعة من المورد يبرود حتى 30-6-2024','2024-07-25 12:10:02','2024-07-29 15:17:41',NULL),(225,2,16,1,'04/043','2024-04-30',500.000,1,0,'اثات م.مستحقاثات م.راتب مهندس براء الذنيبات عن شهر 4 / 2024 مشروع جويحان','2024-07-25 23:18:58','2024-08-01 11:11:58',NULL),(226,2,17,1,'05/037','2024-05-31',500.000,1,0,'اثات م.مستحقاثات م.راتب مهندس براء الذنيبات عن شهر 5 / 2024 مشروع جويحان','2024-07-25 23:19:41','2024-08-01 11:13:16',NULL),(227,2,18,1,'06/030','2024-06-30',1215.555,1,0,'اثبات مصاريف مستحقة عن شهر 6-2024','2024-07-25 23:21:47','2024-08-31 11:09:35',NULL),(228,2,18,1,'06/031','2024-06-30',750.000,1,0,'اجور قص مشكلة - فهد الجبالي انوار الاردن 26-6-2024','2024-07-27 15:54:26','2024-07-27 15:54:26',NULL),(229,2,19,1,'07/010','2024-07-28',59770.100,1,0,'ثمن فاتورة بطيبط #13962 11-7-2024 من حساب ابو الوليد الكهربائي-اعمال فيصل','2024-07-28 13:09:18','2024-07-28 13:09:18',NULL),(230,2,18,1,'06/032','2024-06-30',250.000,1,0,NULL,'2024-07-28 18:16:43','2024-07-28 21:28:50',NULL),(231,2,13,1,'01/035','2024-01-31',100.000,1,0,'تحويل من حساب المتحدة على توفيق جبارات 16-1-2024','2024-07-29 12:48:36','2025-01-09 09:28:55',NULL),(232,2,17,1,'05/038','2024-05-31',180.000,1,0,'اجور سحب صاج 3 + اجور تطعيج 25 على فاتورة المتحدة #15844 30-5-2024','2024-07-29 12:53:40','2024-07-29 12:53:40',NULL),(233,2,16,1,'04/044','2024-04-30',50.000,1,0,'اثبات مصروف نقل مواد -باطون من لافارج ف#240500937 24-4-2024 - مشروع فيصل','2024-07-31 10:13:26','2024-07-31 10:13:26',NULL),(234,2,13,1,'01/036','2024-01-31',37432.500,1,0,'مشتريات حديد 10ملم لمشروع فيصل - عن يزن الخليلي فاتورة فؤاد ابو حامدة #267 16-1-2024','2024-08-01 15:33:31','2024-08-01 15:33:31',NULL),(235,2,18,1,'06/033','2024-06-30',6618.400,1,0,'مشتريات الواح ستانلس ستيل عدد 6 لمشروع القدس من السادة الجبالي اخوان 5-6-2024','2024-08-01 15:42:19','2024-08-01 15:42:19',NULL),(236,2,19,1,'07/011','2024-07-31',750.100,1,0,NULL,'2024-08-01 16:48:31','2024-08-01 16:48:31',NULL),(237,2,18,1,'06/034','2024-06-30',31150.000,1,0,'اثبات مشتريات الساندويش بانل من شركة الصفا','2024-08-01 22:05:08','2024-10-03 09:31:44',NULL),(238,2,19,1,'07/012','2024-07-31',3700.000,1,0,'حركات بنكية 7-2024','2024-08-04 09:00:16','2024-08-04 09:00:16',NULL),(239,2,19,1,'07/013','2024-07-31',7700.000,1,0,'حركات بنكية 7-2024','2024-08-04 09:41:22','2024-08-04 09:48:46',NULL),(240,2,19,1,'07/014','2024-07-31',115800.000,1,0,'حركات بنكية','2024-08-04 09:58:58','2024-08-19 11:02:13',NULL),(241,2,15,1,'03/040','2024-03-31',2095.000,1,0,'اثبات بدل  اعمال مساحة فادي سعد حتى 31-1-2024','2024-08-04 12:30:51','2024-08-04 12:35:36',NULL),(242,2,17,1,'05/039','2024-05-31',1958.544,1,0,'فحوصات مخبرية على مشروع جويحان كشوفات مختبرات الجنوب الهندسية حتى 31-5-2024','2024-08-04 12:53:22','2024-08-04 12:53:22',NULL),(243,2,19,1,'07/015','2024-07-31',3187.000,1,0,'حركات مالية','2024-08-04 15:25:13','2024-08-04 15:25:13',NULL),(244,2,19,1,'07/016','2024-07-31',19875.000,1,0,NULL,'2024-08-05 11:05:51','2024-08-05 11:05:51',NULL),(245,2,19,1,'07/017','2024-07-31',84610.000,1,0,NULL,'2024-08-05 11:26:22','2025-04-11 17:49:59',NULL),(246,2,19,1,'07/018','2024-07-31',82500.000,1,0,'شيك تأمين #715/714 حق 30-10-2024 شركة اصول الابداع للتعدين','2024-08-05 11:28:48','2024-08-05 11:28:48',NULL),(247,2,19,1,'07/019','2024-07-31',100.478,1,0,'اثبات مصاريف مستحقة الدفع - كهرباء مكاتب السابع لشهر 7-2024','2024-08-05 21:27:12','2024-08-05 21:27:12',NULL),(248,2,18,1,'06/035','2024-06-30',387.888,1,0,'خصم فروقات فواتير الشركة المتحدة لصناعة الصاج حتى 30-06-2024','2024-08-05 21:36:31','2025-10-13 13:50:45',NULL),(249,2,19,1,'07/020','2024-07-31',15180.000,1,0,'مشتريات عامه','2024-08-10 16:16:58','2024-08-10 16:16:58',NULL),(250,2,19,1,'07/021','2024-07-31',75.323,1,0,'اجور نقل بضاعة','2024-08-13 13:06:27','2024-08-14 12:39:19',NULL),(251,2,16,1,'04/045','2024-04-30',2083.897,1,0,'اثبات المصاريف الشهرية من المدفوع مقدما لشهر 4-2024','2024-08-14 14:44:09','2025-01-21 14:52:18',NULL),(252,2,17,1,'05/040','2024-05-31',2340.210,1,0,'اثبات المصاريف الشهرية من المدفوع مقدما لشهر 5-2024','2024-08-14 15:11:39','2025-01-21 14:53:11',NULL),(253,2,18,1,'06/036','2024-06-30',2264.719,1,0,'اثبات المصاريف الشهرية من المدفوع مقدما لشهر 6-2024','2024-08-14 15:39:00','2024-08-14 15:57:22',NULL),(254,2,19,1,'07/022','2024-07-31',2340.210,1,0,'اثبات المصاريف الشهرية من المدفوع مقدما لشهر 7-2024','2024-08-14 15:52:47','2024-08-14 15:58:09',NULL),(255,2,17,1,'05/041','2024-05-31',6531.012,1,0,'قيد تسوية بنكية','2024-08-17 12:43:50','2024-08-17 15:23:34',NULL),(256,2,18,1,'06/037','2024-06-30',8156.184,1,0,'قيد تسوية بنكية 6-2024','2024-08-17 12:54:45','2024-08-17 15:45:46',NULL),(257,2,20,1,'08/001','2024-08-17',5871.618,1,0,'مشتريات لوازم ومواد بناء','2024-08-17 17:40:49','2024-09-15 09:09:30',NULL),(258,2,19,1,'07/023','2024-07-31',20070.396,1,0,'اثبات مصروف رواتب لشهر 7-2024','2024-08-17 17:42:47','2025-03-05 11:13:55',NULL),(259,2,19,1,'07/024','2024-07-31',6715.045,1,0,'حركات تسوية بنكية 7-2024','2024-08-19 12:06:53','2024-08-19 13:02:26',NULL),(260,2,18,1,'06/038','2024-06-30',119.905,1,0,'اجور نقل بضاعة من المتحدة فاتورة #16112 29-6-2024','2024-08-21 15:50:52','2024-09-03 13:41:18',NULL),(261,2,16,1,'04/046','2024-04-30',580.650,1,0,'شراء صاج ابيض 0.38 كمية 193.55*3 تحسينات في مبنى المصنع فاتورة المتحده #15245 4-4-2024','2024-08-23 21:33:58','2024-08-23 21:33:58',NULL),(262,2,19,1,'07/025','2024-07-31',420.000,1,0,'اجور نقل بضاعة الشركة المتحدة - المدن الصناعية ف#16185 4-7-2024','2024-08-25 10:20:23','2024-08-25 10:20:23',NULL),(263,2,19,1,'07/026','2024-07-31',2680.700,1,0,'اجور نقل بضاعة','2024-08-25 13:08:42','2024-08-28 08:09:00',NULL),(264,2,20,1,'08/002','2024-08-26',1100.490,1,0,'اثبات فواتير الشركة المتحدة الخاصة بمشتريات خاصة لصيانة داخل المصنع/اصول','2024-08-26 09:09:14','2024-09-01 10:22:23',NULL),(265,2,19,1,'07/027','2024-07-31',7198.798,1,0,'قيد تسوية بنكية -الاهلي','2024-08-27 07:50:17','2024-09-01 12:49:36',NULL),(266,2,19,1,'07/028','2024-07-31',1274.841,1,0,'اثبات مرتجع الشركة المركزية للتجهيزاتا لصناعية شهر 7-2024','2024-08-28 06:06:58','2024-08-28 06:06:58',NULL),(267,2,20,1,'08/003','2024-08-28',22000.000,1,0,NULL,'2024-08-28 07:20:18','2024-08-28 07:20:18',NULL),(268,2,20,1,'08/004','2024-08-28',1275.010,1,0,NULL,'2024-08-28 08:50:37','2024-08-28 08:51:32',NULL),(269,2,19,1,'07/029','2024-07-31',10117.218,1,0,'مصاريف عمال على مشروع الموقر كشف رقم 13+ 14 اشلربيني-مشروع المدن الصناعية','2024-08-28 09:57:07','2025-02-24 07:53:38',NULL),(270,2,19,1,'07/030','2024-07-31',3900.000,1,0,'اثبات اتفاقية توريد وتركيب زجاج سيكوريت+الاكسسوارات مؤسسة رائد الهاشم لكافة الاعمال الزجاجية  27-7-2024','2024-08-28 11:04:54','2024-08-28 11:04:54',NULL),(271,2,20,1,'08/005','2024-08-28',9959.250,1,0,NULL,'2024-08-28 11:39:08','2024-09-23 21:09:13',NULL),(272,2,20,1,'07/031','2024-07-31',1630.000,1,0,'اثبات مصارف الونشات والنقل -نقلياتروبين - الونش الاحمر حتى شهر 28-7-2024','2024-08-28 14:33:38','2025-02-24 08:42:52',NULL),(273,2,19,1,'07/032','2024-07-31',1500.000,1,0,'اثبات مصارف الونشات والنقل -الخيمة للنقل والونشات حتى شهر 7-2024','2024-08-28 15:04:22','2024-08-28 15:04:22',NULL),(274,2,19,1,'07/033','2024-07-31',1305.000,1,0,'اثبات مصارف الونشات والنقل -نقليات ابو ركبه - خلدون حتى لشهر 7-2024','2024-08-28 16:20:42','2025-04-13 15:29:30',NULL),(275,2,20,1,'08/006','2024-08-29',445.000,1,0,'اثبات مصارف الونشات والنقل -نقليات ابو ركبه - خلدونحتى 15-8-2024','2024-08-29 11:08:09','2024-08-29 11:08:09',NULL),(276,2,19,1,'07/034','2024-07-31',2170.000,1,0,'اثبات مصارف الونشات والنقل -نقليات ابو ركبه - قاسم شهر 7-2024','2024-08-29 12:01:59','2024-08-29 12:01:59',NULL),(277,2,20,1,'08/007','2024-08-29',1450.000,1,0,'اثبات مصارف الونشات والنقل -ونشات ابو ركبه - قاسم حتى 1-8-2024','2024-08-29 12:47:20','2024-08-29 12:47:20',NULL),(278,2,19,1,'07/035','2024-07-31',950.000,1,0,'اثبات مصارف الونشات والنقل -ونشات ابوروبين شهر 7-2024','2024-08-29 13:26:56','2024-08-29 13:26:56',NULL),(279,2,20,1,'08/008','2024-08-29',230.000,1,0,'اثبات مصارف الونشات والنقل - ونشات ابوروبين حتى 14-8-2024','2024-08-29 13:29:28','2024-08-29 13:29:28',NULL),(280,2,19,1,'07/036','2024-07-31',6580.000,1,0,'اثبات مصارف الونشات والنقل - مكتب السمهوري للنقل شهر 7-2024','2024-08-29 14:37:34','2024-09-03 09:09:18',NULL),(281,2,19,1,'07/037','2024-07-31',530.000,1,0,'اثبات مصارف الونشات والنقل -بيت القدس + عوني ظاظا 7-2024','2024-08-29 14:43:40','2025-04-14 10:55:39',NULL),(282,2,20,1,'08/009','2024-08-31',21070.000,1,0,'شيك تأمين #739 حق 19-8-2024 بدل تأمين صيانة 5% من قيمة المشروع','2024-08-31 08:54:59','2024-08-31 08:54:59',NULL),(283,2,19,1,'07/038','2024-07-31',21300.000,1,0,'دفعات شيكات حق حتى 10-9-2024  + كاش عنكم / ابراهيم سليم-ابو الوليد الكهربائي-مشروع فيصل لحساب شركة النقيب ( محمد لافي ) 31-7-2024','2024-09-02 09:36:27','2024-09-02 09:55:36',NULL),(284,2,20,1,'08/010','2024-08-31',45.500,1,0,'اثبات حركات تسوية حساب عمر البنا','2024-09-02 12:24:48','2024-09-03 13:29:54',NULL),(285,2,20,1,'08/011','2024-08-31',5000.000,1,0,'دفعات ابو الوليد الكهربائي','2024-09-02 12:28:37','2024-09-02 12:28:37',NULL),(286,2,20,1,'08/012','2024-08-31',4765.850,1,0,NULL,'2024-09-02 12:36:58','2024-09-02 12:36:58',NULL),(287,2,20,1,'08/013','2024-08-31',10000.000,1,0,'حركة شيك#239 حق 5-4-20223 ابو احمد جبرين -شقق','2024-09-03 08:40:32','2024-09-03 08:40:32',NULL),(288,2,18,1,'06/039','2024-06-30',1626.000,1,0,'اثبات تسديد اقساط سيارات وشقة لشهر 6-2024','2024-09-04 14:07:06','2024-09-04 14:07:06',NULL),(289,2,19,1,'07/039','2024-07-31',1626.000,1,0,'اثبات تسديد اقساط سيارات وشقة لشهر 7-2024','2024-09-04 14:09:12','2024-09-04 14:09:12',NULL),(290,2,20,1,'08/014','2024-08-31',1626.000,1,0,'اثبات تسديد اقساط سيارات وشقة لشهر 8-2024','2024-09-04 14:11:15','2024-09-04 14:11:15',NULL),(291,2,20,1,'08/015','2024-08-31',180.000,1,0,'اثبات مصروف نقل بضاعة يبرود','2024-09-04 15:40:08','2024-09-04 15:40:08',NULL),(292,2,18,1,'06/040','2024-06-30',901.875,1,0,'اثبات اجور عمال مياومه - المصنع لشهر 6-2024','2024-09-05 08:31:26','2025-03-05 11:36:23',NULL),(293,2,19,1,'07/040','2024-07-31',2923.125,1,0,'اثبات اجور عمال مياومه - المصنع لشهر 7-2024','2024-09-05 08:40:49','2025-03-05 11:36:23',NULL),(294,2,20,1,'08/016','2024-08-31',2008.750,1,0,'اثبات اجور عمال مياومه - المصنع حتى 22-8-2024','2024-09-05 08:50:42','2025-03-05 11:36:23',NULL),(295,2,20,1,'08/017','2024-08-31',10087.232,1,0,NULL,'2024-09-05 10:38:53','2024-09-25 11:13:00',NULL),(296,2,19,1,'07/041','2024-07-31',450.000,1,0,'فواتير شركةا لقريني 6+7 / 2024','2024-09-05 10:54:33','2024-09-05 10:54:33',NULL),(297,2,20,1,'08/018','2024-08-31',20306.972,1,0,'اثبات مصروف رواتب لشهر 8-2024','2024-09-05 11:04:10','2025-06-30 10:13:57',NULL),(298,2,20,1,'08/019','2024-08-31',7205.000,1,0,NULL,'2024-09-05 13:24:12','2024-09-05 13:57:18',NULL),(299,2,20,1,'08/020','2024-08-31',16450.000,1,0,NULL,'2024-09-05 14:06:59','2025-02-24 09:19:00',NULL),(300,2,20,1,'08/021','2024-08-31',9590.000,1,0,NULL,'2024-09-05 14:29:00','2025-05-05 17:07:53',NULL),(301,2,20,1,'08/022','2024-08-31',4400.000,1,0,NULL,'2024-09-07 10:59:13','2025-04-29 09:44:42',NULL),(302,2,20,1,'08/023','2024-08-31',21650.000,1,0,NULL,'2024-09-07 11:11:33','2024-09-07 11:33:27',NULL),(303,2,20,1,'08/024','2024-08-31',9850.000,1,0,NULL,'2024-09-07 11:46:49','2024-09-07 11:46:49',NULL),(304,2,20,1,'08/025','2024-08-31',70000.000,1,0,'اثبات اتفاقية مشروع الشركة العربية الدولية للانشاءات والمقاولات - مشروع مظلات معدنية  مستودع الاثاث في منطقة الغباوي 32-8-2024','2024-09-07 12:24:39','2024-09-07 12:24:40',NULL),(305,2,20,1,'08/026','2024-08-31',44000.000,1,0,'اثبات اتفاقية مع شركة طبالي الصالحين للصناعات الخشبية-هنجر منطقة الفيصلية (60 يوم ) 12-8-2024','2024-09-07 12:48:10','2024-09-07 12:50:41',NULL),(306,2,19,1,'07/042','2024-07-31',644331.000,1,0,'اثبات اتفاقية مع شركة البوتاس العربية  23-7-2024','2024-09-07 13:12:19','2024-09-07 13:12:19',NULL),(307,2,18,1,'07/044','2024-07-31',2149268.500,1,0,'اثبات اتفاقية مع شركة محمد العيدي واولاده للمقاولات - مشروع متحف الطيران التراثي / العقبة 2-6-2024','2024-09-07 14:06:51','2025-02-19 09:55:28',NULL),(308,2,20,1,'08/027','2024-08-31',160735.000,1,0,'اثبات اتفاقية مع شركة معروف للصناعات الغذائية - هنجر القسطل 11-8-2024','2024-09-07 14:20:18','2025-01-09 13:32:40',NULL),(309,2,21,1,'09/001','2024-09-01',57000.000,1,0,'حركات بنكية','2024-09-10 08:04:28','2025-01-23 09:05:47',NULL),(310,2,19,1,'07/043','2024-07-31',910.200,1,0,NULL,'2024-09-10 08:19:02','2025-03-06 08:12:28',NULL),(311,2,20,1,'08/028','2024-08-31',3068.000,1,0,NULL,'2024-09-10 08:55:31','2025-04-09 11:35:04',NULL),(312,2,20,1,'08/029','2024-08-31',420.000,1,0,'مياومات شهر 8-2024','2024-09-10 09:14:45','2025-03-06 08:15:29',NULL),(313,2,18,1,'06/041','2024-06-30',4536.000,1,0,'اثبات اتفاقية القيام بالاجراءات اللازمة للحصول على رخصة انشاءات (بناء هنجر ) على قطعة رقم 576 حوض 2 التربة من اراضي الموقر 12-6-2024','2024-09-10 09:24:20','2024-09-10 09:24:20',NULL),(314,2,20,1,'08/030','2024-08-31',7500.000,1,0,'دفعة نقدا - بدل شيك صرف بالخطا # 375- شركة ابو خضرة 1-8-2024','2024-09-11 13:11:51','2024-09-11 13:11:51',NULL),(315,2,21,1,'09/002','2024-09-11',4500.000,0,0,NULL,'2024-09-11 15:50:32','2024-09-11 15:52:30','2024-09-11 15:52:30'),(316,2,19,1,'07/045','2024-07-31',14820.000,1,0,'اثبات بيع سيارة بيك اب كيا -معاذ حوامده 31-07-2024','2024-09-11 15:50:43','2025-05-19 06:22:02',NULL),(317,2,17,1,'05/042','2024-05-31',193.800,1,0,'تحميل ابو الوليد الكهربائي قيمة بضاعة مشتريات من يبرود جزء من فاتورة #18905 26-5-2024','2024-09-12 12:50:42','2024-09-12 12:50:42',NULL),(318,2,20,1,'08/031','2024-08-31',241220.000,1,0,'اثبات ايراد منجز حتى تاريخه من اعمال مدنية(32/PUR /2024) - شركة القدس لصناعة الدهانات  31-8-2024','2024-09-18 12:01:15','2024-09-18 12:01:15',NULL),(319,2,20,1,'08/032','2024-08-31',31250.000,1,0,'اثبات ايراد منجز من مشروع هياكل معدنية شركة العالمية لتجارة المنسوجات - 31-8-2024','2024-09-18 12:05:16','2024-09-18 12:05:16',NULL),(320,2,20,1,'08/033','2024-08-31',339000.000,1,0,'اثبات ايراد منجز من مشروع هنجر العقبة-شركة الراسخون العرب عطاء# 1/2023 31-8-2024','2024-09-18 12:07:57','2025-10-01 05:59:34',NULL),(321,2,20,1,'08/034','2024-08-31',59900.000,1,0,'اثبات ايراد منجز عن مشروع مظلة شركة محمد العيدي واولاده للمقاولات 31-8-2024','2024-09-18 12:11:35','2024-09-18 12:11:35',NULL),(322,2,20,1,'08/035','2024-08-31',110000.000,1,0,'اثبات ايراد منجز من مشروع الطفيلة - الشركة الوطنية للانشاءات 31-8-2024','2024-09-18 12:19:18','2024-09-18 12:19:18',NULL),(323,2,20,1,'08/036','2024-08-31',127000.000,1,0,'اثبات ايراد منجز من مشروع المدن الصناعية - الموقر 31-8-2024','2024-09-18 13:04:49','2024-09-18 13:04:49',NULL),(324,2,20,1,'08/037','2024-08-31',2937.000,1,0,'اثبات ايراد اعمال اضفية على مشروع طارق ابو شهاب 31-8-2024','2024-09-18 13:08:49','2024-09-18 13:08:49',NULL),(325,2,20,1,'08/038','2024-08-31',105000.000,1,0,'اثبات ايراد منجز اعمال اضافية - ابواب على مشروع شركة طبالي - ابو اصفر 31-8-2024','2024-09-18 13:43:02','2024-09-18 13:47:29',NULL),(326,2,20,1,'08/039','2024-08-31',5396.118,1,0,'تسوية حسابات بين هلتي وسكاب','2024-09-19 11:22:05','2024-10-28 10:23:25',NULL),(327,2,20,1,'08/040','2024-08-31',14000.000,1,0,'اثبات ايراد منجز اتفاقية اعمال طوب المقاول همام والغزو 31-8-2024','2024-09-23 04:00:28','2024-09-23 04:00:28',NULL),(328,2,20,1,'08/041','2024-08-31',97919.000,1,0,'اثبات ايراد منجز اتفاقيات لمشروع جويحان بتاريخ 31-8-2024','2024-09-23 04:09:45','2024-10-14 13:21:26',NULL),(329,2,20,1,'08/042','2024-08-31',38095.000,1,0,'مشتريات ساندويش بانل من شركة الصفا','2024-09-23 13:48:32','2024-10-03 12:55:15',NULL),(330,2,20,1,'08/043','2024-08-31',1779.590,1,0,'اثبات استرداد فرق ضريبة / صندوق يزن العربية فيصل','2024-09-23 20:20:19','2024-09-25 10:03:38',NULL),(331,2,20,1,'08/044','2024-08-31',5040.600,1,0,NULL,'2024-09-23 20:54:12','2025-01-15 08:44:48',NULL),(332,2,20,1,'08/045','2024-08-31',617.000,1,0,'اجور توصيل بضاعة فاتورة المتحدة #16434 29-7-2024','2024-09-24 09:17:42','2024-09-24 10:18:37',NULL),(333,2,21,1,'08/046','2024-08-31',10867.700,1,0,'قيد تسوية بنكية - البنك الكويتي 8-2024','2024-09-25 07:42:47','2024-11-19 12:21:19',NULL),(334,2,20,1,'08/047','2024-08-31',5917.215,1,0,'قيد تسوية بنك صوفة 8-2024','2024-09-25 09:58:56','2024-11-20 08:24:13',NULL),(335,2,20,1,'08/048','2024-08-31',22811.217,1,0,'قيد تسوية البنك الاهلي 8-2024','2024-09-25 10:19:20','2024-11-21 09:14:39',NULL),(336,2,20,1,'08/049','2024-08-31',500.000,1,0,'ايدع مبلغ 500 دينار من احمد نصير','2024-09-25 10:59:31','2025-04-11 17:06:48',NULL),(337,2,20,1,'08/050','2024-08-31',1410.000,1,0,'اثبات مصارف الونشات والنقل  لشهر 8-2024','2024-09-28 14:27:47','2024-09-28 14:27:47',NULL),(338,2,20,1,'08/051','2024-08-31',540.000,1,0,'اثبات مصارف الونشات والنقل لشهر8-2024','2024-09-28 15:07:02','2024-09-28 15:07:03',NULL),(339,2,20,1,'08/052','2024-08-31',668.438,1,0,'اثبات اجور عمال مياومه - المصنع حتى 31-8-2024','2024-09-29 09:36:18','2025-03-05 11:36:24',NULL),(340,2,21,1,'09/002','2024-09-29',2055.920,1,0,'مشتريات من الشركة المتدة لصناعة الصاج ف#16806 2-9-2024 على ابو الوليد الكهربائي - مشروع فيصل','2024-09-29 13:03:31','2024-09-29 20:59:41',NULL),(341,2,20,1,'08/053','2024-08-31',5414.000,1,0,'خصميات على الشركة المتحدة','2024-09-30 16:26:36','2024-09-30 16:26:36',NULL),(342,2,21,1,'09/003','2024-09-30',749.779,1,0,NULL,'2024-10-01 18:36:36','2025-01-23 12:40:10',NULL),(343,2,21,1,'09/004','2024-09-30',6578.150,1,0,NULL,'2024-10-01 18:41:32','2025-02-09 11:59:45',NULL),(344,2,17,1,'05/043','2024-05-31',9880.000,1,0,'اثبات اتفاقية اعمال ديكورات منجور على مشروع فيصل - حساب يزن الخليلي 31-5-2024','2024-10-02 11:53:21','2024-10-02 11:53:21',NULL),(345,2,21,1,'09/005','2024-09-30',12000.000,1,0,'اثبات بيع سيارة افانتي - عبدالله عواوده30-9-2024','2024-10-02 12:20:31','2025-05-19 06:32:46',NULL),(346,2,14,1,'02/026','2024-02-28',4000.000,1,0,'اثبات اتفاقية اعمال ابواب حريق لمشروع جويحان مع مؤسسة عقل عبيد الله لصناعة الابواب  28-2-2024','2024-10-02 12:34:38','2024-10-02 12:34:38',NULL),(347,2,21,1,'09/006','2024-09-30',5090.000,1,0,NULL,'2024-10-06 04:44:14','2024-10-07 11:00:04',NULL),(348,2,21,1,'09/007','2024-09-30',778.352,1,0,NULL,'2024-10-07 11:56:20','2024-10-07 11:56:20',NULL),(349,2,21,1,'09/008','2024-09-30',650.000,1,0,NULL,'2024-10-07 13:00:05','2025-04-08 13:55:06',NULL),(350,2,21,1,'09/009','2024-09-30',150800.000,1,0,'حركات بنكية 9-2024','2024-10-07 13:32:26','2024-10-14 10:25:29',NULL),(351,2,21,1,'09/010','2024-09-30',13500.000,1,0,NULL,'2024-10-07 13:43:48','2025-09-30 20:56:26',NULL),(352,2,21,1,'09/011','2024-09-30',20500.000,1,0,NULL,'2024-10-07 14:22:58','2024-10-07 14:22:58',NULL),(353,2,20,1,'08/054','2024-08-31',1279.288,1,0,'-اثبات مصروف كهرباء السابع لشهر 8-2024','2024-10-07 19:35:15','2025-04-21 09:11:35',NULL),(354,2,21,1,'09/012','2024-09-30',469.142,1,0,'تسديد كهرباء شهر 7+8 / 2024','2024-10-07 19:38:12','2024-12-17 11:31:06',NULL),(355,2,21,1,'09/013','2024-09-30',21958.000,1,0,'صرفيات الموظفين من سلفة محمود حامد 22-9-2024','2024-10-07 20:08:29','2025-03-06 07:22:09',NULL),(356,2,21,1,'09/014','2024-09-30',24000.000,1,0,NULL,'2024-10-07 20:49:16','2025-09-22 13:16:29',NULL),(357,2,21,1,'09/015','2024-09-30',18668.570,1,0,NULL,'2024-10-08 05:21:20','2024-10-08 05:21:20',NULL),(358,2,21,1,'09/016','2024-09-30',75500.000,1,0,NULL,'2024-10-08 05:43:13','2024-10-08 05:43:13',NULL),(359,2,21,1,'09/017','2024-09-30',7700.000,1,0,NULL,'2024-10-08 05:51:57','2024-10-08 08:07:44',NULL),(360,2,21,1,'09/018','2024-09-30',27000.000,1,0,'عكس شيكات صر فت نقدا بدلا من تحصيلها في البنك','2024-10-08 08:32:46','2024-10-08 08:32:46',NULL),(361,2,21,1,'09/019','2024-09-30',38634.000,1,0,NULL,'2024-10-08 08:50:58','2025-03-03 09:46:52',NULL),(362,2,21,1,'09/020','2024-09-30',5360.720,1,0,'كفالة حسن تنفيذ على مشروع J1J7 عطاء رقم 000107/24/31/205 8-9-2024 حتى 10-2-2026','2024-10-08 09:27:27','2024-10-08 09:27:27',NULL),(363,2,21,1,'09/021','2024-09-30',2146.515,1,0,NULL,'2024-10-08 10:28:00','2024-11-19 11:15:27',NULL),(364,2,21,1,'09/022','2024-09-30',2630.000,1,0,'اثبات مصارف الونشات والنقل لشهر 9-2024','2024-10-09 11:19:58','2025-05-05 17:09:14',NULL),(365,2,21,1,'09/023','2024-09-30',390.000,1,0,'اثبات مصارف الونشات والنقل -نقليات ابو ركبه - خلدون لشهر 9-2024','2024-10-09 11:30:50','2024-10-09 11:30:50',NULL),(366,2,21,1,'09/024','2024-09-30',1180.000,1,0,'اثبات مصارف الونشات والنقل -نقليات ابو ركبه - قاسم لشهر9-2024','2024-10-09 11:42:34','2024-10-09 14:04:05',NULL),(367,2,21,1,'09/025','2024-09-30',2970.000,1,0,'اثبات مصارف الونشات والنقل -نقليات الخيمة لشهر 9-2024','2024-10-09 14:36:59','2024-10-09 14:36:59',NULL),(368,2,21,1,'09/026','2024-09-30',765.000,1,0,'اثبات مصارف الونشات والنقل  الخيمة لشهر 9-2024','2024-10-09 15:01:04','2024-10-09 15:01:04',NULL),(369,2,21,1,'09/027','2024-09-30',8234.510,1,0,'اثبات كشف الشربيني على مشروع الموقر اعمال مدنية رقم 19+20+21+22','2024-10-09 15:06:38','2024-10-15 14:32:58',NULL),(370,2,21,1,'09/028','2024-09-30',16811.735,1,0,NULL,'2024-10-09 15:21:46','2025-04-13 15:56:43',NULL),(371,2,21,1,'09/029','2024-09-30',540.000,1,0,'مياومات 9-2024','2024-10-09 18:18:17','2025-03-06 08:19:27',NULL),(372,2,21,1,'09/030','2024-09-30',159850.356,1,0,'بدل اعمال ميكانيك على مشروع فيصل - معاذ ابو السمن 9-2024','2024-10-09 18:33:02','2024-10-09 18:45:23',NULL),(373,2,21,1,'09/031','2024-09-30',2744.750,1,0,'اثبات اجور عمال مياومه - المصنع حتى 30-9-2024','2024-10-09 19:58:12','2025-03-05 11:36:24',NULL),(374,2,21,1,'09/032','2024-09-30',22365.227,1,0,'اثبات مصروف رواتب  لشهر 9-2024','2024-10-10 20:46:59','2025-07-30 16:21:48',NULL),(375,2,18,1,'06/042','2024-06-30',32.901,1,0,'اثبات غرامات تأخير سداد مستحقات الضمان الاجتماعي عن شهر 6-2024','2024-10-13 10:28:41','2025-10-28 08:29:03',NULL),(376,2,19,1,'07/046','2024-07-31',66.934,1,0,'اثبات غرامات تأخير سداد مستحقات الضمان الاجتماعي عن شهر 7-2024','2024-10-13 10:29:44','2025-10-28 08:30:30',NULL),(377,2,20,1,'08/055','2024-08-31',655.566,1,0,'حركات تسوية حساب الضمان الاجتماعي لشهر 8-2024','2024-10-13 10:31:32','2025-10-28 08:31:35',NULL),(378,2,21,1,'09/033','2024-09-30',4304.215,1,0,'قيد تسوية بنك صفوة الاسلامي 9-2024','2024-10-13 13:07:54','2024-11-20 08:25:04',NULL),(379,2,21,1,'09/034','2024-09-30',472.407,1,0,'قيد تسوية بنك الاهلي 9-2024','2024-10-19 10:50:02','2024-11-19 15:11:04',NULL),(380,2,22,1,'10/001','2024-10-19',1069.250,1,0,'مشتريات مستلزمات صناعية للمصنع','2024-10-19 13:43:55','2024-10-19 14:34:22',NULL),(381,2,22,1,'10/002','2024-10-19',2990.450,1,0,'مشتريات عامة','2024-10-19 14:59:39','2024-10-19 14:59:39',NULL),(382,2,22,1,'10/003','2024-10-19',1684.500,1,0,'مشتريات عامة','2024-10-19 15:14:42','2024-10-19 15:14:42',NULL),(383,2,21,1,'09/035','2024-09-30',3242.014,1,0,'اثبات اجور عامة على المشاريع','2024-10-20 09:35:22','2025-01-09 10:20:55',NULL),(384,2,22,1,'10/004','2024-10-20',8762.500,1,0,NULL,'2024-10-20 09:41:35','2024-12-01 14:16:04',NULL),(385,2,22,1,'10/005','2024-10-20',5523.995,1,0,'حركات بنكية 10-2024','2024-10-20 11:34:50','2025-04-08 13:55:43',NULL),(386,2,22,1,'10/006','2024-10-20',234800.000,1,0,'اثبات اتفاقية اعمال مدنية لمشروع البوتاس J1J7 مع السيد عامر راجي محمود العبويني 6-10-2024','2024-10-20 12:22:24','2024-11-20 11:24:17',NULL),(387,2,21,1,'09/036','2024-09-30',41932.000,1,0,'شراء 3 سيارات كهرباء للشركة فاتورة شركة الموارد العربية 12-9-2024','2024-10-21 12:12:05','2024-10-21 12:12:05',NULL),(388,2,22,1,'10/007','2024-10-21',585.000,1,0,'مشتريات صاج مجلفن 1.5 ملم 73 م على ابو الوليد الكهربائي  فاتورة المتحدة #17095 3-10-2024','2024-10-21 12:39:14','2024-10-21 12:39:14',NULL),(389,2,19,1,'07/047','2024-07-31',1000.000,1,0,'عكس حركة خصم بالاتفاق مع جميع الاطراف','2024-10-28 14:14:52','2024-10-28 14:14:53',NULL),(390,2,22,1,'10/008','2024-10-30',1200.000,1,0,'قيد تسوية - يزن الخليلي','2024-10-30 09:18:52','2024-10-30 09:18:52',NULL),(391,2,22,1,'10/009','2024-10-30',277.100,1,0,'اثبات مشتريات من الشركة المتحدة خاص بالمصنع','2024-10-30 12:07:41','2024-10-30 12:07:41',NULL),(392,2,22,1,'10/010','2024-10-30',160.000,1,0,'اثبات اجور نقل بصضاعة شركة يبرود على مشروع مستشفى البشير ف#23855 + 23908 15-10-2024','2024-10-30 13:40:29','2024-10-30 13:40:29',NULL),(393,2,22,1,'10/011','2024-10-31',3288.450,1,0,'اثبات اجور عمال مياومه - المصنع حتى 24-10-2024','2024-11-06 12:31:50','2025-03-05 11:36:24',NULL),(394,2,22,1,'10/012','2024-10-31',732.510,1,0,'اثبات اجور عمال مياومه - المصنع حتى 31-10-2024','2024-11-06 12:41:44','2025-03-05 11:36:24',NULL),(395,2,22,1,'10/013','2024-10-31',290.000,1,0,'اجور نقل بضاعة يبرودحتى 31-10-2024','2024-11-06 14:49:55','2024-11-06 14:49:55',NULL),(396,2,23,1,'11/001','2024-11-07',917.188,1,0,'اثبات اجور عمال مياومه - المصنع حتى 07-11-2024','2024-11-07 08:55:25','2025-03-05 11:36:24',NULL),(397,2,22,1,'10/014','2024-10-31',2682.000,1,0,'اثبات مشتريات باطون من شركة لافارج لغايات التوسعة الجديدة 10-2024','2024-11-07 09:45:08','2024-11-07 09:45:08',NULL),(398,2,22,1,'10/015','2024-10-31',734.100,1,0,NULL,'2024-11-07 10:47:17','2025-01-15 08:50:19',NULL),(399,2,22,1,'10/016','2024-10-31',8483.400,1,0,NULL,'2024-11-07 10:51:09','2024-11-07 10:51:09',NULL),(400,2,22,1,'10/017','2024-10-31',2132.892,1,0,NULL,'2024-11-07 10:55:38','2024-12-12 10:48:25',NULL),(401,2,22,1,'10/018','2024-10-31',3145.210,1,0,NULL,'2024-11-07 11:37:04','2024-11-07 11:37:05',NULL),(402,2,22,1,'10/019','2024-10-31',558.500,1,0,NULL,'2024-11-07 12:05:33','2024-11-07 12:05:33',NULL),(403,2,21,1,'09/037','2024-09-30',5521.000,1,0,NULL,'2024-11-12 12:33:28','2025-08-04 21:08:20',NULL),(404,2,22,1,'10/020','2024-10-31',16500.000,1,0,NULL,'2024-11-12 12:42:27','2024-11-20 12:06:17',NULL),(405,2,22,1,'10/021','2024-10-31',15450.000,1,0,'اثبات اعمال تركيبات على عدة مشاريع حتى 31-10-2024','2024-11-17 10:49:01','2025-01-12 13:21:07',NULL),(406,2,22,1,'10/022','2024-10-31',18300.000,1,0,'اثبات اعمال تصنيع في عدة مشاريع حتى 31-10-2024','2024-11-17 11:24:58','2024-11-17 11:24:58',NULL),(407,2,22,1,'10/023','2024-10-31',8800.000,1,0,'اثبات اعمال دهان عدة مشاريع حتى 31-10-2024','2024-11-17 11:37:54','2024-11-17 11:37:54',NULL),(408,2,23,1,'11/002','2024-11-17',12830.000,1,0,NULL,'2024-11-17 11:48:14','2024-11-17 13:53:20',NULL),(409,2,22,1,'10/024','2024-10-31',4650.000,1,0,'اثبات مصاريف الخيمة للنقل والونشات حتى 31-10-2024','2024-11-17 12:57:05','2024-11-17 12:57:05',NULL),(410,2,22,1,'10/025','2024-10-31',1395.000,1,0,'اثبات اجور نقل وتحميل وونشات حتى 31-10-2024','2024-11-17 13:41:42','2024-11-17 13:41:42',NULL),(411,2,22,1,'10/026','2024-10-31',5910.000,1,0,NULL,'2024-11-17 13:58:16','2024-11-17 13:58:16',NULL),(412,2,22,1,'10/027','2024-10-31',7568.510,1,0,'اثبات كشف الشربيني على مشروع الموقر اعمال مدنية رقم 24/25/26/27','2024-11-18 09:31:16','2024-11-18 09:31:16',NULL),(413,2,22,1,'10/028','2024-10-31',15000.000,1,0,'شيك تأمين كفالة دخول عطاء عطاء مستودع المواد الاولية #662 24-10-2024','2024-11-18 12:17:41','2024-11-18 12:17:41',NULL),(414,2,22,1,'10/029','2024-10-31',45800.000,1,0,'حركات بنكية 10-2024','2024-11-18 14:11:00','2025-01-23 13:58:20',NULL),(415,2,22,1,'10/030','2024-10-31',73900.000,1,0,'حركات بنكية 31-10-2024','2024-11-18 14:34:01','2024-11-18 14:34:01',NULL),(416,2,21,1,'09/038','2024-09-30',770.000,1,0,'اعمال مساحية ودعم هندسي / سيرف ماتكس المساح محمد ابو ادعيق مطالبة مالية حتى 30-09-2024','2024-11-19 10:23:34','2024-11-19 10:23:34',NULL),(417,2,23,1,'11/003','2024-11-19',590.000,1,0,'اعمال مساحية ودعم هندسي / سيرف ماتكس المساح محمد ابو ادعيق مطالبة مالية','2024-11-19 10:26:20','2024-11-19 10:26:20',NULL),(418,2,22,1,'10/031','2024-10-31',95000.000,1,0,NULL,'2024-11-19 10:44:38','2024-11-19 10:44:38',NULL),(419,2,22,1,'10/032','2024-10-31',22350.640,1,0,NULL,'2024-11-19 11:01:19','2024-11-19 12:36:43',NULL),(420,2,22,1,'10/033','2024-10-31',27441.163,1,0,'قيد تسوية البنوك 10-2024','2024-11-20 09:20:56','2025-02-13 11:44:16',NULL),(421,2,22,1,'10/034','2024-10-31',1020.000,1,0,NULL,'2024-11-20 09:57:29','2024-11-20 12:49:48',NULL),(422,2,22,1,'10/035','2024-10-31',17096.085,1,0,NULL,'2024-11-20 11:47:33','2024-11-20 12:01:15',NULL),(423,2,22,1,'10/036','2024-10-31',8040.960,1,0,'حركات 10-2024','2024-11-20 12:51:28','2025-02-24 08:16:01',NULL),(424,2,22,1,'10/037','2024-10-31',21390.000,1,0,'صرفيات ومدفوعات من صندوق محمود حامد','2024-11-20 12:57:47','2024-11-20 13:00:56',NULL),(425,2,22,1,'10/038','2024-10-31',3305.200,1,0,NULL,'2024-11-20 14:11:16','2025-03-03 09:47:25',NULL),(426,2,22,1,'10/039','2024-10-31',1006.740,1,0,'مشتريات من المتحدة للمصنع 10-2024','2024-11-21 13:35:10','2024-11-21 13:35:10',NULL),(427,2,22,1,'10/040','2024-10-31',22804.372,1,0,'اثبات مصروف رواتب لشهر 10-2024','2024-12-01 13:02:09','2025-03-18 12:24:05',NULL),(428,2,22,1,'10/041','2024-10-31',39308.250,1,0,NULL,'2024-12-02 11:43:42','2025-07-21 10:51:07',NULL),(429,2,22,1,'10/042','2024-10-31',540.000,1,0,'مياومات عمال','2024-12-02 12:36:59','2025-03-06 08:22:36',NULL),(430,2,20,1,'08/056','2024-08-31',2340.210,1,0,'اثبات المصاريف الشهرية من المدفوع مقدما لشهر 8-2024','2024-12-03 08:51:15','2024-12-03 08:51:15',NULL),(431,2,21,1,'09/039','2024-09-30',2609.924,1,0,'اثبات المصاريف الشهرية من المدفوع مقدما لشهر 9-2024','2024-12-03 09:03:03','2024-12-03 09:03:03',NULL),(432,2,22,1,'10/043','2024-10-31',2696.922,1,0,'اثبات المصاريف الشهرية من المدفوع مقدما لشهر 10-2024','2024-12-03 09:17:31','2024-12-03 09:17:31',NULL),(433,2,23,1,'11/004','2024-11-30',4513.578,1,0,NULL,'2024-12-08 06:11:04','2024-12-12 14:07:30',NULL),(434,2,23,1,'11/005','2024-11-30',1388.967,1,0,NULL,'2024-12-08 06:37:15','2025-01-23 09:16:59',NULL),(435,2,23,1,'11/006','2024-11-30',1732.030,1,0,NULL,'2024-12-08 06:50:30','2024-12-08 06:50:30',NULL),(436,2,23,1,'11/007','2024-11-30',1161.200,1,0,NULL,'2024-12-09 14:05:03','2024-12-09 14:05:03',NULL),(437,2,23,1,'11/008','2024-11-30',5569.130,1,0,'اثبات كشف الشربيني على  مشروع الموقر كشف رقم 28/29/30/31','2024-12-09 14:12:57','2024-12-25 09:47:02',NULL),(438,2,23,1,'11/009','2024-11-30',9836.999,1,0,NULL,'2024-12-09 14:23:39','2025-07-01 09:32:44',NULL),(439,2,22,1,'10/044','2024-10-31',1074.600,1,0,NULL,'2024-12-09 14:29:14','2025-03-03 09:50:51',NULL),(440,2,23,1,'11/010','2024-11-30',9312.700,1,0,'اثبات دفعات نقدي -  الراسخون العربية','2024-12-09 15:29:25','2025-09-30 20:57:13',NULL),(441,2,18,1,'06/043','2024-06-30',740.350,1,0,'اثبات مشتريات - تحسينات مأجور - للمصنع من الشركة المتحدة ف#15247 4-4-2024','2024-12-10 12:17:46','2024-12-10 12:17:46',NULL),(442,2,13,1,'01/037','2024-01-31',116.200,1,0,'مشتريات على حساب السيد محمد نصير - اربد فاتورة المتحدة #14273 6-1-2024','2024-12-10 12:18:51','2024-12-10 12:18:51',NULL),(443,2,20,1,'08/057','2024-08-31',990.756,1,0,'اثبات فاتورة فحوصات مخبرية على مشروع الموقر المدن الصناعية فاتورة الكورنثي#4545 14-8-2024','2024-12-12 10:49:28','2024-12-12 10:49:28',NULL),(444,2,23,1,'11/011','2024-11-30',343.476,1,0,'اثبات فواتير كورنثي','2024-12-12 10:53:33','2024-12-12 10:54:59',NULL),(445,2,19,1,'07/048','2024-07-31',74.200,1,0,'اثبات فواتير الجبالي 7-2024','2024-12-12 14:44:01','2024-12-12 14:44:01',NULL),(446,2,24,1,'12/001','2024-12-10',6452.398,1,0,'اثبات قيمة الخصم على مشروع وربة 10-12-2024','2024-12-15 07:55:20','2024-12-15 11:53:56',NULL),(447,2,18,1,'06/044','2024-06-30',87323.657,1,0,'قيمة مجموع الاعمال الاضافية لمشروع وربة حتى تاريخ 29-6-2024','2024-12-15 11:49:45','2024-12-15 11:51:32',NULL),(448,2,24,1,'12/002','2024-12-15',27788.561,1,0,'اثبات الاعمال الميكانيكية -المقاول خليل لمشروع جويحان حتى تاريخ 14-12-2024','2024-12-15 11:52:30','2025-04-13 16:08:27',NULL),(449,2,21,1,'09/040','2024-09-30',2423.600,1,0,'صرفيات ومدفوعات على مشروع البوتاس J1J7 صندوق رجائي حتى 30-9-2024','2024-12-19 11:25:24','2025-04-29 13:34:36',NULL),(450,2,22,1,'10/045','2024-10-31',6582.050,1,0,'صرفيات ومدفوعات على مشروع البوتاس J1J7 صندوق رجائي حتى 31-10-2024','2024-12-19 14:21:08','2025-07-31 14:48:58',NULL),(451,2,23,1,'11/012','2024-11-30',3852.815,1,0,'اثبات اجور عمال مياومه - المصنع لشهر 11-2024','2024-12-21 09:54:00','2025-04-13 16:05:58',NULL),(452,2,23,1,'11/013','2024-11-30',20000.000,1,0,'اثبات شيك تأمين #5081 حق 24-11-2024 تأمين دفعة مقدمة من اتفاقية انشائ هنجر الشركة الاردنية لصناعة الكرتون','2024-12-22 11:41:34','2024-12-22 11:41:34',NULL),(453,2,23,1,'11/014','2024-11-30',18213.000,1,0,NULL,'2024-12-22 14:50:08','2024-12-22 14:50:08',NULL),(454,2,23,1,'11/015','2024-11-30',12670.000,1,0,'اثبات اعمال المقاول ايهاب تركيبات على عدة مشاريع حتى تاريخه','2024-12-23 06:53:07','2025-02-25 13:31:33',NULL),(455,2,23,1,'11/016','2024-11-30',680.000,1,0,'اثبات مصارف الونشات والنقل  لشهر 11-2024','2024-12-23 07:03:55','2025-04-13 16:07:33',NULL),(456,2,23,1,'11/017','2024-11-30',1700.000,1,0,'اثبات مصارف الونشات والنقل -ونشات ابو ركبه - قاسم لشهر 11-2024','2024-12-23 07:35:32','2024-12-23 07:35:32',NULL),(457,2,23,1,'11/018','2024-11-30',2450.000,1,0,'اثبات مصارف الونشات والنقل -نقليات ابو ركبه - خلدون لشهر 11-2024','2024-12-23 14:30:58','2024-12-23 14:30:59',NULL),(458,2,24,1,'12/003','2024-12-25',5342.250,1,0,'اثبات كشف الشربيني على  مشروع الموقر كشف رقم 32/33/34','2024-12-25 10:38:46','2024-12-25 10:38:46',NULL),(459,2,23,1,'11/019','2024-11-30',10172.000,1,0,NULL,'2024-12-25 13:42:48','2025-04-11 17:39:39',NULL),(460,2,23,1,'11/020','2024-11-30',10659.300,1,0,NULL,'2024-12-26 13:46:11','2024-12-26 14:41:48',NULL),(461,2,23,1,'11/021','2024-11-30',432.000,1,0,NULL,'2024-12-26 14:30:18','2024-12-26 14:46:31',NULL),(462,2,23,1,'11/022','2024-11-30',17500.000,1,0,'دفعة حساب بضاعة المواسير لمشروع المتحف - العقبة تم ايداعها في الاهلي 19-11-2024','2024-12-26 16:30:20','2024-12-26 16:30:20',NULL),(463,2,23,1,'11/023','2024-11-30',11980.000,1,0,NULL,'2024-12-28 09:32:36','2025-01-12 16:04:57',NULL),(464,2,23,1,'11/024','2024-11-30',9959.950,1,0,'صرفيات ومدفوعات على مشروع البوتاس J1J7 صندوق رجائي حتى 30-11-2024','2024-12-29 15:02:16','2024-12-29 15:07:44',NULL),(465,2,23,1,'11/025','2024-11-30',80.000,1,0,'اجور نقل بضاعة يبرود فاتورة #25349 20-11-2024','2024-12-30 07:42:07','2024-12-30 07:42:08',NULL),(466,2,15,1,'03/041','2024-03-31',200.000,1,0,'ثمن كيبل 2*2.5 ملم فاتورة بطيبط# 5931 20-3-2024','2024-12-30 09:08:48','2024-12-30 09:08:49',NULL),(467,2,17,1,'05/044','2024-05-31',2453.660,1,0,'ثمن مواد فاتورة بطيبط #8525 1-5-2024','2024-12-30 09:26:25','2024-12-30 09:26:25',NULL),(468,2,21,1,'09/041','2024-09-30',3860.836,1,0,'اثبات فواتير بطيبط شهر 9-2024','2024-12-30 09:29:42','2024-12-30 09:30:26',NULL),(469,2,22,1,'10/046','2024-10-31',516.850,1,0,'ثمن مواد على مشروع مشاغل فيصل فاتورة بطيبط #22857 22-10-2024','2024-12-30 09:31:45','2024-12-30 09:31:45',NULL),(470,2,23,1,'11/026','2024-11-30',1787.327,1,0,'اثبات حركات فواتير ومردودات وخصم مكتسب للمورد بطيبط','2024-12-30 09:38:07','2024-12-30 09:48:10',NULL),(471,2,23,1,'11/027','2024-11-30',25218.215,1,0,'اثبات مصروف رواتب لشهر 11-2024','2024-12-30 14:01:43','2025-07-31 12:25:47',NULL),(472,2,23,1,'11/028','2024-11-30',11300.000,1,0,NULL,'2024-12-30 14:57:29','2024-12-30 15:01:18',NULL),(473,2,23,1,'11/029','2024-11-30',4605.237,1,0,NULL,'2024-12-30 15:40:51','2025-03-03 10:28:11',NULL),(474,2,23,1,'11/030','2024-11-30',65000.000,1,0,NULL,'2024-12-30 16:40:12','2024-12-30 16:44:51',NULL),(475,2,23,1,'11/031','2024-11-30',4080.000,1,0,NULL,'2024-12-30 16:55:36','2025-08-27 07:05:07',NULL),(476,2,23,1,'11/032','2024-11-30',827.350,1,0,'صرفيات ومفدوعات من صندوق محمود حامد حتى 30-11-2024','2025-01-01 11:43:54','2025-01-27 11:11:57',NULL),(477,2,23,1,'11/033','2024-11-30',540.000,1,0,'مياومات عمال شهر  11-2024','2025-01-01 11:53:24','2025-09-09 12:17:59',NULL),(478,3,25,1,'01/001','2025-01-02',81000.000,1,0,'اثبات حركات سحب نقدي - محمود حامد 2-1-2024','2025-01-02 12:22:26','2025-09-24 06:44:46',NULL),(479,2,23,1,'11/034','2024-11-30',2588.000,1,0,'دفعة عامر العبويني من حساب المشتريات المدفوعة عنه شيك #1649 17-11-2024','2025-01-02 12:38:16','2025-01-02 12:38:16',NULL),(480,2,24,1,'12/004','2024-12-31',8106.000,1,0,'اثبات دفعات عامر العبويني من حساب المشتريات المدفوعة عنه 12-2024','2025-01-02 12:41:39','2025-01-02 12:41:39',NULL),(481,2,24,1,'12/005','2024-12-31',730.000,1,0,'اجور مقل بضاعة المتحف -العقبة حتى 31-12-2024','2025-01-04 12:32:48','2025-01-05 08:47:31',NULL),(482,2,24,1,'12/006','2024-12-31',1168.000,1,0,'ثمن جسور 3.8*5 U 6متر (14*23) فاتورة يبرود #26833 30-12-2024 + ثمن جسور حديدية 150*150 H 12متر  ( 1.41*600) فاتورة يبرود #26833 30-12-2024','2025-01-05 08:53:22','2025-01-05 08:53:22',NULL),(483,1,12,1,'12/001','2023-12-30',12570.000,0,0,'اثبات شيك راجع #4837 حق 30-12-2023 صفوة - العالمية للدهانات','2025-01-05 09:22:46','2025-04-17 11:30:21','2025-04-17 11:30:21'),(484,2,13,1,'01/038','2024-01-31',50.000,1,0,'سلفة عمل - من صندوق محمود حامد -حوالة كليك','2025-01-05 09:36:49','2025-04-17 14:22:08',NULL),(485,2,24,1,'12/007','2024-12-31',455.958,1,0,'اثبات فواتير  ابو صالحة 12-2024','2025-01-05 10:41:01','2025-01-05 11:29:17',NULL),(486,2,24,1,'12/008','2024-12-31',7506.065,1,0,'اثبات فواتيرالجبالي 12-2024','2025-01-05 11:07:08','2025-01-05 11:07:08',NULL),(487,2,24,1,'12/009','2024-12-31',1209.832,1,0,'اثبات فواتير بطيبط 12-2024','2025-01-05 12:08:34','2025-01-05 12:25:45',NULL),(488,2,24,1,'12/010','2024-12-31',1091.500,1,0,'اثبات فواتير محلات البنا ابو ناهض + المقر 12-2024','2025-01-05 13:54:11','2025-01-05 13:54:11',NULL),(489,2,24,1,'12/011','2024-12-31',666.500,1,0,'ثمن مشتريات اسلاك ومسامير للمصنع الجديد فاتورة الزينة #11222 15-12-2024','2025-01-05 15:48:04','2025-01-05 15:48:04',NULL),(490,2,24,1,'12/012','2024-12-31',964.250,1,0,'فحوصات مخبرية على مشروع جويحان كشف مختبرات الجنوب الهندسية حتى 30-11-2024','2025-01-05 15:55:47','2025-01-05 15:55:47',NULL),(491,2,24,1,'12/013','2024-12-31',1555.530,1,0,'اثبات فواتير سكاب حتى 31-12-2024','2025-01-05 16:23:30','2025-01-27 08:59:02',NULL),(492,2,24,1,'12/014','2024-12-31',4262.000,1,0,'مشتريات لوازم لحام واكسجين للمصنع فاتورة حبش #277/278/279/280/284  31-12-2024','2025-01-05 16:31:54','2025-01-07 09:15:37',NULL),(493,2,24,1,'12/015','2024-12-31',27.313,1,0,'عمولات فائدة على البنك الاهلي -شركات  حتى 31-12-2024','2025-01-06 09:38:58','2025-01-06 09:38:58',NULL),(494,2,24,1,'12/016','2024-12-31',2044.610,1,0,'اثبات فواتير الجبالي وبطيبط حتى 12-2024','2025-01-08 08:38:09','2025-04-21 12:46:15',NULL),(495,2,24,1,'12/017','2024-12-31',2000.000,1,0,'خصم فرقية اسعار فاتورة #13962 11-7-2024 مع ابو الوليد -على حساب مشروع فيصل','2025-01-08 09:37:19','2025-01-08 09:37:20',NULL),(496,2,24,1,'12/018','2024-12-31',4212.000,1,0,'دفعة من حساب العبويني -مشتريات نقدا 23-12-2024','2025-01-08 15:53:40','2025-01-08 15:53:40',NULL),(497,2,24,1,'12/019','2024-12-31',1570.000,1,0,NULL,'2025-01-09 07:17:15','2025-09-23 10:17:15',NULL),(498,2,24,1,'12/020','2024-12-31',743509.000,1,0,'اثبات افتافية تصميم وانشاء هيكلين معدنيين للسادة شركة السند للتكنولوجيا-اربيل بقيمة 1,050,000 دولار امريكي 17-12-2024','2025-01-09 07:41:49','2025-08-06 07:14:02',NULL),(499,2,24,1,'12/021','2024-12-31',12209.450,1,0,NULL,'2025-01-09 08:36:05','2025-04-15 11:16:42',NULL),(500,2,24,1,'12/022','2024-12-31',905.000,1,0,'اثبات مصارف الونشات والنقل -نقليات ابو ركبه - خلدون +قاسم لشهر 12-2024','2025-01-09 10:02:41','2025-01-09 10:02:41',NULL),(501,2,24,1,'12/023','2024-12-31',2860.000,1,0,'اثبات مصارف الونشات والنقل  حتى 31-12-2024','2025-01-09 11:57:34','2025-01-09 13:07:08',NULL),(502,2,24,1,'12/024','2024-12-31',16450.000,1,0,'اعمال تركيب  - محمد ابو شوشة 10-12-2024','2025-01-09 12:33:56','2025-01-09 12:33:56',NULL),(503,2,24,1,'12/025','2024-12-31',34350.000,1,0,'اثبات اعمال تركيب حتى 31-12-2024','2025-01-09 13:10:14','2025-01-09 13:10:14',NULL),(504,2,24,1,'12/026','2024-12-31',22250.000,1,0,'اثبات اعمال تصنيع  - ابوفارس حتى 31-12-2024','2025-01-09 13:14:43','2025-01-09 13:14:43',NULL),(505,2,24,1,'12/027','2024-12-31',45000.000,1,0,'اثبات اتفاقية شركة معروف للصناعات الغذائية - العساف 10-12-2024','2025-01-09 13:35:38','2025-01-09 13:35:38',NULL),(506,2,23,1,'11/035','2024-11-30',76000.000,1,0,'اثبات اتفاقية انشاء هنجر  الشركة الاردنية لصناعة الكرتون 24-11-2024','2025-01-09 13:43:06','2025-01-09 13:43:06',NULL),(507,2,23,1,'11/036','2024-11-30',30000.000,1,0,'اثبات اتفاقية شركة سيجما للصناعة والتعدين - اعمال  ونشات ابوصوفة المعاصرون 27-11-2024','2025-01-09 14:09:48','2025-01-09 14:09:48',NULL),(508,2,24,1,'12/028','2024-12-31',8550.000,1,0,'تسديد دفعة من حساب العبويني مشتريات شيك#2805 حق 4-12-2024','2025-01-09 14:26:59','2025-01-09 14:27:35',NULL),(509,2,21,1,'09/042','2024-09-30',33000.000,1,0,'اثبات اتفقاية مصنع جدو سويلم 30-09-2024','2025-01-09 14:34:03','2025-02-13 09:18:29',NULL),(510,2,24,1,'12/029','2024-12-31',2196.250,1,0,'اثبات اجور عمال مياومه - المصنع حتى 12-12-2024','2025-01-09 15:23:04','2025-03-05 11:36:24',NULL),(511,2,24,1,'12/030','2024-12-31',3665.000,1,0,NULL,'2025-01-09 15:51:46','2025-01-09 15:51:46',NULL),(512,2,24,1,'12/031','2024-12-31',1034.000,1,0,NULL,'2025-01-09 16:13:22','2025-01-09 16:13:22',NULL),(513,2,24,1,'12/032','2024-12-31',62142.700,1,0,'اثبات اجور ومطالبات مقاوليين فرعيين 12-2024','2025-01-09 16:39:37','2025-01-09 16:58:43',NULL),(514,2,24,1,'12/033','2024-12-31',150.000,1,0,'اجور ا عمال مدنية  على مشروع الموقر كشف رقم 36 ما يخص سنة 2024 من 12/27 حتى 12/31 - 2024 شربيني','2025-01-12 12:00:17','2025-01-12 12:00:17',NULL),(515,2,24,1,'12/034','2024-12-31',1052.080,1,0,'اثبات فواتير مححدة القدس حتى 31-12-2024','2025-01-12 12:09:53','2025-01-13 11:47:32',NULL),(516,2,24,1,'12/035','2024-12-31',10511.833,1,0,'اثبات مشتريات حديد من ابو صوفة للمسنع الجديد 2024','2025-01-12 12:27:42','2025-04-09 12:28:12',NULL),(517,2,24,1,'12/036','2024-12-31',16500.000,1,0,NULL,'2025-01-12 12:33:57','2025-05-06 14:56:20',NULL),(518,2,24,1,'12/037','2024-12-31',23731.000,1,0,'مجموعة اعمال ديكورات - بلال فوزي 23-12-2024','2025-01-12 12:42:01','2025-04-11 12:20:46',NULL),(519,2,24,1,'11/037','2024-11-30',735.000,1,0,'اجور عمال مشروع صيانة العيدي من 23-11 حتى 28-11 2024','2025-01-12 13:11:04','2025-01-12 13:15:59',NULL),(520,2,21,1,'09/043','2024-09-30',1322.250,1,0,'اجور عمال مشروع صيانة العيدي من 21-09 حتى 25-09 2024','2025-01-12 13:14:23','2025-01-12 13:14:23',NULL),(521,2,22,1,'10/047','2024-10-31',1366.250,1,0,'اجور عمال مشروع صيانة العيدي من 12-10 حتى 17-10 2024','2025-01-12 13:15:13','2025-01-12 13:15:13',NULL),(522,2,24,1,'12/038','2024-12-31',2290.000,1,0,NULL,'2025-01-12 13:47:32','2025-01-12 13:51:35',NULL),(523,2,24,1,'12/039','2024-12-31',22500.000,1,0,NULL,'2025-01-12 15:08:09','2025-01-21 12:56:21',NULL),(524,2,24,1,'12/040','2024-12-31',211.000,1,0,'اثبات فواتير المتحدة','2025-01-13 12:04:29','2025-01-13 12:04:29',NULL),(525,2,20,1,'08/058','2024-08-31',1100.100,1,0,'اثبات مشتريات على مشروع الغباوي - على حساب يزن+همام /مشروع الغباوي فاتورة محمد ابو صوفة #1130007895 22-8-2024','2025-01-14 10:08:10','2025-01-14 10:08:11',NULL),(526,2,22,1,'10/048','2024-10-31',1700.700,1,0,NULL,'2025-01-14 14:37:18','2025-01-14 15:56:53',NULL),(527,2,24,1,'12/041','2024-12-31',6341.450,1,0,'مشتريات مواد حديد مشكل 6.725 + حديد 10 ملم 4.345 فاتورة ابو حامدة #779 15-12-2024','2025-01-15 07:12:44','2025-01-15 07:18:11',NULL),(528,2,23,1,'11/038','2024-11-30',467.977,1,0,'صيانة ماكينات المصنع فاتورة الاردنية للتصنيع الالي #4922 19-11-2024','2025-01-15 09:12:28','2025-01-15 09:14:20',NULL),(529,2,24,1,'12/042','2024-12-31',340.000,1,0,'مشتريات باطون لمشروع الغباوي على يزن وهمام  فاتورة لافارج #240503415/240502490/240503429/240502500 حنى 31-12-2024','2025-01-15 10:56:26','2025-01-15 10:56:26',NULL),(530,2,24,1,'12/043','2024-12-31',10793.000,1,0,'ثمن باطون للمصنع الجديد فواتير لافارج 240204889/4045/4920/4071/4966/4106/5028/4158 حتى 31-12-2024','2025-01-15 11:20:43','2025-01-15 11:20:43',NULL),(531,2,24,1,'12/044','2024-12-31',93.500,1,0,NULL,'2025-01-15 11:30:10','2025-01-15 11:30:10',NULL),(532,2,24,1,'12/045','2024-12-31',238.032,1,0,'فحوصات مخبرية على مشروع الموقر فاتورة كورنثي#4860 11-12-2024','2025-01-15 11:54:01','2025-01-15 11:54:01',NULL),(533,2,23,1,'11/039','2024-11-30',4106.675,1,0,'تسوية حسابات بين هلتي وسكاب','2025-01-15 13:01:54','2025-01-15 13:01:54',NULL),(534,2,24,1,'12/046','2024-12-31',759.800,1,0,'تسوية حساب عبدالعظيم مع حساب مقاولة تركيبات /ايهاب حامد حتى 31-12-202','2025-01-16 09:17:20','2025-04-11 18:44:39',NULL),(535,2,24,1,'12/047','2024-12-31',200.000,1,0,NULL,'2025-01-16 11:20:07','2025-02-13 11:44:16',NULL),(536,2,24,1,'12/048','2024-12-31',240.000,1,0,'اثبات اجور خلاط فواتير المورد لافارج + خصم مكتسب','2025-01-16 11:46:46','2025-01-16 11:56:56',NULL),(537,2,24,1,'12/049','2024-12-31',53276.400,1,0,'اثبات حركة بيع سيارة محمود حامد وحركات متعلقة بنفس اليوم','2025-01-16 12:25:46','2025-05-19 06:27:36',NULL),(538,2,23,1,'11/040','2024-11-30',11416.710,1,0,NULL,'2025-01-16 12:43:29','2025-01-16 12:43:29',NULL),(539,2,23,1,'11/041','2024-11-30',15692.930,1,0,NULL,'2025-01-16 13:29:28','2025-01-16 14:16:40',NULL),(540,2,24,1,'12/050','2024-12-31',918.685,1,0,'اثبات دفعات ضريبة الدخل','2025-01-16 14:39:57','2025-01-16 14:39:57',NULL),(541,2,24,1,'12/051','2024-12-31',307.467,1,0,NULL,'2025-01-16 14:44:59','2025-01-16 14:46:02',NULL),(542,2,24,1,'12/052','2024-12-31',155250.000,1,0,'اثبات شيكات راجعة البنك الاهلي لشهر 12-2024','2025-01-18 13:04:16','2025-01-18 13:27:28',NULL),(543,2,23,1,'11/042','2024-11-30',49250.000,1,0,'اثبات شيكات راجعة الاهلي لشهر 11-2024','2025-01-19 07:48:14','2025-01-19 07:48:14',NULL),(544,2,23,1,'11/043','2024-11-30',76.500,1,0,'اثبات مشتريات من سكاب للمصنع شهر 11-2024','2025-01-19 08:07:47','2025-01-23 09:12:03',NULL),(545,2,24,1,'12/053','2024-12-31',5363.000,1,0,'اثبات بيع خردة','2025-01-19 10:21:04','2025-01-20 12:35:25',NULL),(546,2,21,1,'09/044','2024-09-30',185.000,1,0,'اثبات خصم خاص من الشركة السويسرية','2025-01-20 08:35:54','2025-01-20 08:35:54',NULL),(547,2,24,1,'12/054','2024-12-31',228.000,1,0,NULL,'2025-01-20 11:04:09','2025-01-20 11:06:07',NULL),(548,2,24,1,'12/055','2024-12-31',10.750,1,0,'تسوية حساب صندوق مالك الغول مع حسابة الشخصي 31-12-2024','2025-01-21 10:04:35','2025-01-21 10:04:35',NULL),(549,2,23,1,'11/044','2024-11-30',55840.849,1,0,'قيد تسوية البنوك واخرى 11-2024','2025-01-21 12:12:46','2025-02-13 12:03:01',NULL),(550,2,24,1,'12/056','2024-12-31',13106.215,1,0,'قيد تسوية بنك صفوة شهر 12-2024','2025-01-21 12:44:32','2025-01-21 12:44:32',NULL),(551,2,23,1,'11/045','2024-11-30',2609.924,1,0,'اثبات المصاريف الشهرية من المدفوع مقدما لشهر 11-2024','2025-01-21 13:25:39','2025-01-21 13:25:39',NULL),(552,2,24,1,'12/057','2024-12-31',2696.918,1,0,'اثبات المصاريف الشهرية من المدفوع مقدما لشهر 12-2024','2025-01-21 13:29:05','2025-01-21 13:53:30',NULL),(553,2,21,1,'09/045','2024-09-30',21200.000,1,0,'اثبات عقد ايجار +مسقفات مكاتب السابع -شركة السدود العربية للاسكان من 01-09-2024 حتى 31-08-2025 + اثبات عقد ايجار ارض المصنع رقم 1 الموقر ( مطلق الجهني ) من 01-09-2024 حتى 31-08-2025','2025-01-21 13:42:00','2025-01-21 13:59:48',NULL),(554,2,16,1,'04/047','2024-04-30',346.000,1,0,'اثبات انتهاء عقد المحامي محمد السرهيد في 8-4-2024','2025-01-21 14:27:51','2025-01-21 14:27:51',NULL),(555,2,23,1,'11/046','2024-11-30',2296.886,1,0,'اثبات عقد تجديد البرنامج الهندسي مع شركة Trimble لسنة 2025','2025-01-21 15:08:33','2025-09-28 08:16:16',NULL),(556,2,23,1,'11/047','2024-11-30',320.733,1,0,'خصم خاص على الحساب حسب المرفق - شركة الزهيري','2025-01-23 09:39:25','2025-02-05 07:12:20',NULL),(557,2,23,1,'11/048','2024-11-30',30550.000,1,0,'اثبات اتفاقية صيانة ابواب / سلاح الجو الملكي حسب الكيلة النهائية 30-11-2024','2025-01-23 12:07:52','2025-01-23 12:10:09',NULL),(558,2,24,1,'12/058','2024-12-31',20000.000,1,0,'اثبات دفعات السيد عبدالكريم مصطفى عابدين من ثمن بيع ارض 328 الزميلات حتى 16-12-2024','2025-01-23 12:24:59','2025-02-13 09:01:17',NULL),(559,2,24,1,'12/059','2024-12-31',1435.000,1,0,'اثبات مشتريات من مصنع الجودة للطوب للمصنع الجديد','2025-01-23 13:06:21','2025-01-23 13:06:21',NULL),(560,2,24,1,'12/060','2024-12-31',25029.887,1,0,'اثبات مصروف رواتب  لشهر 12-2024','2025-02-04 10:05:40','2025-09-09 12:19:01',NULL),(561,2,19,1,'07/049','2024-07-31',1000.000,1,0,'اثبات دفعة من شركة الشوحة بتاريخ 28-7-2024','2025-02-04 12:15:36','2025-02-04 12:15:36',NULL),(562,2,19,1,'07/050','2024-07-31',4480.000,1,0,'قيمة اعمال عماد النجار - مراقب داخل مشروع ايواء الكرفانات حتى 31-07-2024','2025-02-05 07:22:44','2025-02-19 15:01:48',NULL),(563,2,24,1,'12/061','2024-12-31',212.280,1,0,'اثبات فواتير المركز الدولي للدراسات الهندسية','2025-02-05 11:08:12','2025-02-05 11:08:12',NULL),(564,2,21,1,'09/046','2024-09-30',1626.000,1,0,'اثبات تسديد اقساط سيارات وشقة لشهر 9-2024','2025-02-05 13:55:29','2025-02-05 13:56:09',NULL),(565,2,22,1,'10/049','2024-10-31',1626.000,1,0,'اثبات تسديد اقساط سيارات وشقة لشهر 10-2024','2025-02-05 13:57:24','2025-02-05 13:57:24',NULL),(566,2,23,1,'11/049','2024-11-30',1626.000,1,0,'اثبات تسديد اقساط سيارات وشقة لشهر 11-2024','2025-02-05 13:58:19','2025-02-05 13:58:19',NULL),(567,2,24,1,'12/062','2024-12-31',1626.000,1,0,'اثبات تسديد اقساط سيارات وشقة لشهر 12-2024','2025-02-05 13:59:16','2025-02-05 13:59:16',NULL),(568,2,21,1,'09/047','2024-09-30',207320.000,1,0,'اثبات اتفاقية اعمال شركة باب العامود مشروع مستشفى البشير 7-9-2024','2025-02-05 15:20:24','2025-02-05 15:20:24',NULL),(569,3,25,1,'01/002','2025-01-31',70900.000,1,0,'حركات مالية / صندوق محمود حامد 23-01-2025','2025-02-06 08:54:32','2025-02-06 12:48:20',NULL),(570,3,25,1,'01/003','2025-01-31',3620.237,1,0,'اثبات فواتير  مواد للمشاريع والمصنع شهر 1-2025','2025-02-06 14:11:42','2025-02-06 14:11:43',NULL),(571,3,25,1,'01/004','2025-01-31',5000.000,1,0,'اثبات عقد ايجار ارض المصنع -الفيصلية رقم القطعة 1035 حوض رقم 2 التربة-قرية النقيرة /الموقر 2000م2 من 1-1-2025 حتى 31-12-2025','2025-02-09 09:13:44','2025-02-09 09:13:44',NULL),(572,3,25,1,'01/005','2025-01-31',6000.000,1,0,'حركات بنكية على حساب ابراهيم حامد واخرى','2025-02-09 09:28:20','2025-11-06 05:52:20',NULL),(573,2,24,1,'12/063','2024-12-31',8000.000,1,0,'اثبات اعمال مدنية م.همام على مشروع الغباوي 31-12-2024','2025-02-09 12:51:48','2025-02-09 12:51:48',NULL),(574,3,25,1,'01/006','2025-01-31',900.000,1,0,'صرفيات سحبت من الاهلي 1-1-2025','2025-02-10 12:06:25','2025-02-10 12:06:25',NULL),(575,3,25,1,'01/007','2025-01-31',129000.000,1,0,'حركات بنكية على صندوق محمود حامد 1-2025','2025-02-10 14:23:28','2025-02-10 14:23:28',NULL),(576,3,25,1,'01/008','2025-01-31',26800.000,1,0,'اثبات صرف مستحقات 12-2024 من سحوبات محمود حامد 23-01-2025','2025-02-10 16:19:07','2025-08-27 06:45:17',NULL),(577,3,26,1,'02/001','2025-02-10',6700.000,1,0,NULL,'2025-02-10 17:17:25','2025-08-05 09:01:30',NULL),(578,2,17,1,'05/045','2024-05-31',44000.000,1,0,'اثبات عقد مشروع الشركة المتحدة -الضليل 1-05-2024','2025-02-11 09:11:23','2025-02-11 09:11:23',NULL),(579,2,23,1,'11/050','2024-11-01',186000.000,1,0,'اثبات عقد ابو فيصل-انس  القروم - المطار 01-11-2024','2025-02-11 09:48:13','2025-02-11 09:48:13',NULL),(580,2,21,1,'09/048','2024-09-30',540080.000,1,0,'اثبات عقد مشروع المستشفى السعودي 1-09-2024','2025-02-11 10:00:25','2025-02-11 10:00:26',NULL),(581,2,24,1,'12/064','2024-12-31',23400.000,1,0,'اثبات عقد مشروع اجور مصناعه شركة الزينة 31-12-2024','2025-02-11 10:05:48','2025-02-11 10:05:48',NULL),(582,2,24,1,'12/065','2024-12-31',59557.750,1,0,'تسوية حسابات 31-12-2024','2025-02-11 11:03:52','2025-02-24 08:26:51',NULL),(583,3,26,1,'02/002','2025-02-11',13000.000,1,0,'حركات بنكية وصرفيات محمود حامد 06-02-2025','2025-02-11 11:27:07','2025-07-02 11:29:24',NULL),(584,3,26,1,'02/003','2025-02-11',1153.000,1,0,'تأمين اخطار مقاولين شامل على مشروع البوتاس J1J7 من 05-02  حتى 04-08 / 2025 شركة الاولى للتأمين -سوليدرتي 05-02-2025','2025-02-11 11:48:29','2025-02-11 11:48:29',NULL),(585,3,25,1,'01/009','2025-01-31',4000.000,1,0,'حركات بنكية + صرفيات محمود حامد 01-2025','2025-02-11 12:45:36','2025-02-11 12:45:36',NULL),(586,3,25,1,'01/010','2025-01-31',7700.000,1,0,'حركات بنكية محمود حامد 1-2025','2025-02-11 13:42:19','2025-02-11 14:21:06',NULL),(587,3,26,1,'02/004','2025-02-11',4700.000,1,0,'حركات بنكية وصرفيات من صندوق محمود حامد حتى 11-02-2025','2025-02-11 15:00:53','2025-02-11 15:00:53',NULL),(588,3,26,1,'02/005','2025-02-11',18500.000,1,0,'حركات بنكية مع صندوق محمود حامد حتى 11-02-2025','2025-02-11 15:24:49','2025-02-11 15:24:49',NULL),(589,2,24,1,'12/066','2024-12-31',44000.000,1,0,NULL,'2025-02-13 08:00:57','2025-02-13 08:00:57',NULL),(590,2,24,1,'12/067','2024-12-31',1951.937,1,0,'حركات تسوية بنكية 12-2024','2025-02-13 11:55:12','2025-02-13 12:13:43',NULL),(591,2,24,1,'12/068','2024-12-31',7200.000,1,0,'فحوصات مخبرية على عدة مشاريع   - رائد القريوتي 2024','2025-02-15 09:04:31','2025-02-15 09:04:31',NULL),(592,2,24,1,'12/069','2024-12-31',1420.000,1,0,'اثبات مصارف الونشات والنقل  لشهر 12-2024','2025-02-15 09:42:30','2025-02-15 09:42:30',NULL),(593,2,24,1,'12/070','2024-12-31',2275.000,1,0,'اثبات مصارف الونشات والنقل قاسم ابو ركبة  لشهر 12-2024','2025-02-15 10:00:54','2025-02-15 10:00:54',NULL),(594,2,24,1,'12/071','2024-12-31',3040.000,1,0,'اثبات مصارف الونشات والنقل -مكتب السمهوري  لشهر12-2024','2025-02-15 19:51:24','2025-02-15 19:51:24',NULL),(595,2,24,1,'12/072','2024-12-31',17000.000,1,0,NULL,'2025-02-15 19:55:57','2025-02-15 19:55:57',NULL),(596,3,25,1,'01/011','2025-01-31',5000.000,1,0,'تحويل شيك#5401 حق 12-2-2025 الى سلفة مصنع /ايهاب حامد','2025-02-18 14:40:11','2025-02-18 14:40:11',NULL),(597,2,19,1,'07/051','2024-07-31',13327.059,1,0,'تسوية حسابات شركة الوان - بشار النجار حتى 31-07-2024','2025-02-19 15:04:49','2025-02-19 15:23:05',NULL),(598,2,24,1,'12/073','2024-12-31',18012.856,1,0,'مشتريات بضاعة لمشروع متحف العقبة عن طريق السادة شركة محمد العيدي 20-11-2024','2025-02-20 08:35:58','2025-02-20 08:35:58',NULL),(599,2,24,1,'12/074','2024-12-31',931089.710,1,0,'اثبات اعتمادات 2024','2025-02-20 08:52:32','2025-07-06 09:04:20',NULL),(600,3,25,1,'01/012','2025-01-31',12500.000,1,0,'اثبات اتفاقية شركة البوتاس العربية  -مصنع الايوبي/ ازالة ونقل سدة 26-01-2025','2025-02-22 08:42:04','2025-02-24 16:49:55',NULL),(601,2,19,1,'07/052','2024-07-31',8600.000,1,0,NULL,'2025-02-24 08:04:57','2025-04-11 16:58:53',NULL),(602,2,18,1,'06/045','2024-06-30',545.000,1,0,'اجور اعمال قصارة في مشروع وربه -حسين توفيق 30-06-2024','2025-02-24 08:08:39','2025-02-24 08:08:39',NULL),(603,2,19,1,'07/053','2024-07-31',200.000,1,0,'اثبات حركات للمقاول يوسف بسيط اعمال اضافية','2025-02-24 08:14:19','2025-02-24 08:14:19',NULL),(604,2,15,1,'03/042','2024-03-31',1100.000,1,0,'اجور اعمال فورسيلينج -بريفاب القطرانه صلاح دخلالله  31-03-2024','2025-02-24 08:19:21','2025-08-06 08:00:20',NULL),(605,2,22,1,'10/050','2024-10-31',700.000,1,0,'اعمال حفر اضافية  - يوسف عقل في مشروع القدس 13-2-2024','2025-02-24 08:22:05','2025-02-24 08:22:05',NULL),(606,2,22,1,'10/051','2024-10-31',20500.000,1,0,'اجور اعمال نظام الحريق في مشروع جويحان +شراء كيبل بوتاس J1J7','2025-02-24 08:33:55','2025-02-24 08:33:55',NULL),(607,2,22,1,'10/052','2024-10-31',12000.000,1,0,'اجور اعمال اضافية على اتفاقية  ابواب وشبابيك PVC لمشروع فيصل 31-110-2024','2025-02-24 08:38:24','2025-02-24 08:38:24',NULL),(608,2,23,1,'11/051','2024-11-30',1484.000,1,0,'مشتريات خشب - العوضي #2250 20-11-2024','2025-02-24 09:01:38','2025-02-24 09:01:38',NULL),(609,3,25,1,'01/013','2025-01-31',380.000,1,0,'اثبات اجور نقل بضاعة  لشهر 1-2025','2025-02-24 13:15:48','2025-10-14 09:55:33',NULL),(610,3,25,1,'01/014','2025-01-31',2793.343,1,0,'اثبات مشتريات شهر 1-2025','2025-02-24 14:00:27','2025-02-24 14:00:27',NULL),(611,3,25,1,'01/015','2025-01-31',3683.399,1,0,'اثبات مشتريات شهر 1-2025','2025-02-24 14:46:00','2025-08-30 12:55:45',NULL),(612,3,26,1,'02/006','2025-02-24',1282.509,1,0,'اثبات مشتريات شهر 2-2025','2025-02-24 16:03:23','2025-04-20 08:13:00',NULL),(613,3,26,1,'02/007','2025-02-24',7339.620,1,0,'اثبات مشتريات شهر 2-2025','2025-02-24 16:38:56','2025-02-24 16:38:56',NULL),(614,3,26,1,'02/008','2025-02-26',66648.380,1,0,'ثمن بضاعة حديد من شركة خلوصي سددت من المقاول/الراسخون العرب  لمشروع شركة البوتاس/العقبة - GB وذلك حسب تفاصيل كميات طلب الشراء المرفق 26-2-2025','2025-02-26 11:58:02','2025-10-01 06:39:32',NULL),(615,3,26,1,'02/009','2025-02-27',2000.000,1,0,'اثبات عقد استئجار ارض لغايات مشروع متحف العقبة - الموقر الزميلات (2.4دونم ) قطعة #567 4-2-2025','2025-02-27 12:27:41','2025-02-27 12:28:12',NULL),(616,3,25,1,'01/016','2025-01-31',17671.500,1,0,'حركات تسوية حسابات شهر 1-2025','2025-02-27 14:41:03','2025-02-27 14:41:03',NULL),(617,3,26,1,'02/010','2025-02-28',18220.000,1,0,'حركات بنوك شهر 2-2025','2025-03-02 07:49:56','2025-03-02 07:49:56',NULL),(618,2,24,1,'12/075','2024-12-31',178.759,1,0,NULL,'2025-03-03 09:37:34','2025-03-03 10:28:07',NULL),(619,3,25,1,'01/017','2025-01-31',69.600,1,0,'اثبات انترنت المصنع + المشاريع عن شهر 1-2025','2025-03-03 09:54:04','2025-07-14 07:57:54',NULL),(620,3,25,1,'01/018','2025-01-31',480.000,1,0,'اثبات مصارف الونشات والنقل -نقليات ابوروبين لشهر 1-2025','2025-03-04 08:24:26','2025-03-04 08:31:31',NULL),(621,3,26,1,'02/011','2025-02-28',1000.000,1,0,'اثبات مصارف الونشات والنقل -نقليات ابوروبين لشهر 2-2025','2025-03-04 08:35:03','2025-03-04 08:35:03',NULL),(622,3,25,1,'01/019','2025-01-31',230.000,1,0,'اثبات مصارف الونشات والنقل -ونشات التميمي  لشهر 1-2025','2025-03-04 08:57:09','2025-03-04 08:57:09',NULL),(623,3,26,1,'02/012','2025-02-28',700.000,1,0,'اثبات مصارف الونشات والنقل -ونشات التميمي  لشهر 2-2025','2025-03-04 09:07:18','2025-03-04 09:07:18',NULL),(624,3,25,1,'01/020','2025-01-31',1920.000,1,0,'اثبات مصارف الونشات والنقل -ونشات ابوركبة - قاسم  لشهر 1-2025','2025-03-04 09:30:37','2025-03-04 09:30:37',NULL),(625,3,25,1,'01/021','2025-01-31',2930.000,1,0,'اثبات مصارف الونشات والنقل -الخيمة للنقل والونشات لشهر 1-2025','2025-03-04 09:50:49','2025-03-04 09:50:49',NULL),(626,3,26,1,'02/013','2025-02-28',1290.000,1,0,'اثبات مصارف الونشات والنقل -الخيمة للنقل والونشات  لشهر 2-2025','2025-03-04 10:39:34','2025-03-04 10:39:34',NULL),(627,3,25,1,'01/022','2025-01-31',4580.000,1,0,'اثبات مصارف الونشات والنقل - مكتب السمهوري  لشهر 1-2025','2025-03-04 10:51:33','2025-03-04 10:51:33',NULL),(628,3,25,1,'01/023','2025-01-31',18100.000,1,0,'اثبات اعمال تركيب ودهان في عدة مشاريع - حساب المقاول ايهاب تركيبات 1-2025','2025-03-04 11:16:32','2025-03-04 11:16:32',NULL),(629,3,25,1,'01/024','2025-01-31',326.076,1,0,'اثبات مصاريف فحوصات مخبرية على عدة مشاريع شهر 1-2025','2025-03-04 11:36:04','2025-06-26 03:55:11',NULL),(630,3,26,1,'02/014','2025-02-28',461.448,1,0,'اثبات مصاريف فحوصات مخبرية على عدة مشاريع شهر 2-2025','2025-03-04 12:02:36','2025-03-04 12:02:36',NULL),(631,3,27,1,'03/001','2025-03-04',206.712,1,0,'اثبات مصروف فحوصات مخبرية على عدة مشاريع لشهر 2-2025','2025-03-04 12:06:17','2025-03-12 13:01:26',NULL),(632,3,25,1,'01/025','2025-01-31',255.000,1,0,'اجور ا عمال مدنية  على مشروع الموقر كشف رقم 36 ما يخص سنة 2025 من 1+2 / 1 / 2025','2025-03-04 12:29:16','2025-03-04 12:29:16',NULL),(633,3,25,1,'01/026','2025-01-31',815.000,1,0,'اعمال مدنية - المقاول هشام ابو بلال في مشروع الموقر المدن الصناعية حتى تاريخ 14-1-2025','2025-03-04 12:37:26','2025-08-05 12:22:44',NULL),(634,3,26,1,'02/015','2025-02-28',14716.000,1,0,'اثبات اعمال منجزة على عدة مشاريع حتى 16-2-2025','2025-03-04 12:49:47','2025-04-07 11:36:35',NULL),(635,3,26,1,'02/016','2025-02-28',950.000,1,0,'تحصيل شيك#233823 نقدا على صندوق محمود حامد- تقييم اضرار / الشركة الاولى للتأمين','2025-03-05 09:05:23','2025-08-04 20:58:39',NULL),(636,3,25,1,'01/027','2025-01-31',105811.000,1,0,'حركات بنكية شهر 1-2025','2025-03-05 09:13:13','2025-07-02 08:05:50',NULL),(637,3,26,1,'02/017','2025-02-28',18000.000,1,0,'حركات بنكية ابراهيم حامد 2-2025','2025-03-05 09:40:40','2025-03-05 09:40:40',NULL),(638,2,14,1,'02/027','2024-02-29',394.063,1,0,NULL,'2025-03-05 10:55:35','2025-03-05 10:55:35',NULL),(639,2,15,1,'03/043','2024-03-31',638.125,1,0,NULL,'2025-03-05 10:57:59','2025-03-05 10:57:59',NULL),(640,2,16,1,'04/048','2024-04-30',632.500,1,0,NULL,'2025-03-05 11:00:45','2025-03-05 11:00:45',NULL),(641,2,17,1,'05/046','2024-05-31',691.250,1,0,NULL,'2025-03-05 11:01:46','2025-03-05 11:01:46',NULL),(642,2,18,1,'06/046','2024-06-30',617.500,1,0,NULL,'2025-03-05 11:04:30','2025-03-05 11:04:30',NULL),(643,2,19,1,'07/054','2024-07-31',859.375,1,0,NULL,'2025-03-05 11:11:41','2025-03-05 11:11:41',NULL),(644,2,20,1,'08/059','2024-08-31',664.063,1,0,NULL,'2025-03-05 11:14:32','2025-03-05 11:14:32',NULL),(645,2,21,1,'09/049','2024-09-30',801.182,1,0,NULL,'2025-03-05 11:16:12','2025-10-28 08:32:29',NULL),(646,2,22,1,'10/053','2024-10-31',1218.033,1,0,NULL,'2025-03-05 11:17:19','2025-10-28 08:33:32',NULL),(647,2,23,1,'11/052','2024-11-30',493.103,1,0,NULL,'2025-03-05 11:18:29','2025-10-28 08:34:40',NULL),(648,2,24,1,'12/076','2024-12-31',872.060,1,0,NULL,'2025-03-05 11:20:14','2025-10-28 08:37:39',NULL),(649,2,13,1,'01/039','2024-01-31',1217.296,1,0,'اثات م.مستحق  عن شهر 1-2024','2025-03-06 07:29:36','2025-03-06 07:29:36',NULL),(650,2,14,1,'02/028','2024-02-29',38840.896,1,0,'قيد يومية','2025-03-06 07:38:59','2025-03-06 07:38:59',NULL),(651,2,15,1,'03/044','2024-03-20',79000.000,1,0,'اثبات اعمال اضافية شركة ابو عودة اخوان 12-3-2024','2025-03-06 07:45:52','2025-03-06 07:45:52',NULL),(652,2,16,1,'04/049','2024-04-30',5000.000,1,0,'حركات تسوية شيكات','2025-03-06 07:50:21','2025-03-06 07:50:21',NULL),(653,2,17,1,'05/047','2024-05-31',3377.600,1,0,NULL,'2025-03-06 08:01:48','2025-03-06 08:01:48',NULL),(654,2,18,1,'06/047','2024-06-30',2790.000,1,0,NULL,'2025-03-06 08:06:17','2025-05-26 12:37:14',NULL),(655,2,19,1,'07/055','2024-07-31',910.200,0,0,NULL,'2025-03-06 08:08:21','2025-03-06 08:12:52','2025-03-06 08:12:52'),(656,2,20,1,'08/060','2024-08-31',48070.000,1,0,'اثبات اتفاقية مشروع ( صيانة / شركة العيدي )','2025-03-06 08:14:09','2025-03-06 08:14:09',NULL),(657,2,21,1,'09/050','2024-09-30',14848.459,1,0,'مشتريات حديد على مشروع البوتاس J1J7 على المقاول شركة العبويني فاتورة ابو صوفة 25-9-2024','2025-03-06 08:16:41','2025-03-06 08:16:41',NULL),(658,2,22,1,'10/054','2024-10-31',1705206.000,1,0,NULL,'2025-03-06 08:20:48','2025-08-07 08:19:23',NULL),(659,2,23,1,'11/053','2024-11-30',4900.000,1,0,NULL,'2025-03-06 08:23:22','2025-03-06 08:23:22',NULL),(660,3,26,1,'02/018','2025-02-28',75000.000,1,0,'حركات صندوق محمود حامد 12-2-2025','2025-03-11 11:46:53','2025-09-30 21:15:06',NULL),(661,3,26,1,'02/019','2025-02-28',134973.000,1,0,'حركات على صندوق محمود حامد 16-2-2025','2025-03-11 12:41:01','2025-10-19 10:13:05',NULL),(662,3,26,1,'02/020','2025-02-28',5500.000,1,0,'حركات على صندوق محمود حامد 17-2-2025','2025-03-11 12:46:06','2025-07-03 13:53:20',NULL),(663,3,26,1,'02/021','2025-02-28',4000.000,1,0,'حركات على صندوق محمود حامد 18-2-2025','2025-03-11 12:55:32','2025-07-16 17:51:01',NULL),(664,3,26,1,'02/022','2025-02-28',8000.000,1,0,'حركات على صندوق محمود حامد 27-2-2025','2025-03-11 12:58:41','2025-03-12 12:56:15',NULL),(665,3,27,1,'03/002','2025-03-11',50700.000,1,0,'حركات على صندوق محمود حامد 2-3-2025','2025-03-11 13:19:34','2025-03-12 13:01:46',NULL),(666,3,27,1,'03/003','2025-03-12',4000.000,1,0,'حركات صندوق محمود حامد 5-3-2025','2025-03-12 09:14:48','2025-03-12 13:04:04',NULL),(667,2,24,1,'12/077','2024-12-31',30000.000,1,0,'قيد تسويات تعديلية 2024','2025-03-16 11:17:12','2025-03-16 11:19:50',NULL),(668,2,24,1,'12/078','2024-12-31',8002.500,1,0,'قيد تسوية تعديلية 2024 - حساب صندوق مصعب جرادات','2025-03-16 11:38:00','2025-04-13 15:59:38',NULL),(669,2,24,1,'12/079','2024-12-31',621762.810,1,0,'قيد تسوية تعديلية 2024','2025-03-16 11:47:16','2025-10-29 07:11:38',NULL),(670,2,24,1,'12/080','2024-12-31',1382896.818,1,0,'قيد تسوية تعديلية 2024','2025-03-16 11:56:54','2025-03-16 11:56:54',NULL),(671,2,24,1,'12/081','2024-12-31',10000.000,1,0,'عكس (قيد الغاء شيك #703 30-04-2024 )','2025-03-16 14:15:44','2025-03-16 14:15:44',NULL),(672,2,24,1,'12/082','2024-12-31',1997.350,1,0,'قيد تسوية تعديلية 2024','2025-03-16 14:41:55','2025-05-15 10:52:54',NULL),(673,2,24,1,'12/083','2024-12-31',3851252.657,1,0,'اثبات ايرادات منجزة مشاريع الشركة حتى31-12-2024','2025-03-19 14:17:49','2025-10-01 06:00:16',NULL),(674,2,24,1,'12/084','2024-12-31',2628.750,1,0,'اثبات اجور عمال مياومه - المصنع لشهر 12-2024','2025-03-20 13:40:15','2025-09-09 12:19:29',NULL),(675,3,25,1,'01/028','2025-01-31',890.000,1,0,'اثبات مصارف الونشات والنقل  لشهر 1-2025','2025-04-03 06:43:53','2025-07-16 17:49:58',NULL),(676,3,26,1,'02/023','2025-02-28',2175.000,1,0,'اثبات مصارف الونشات والنقل - لشهر 1-2025','2025-04-03 07:49:58','2025-04-03 07:49:58',NULL),(677,3,26,1,'02/024','2025-02-28',1770.000,1,0,'اثبات مصارف الونشات والنقل - لشهر 1-2025','2025-04-03 08:30:30','2025-04-03 08:30:30',NULL),(678,3,27,1,'03/004','2025-03-31',1650.000,1,0,NULL,'2025-04-03 09:06:39','2025-04-20 07:47:49',NULL),(679,3,25,1,'01/029','2025-01-31',3360.626,1,0,'اثبات اجور عمال مياومه - لشهر 1-2025','2025-04-03 11:33:18','2025-09-09 12:28:29',NULL),(680,3,26,1,'02/025','2025-02-28',2730.938,1,0,'اثبات اجور عمال مياومه - لشهر 2-2025','2025-04-03 12:25:10','2025-06-23 07:08:55',NULL),(681,3,27,1,'03/005','2025-03-31',2790.000,1,0,'اثبات اجور عمال مياومه - لشهر 3-2025','2025-04-03 12:53:27','2025-04-28 13:30:05',NULL),(682,3,26,1,'02/026','2025-02-28',18833.000,1,0,'اثبات حركات 2-2025','2025-04-06 14:29:20','2025-10-14 14:18:49',NULL),(683,3,27,1,'03/006','2025-03-31',23789.542,1,0,'حركات مع شركة الراسخون العرب حتى تاريخه','2025-04-07 11:03:01','2025-06-10 07:21:58',NULL),(684,3,26,1,'02/027','2025-02-28',3700.000,1,0,'اثبات اتفاقية تصميم وادارة موقع الكتروني وتصميم صفحات انترنت شركة حلول الايميل ف#112 11-2-2025','2025-04-07 11:12:54','2025-06-11 13:34:23',NULL),(685,3,27,1,'03/007','2025-03-31',7119.000,1,0,'اثبات اعمال مقاولة على مشروع الموقر المدن الصناعية حتى تاريخه','2025-04-07 11:45:58','2025-04-07 11:45:58',NULL),(686,3,26,1,'02/028','2025-02-28',178.020,1,0,'تسديد فواتير مياه المنزل ( ابراهيم + محمود ) 28-2-2025','2025-04-07 14:10:41','2025-04-07 14:10:41',NULL),(687,3,26,1,'02/029','2025-02-28',3300.000,1,0,'حوالة صفوة #220630 23-2-2025 قرضة لحساب اذعار ثويني  + تسديد قرضة اذعار ثويني - شيك#2319 23-2-2025','2025-04-07 14:20:53','2025-04-07 14:20:53',NULL),(688,2,24,1,'12/085','2024-12-31',85000.000,1,0,'اثبات قرضة فايز + ايهاب + الراسخون','2025-04-08 09:29:24','2025-09-30 20:59:09',NULL),(689,2,24,1,'12/086','2024-12-31',56344.000,1,0,'صرفيات من صندوق فادي الشيخ حتى 22-12-2025','2025-04-08 09:39:00','2025-08-27 06:40:18',NULL),(690,2,24,1,'12/087','2024-12-31',39190.000,1,0,'صرفيات من صندوق فادي الشيخ حتى 26-12-2024','2025-04-08 09:57:55','2025-09-30 21:05:33',NULL),(691,2,24,1,'12/088','2024-12-31',8521.000,1,0,NULL,'2025-04-11 12:13:52','2025-04-11 12:16:24',NULL),(692,2,24,1,'12/089','2024-12-31',12123.250,1,0,NULL,'2025-04-11 17:34:26','2025-04-11 19:49:39',NULL),(693,2,22,1,'10/055','2024-10-31',1200.000,1,0,'ايجار مولد كهرباء على مشروع المدن الصناعية عماد حكمت 31-10-2024','2025-04-13 08:46:32','2025-04-13 08:46:32',NULL),(694,2,24,1,'12/090','2024-12-31',656118.932,1,0,NULL,'2025-04-13 11:03:58','2025-04-13 12:39:17',NULL),(695,2,24,1,'12/091','2024-12-31',94328.000,1,0,'اثبات ايردات مشاريع ابو عودة المتفرقة حتى 31-12-2024 اعتمادا على رصيد حسابهم لدينا حتى تاريخه','2025-04-13 12:45:37','2025-04-13 12:45:37',NULL),(696,2,16,1,'04/050','2024-04-30',363.292,1,0,NULL,'2025-04-13 13:26:47','2025-04-13 13:29:26',NULL),(697,2,24,1,'12/092','2024-12-31',975.000,1,0,NULL,'2025-04-13 22:22:30','2025-04-13 22:22:30',NULL),(698,2,24,1,'12/093','2024-12-31',20467.500,1,0,NULL,'2025-04-13 23:13:00','2025-04-13 23:13:00',NULL),(699,2,24,1,'12/094','2024-12-31',10925.000,1,0,NULL,'2025-04-13 23:56:56','2025-04-13 23:56:56',NULL),(700,2,24,1,'12/095','2024-12-31',13310.000,1,0,NULL,'2025-04-14 10:28:31','2025-10-01 06:07:56',NULL),(701,2,24,1,'12/096','2024-12-31',12650.000,1,0,NULL,'2025-04-14 11:53:43','2025-04-21 09:26:04',NULL),(702,2,24,1,'12/097','2024-12-31',23720.000,1,0,NULL,'2025-04-14 15:17:26','2025-04-14 16:07:03',NULL),(703,2,23,1,'11/054','2024-11-30',1800.000,1,0,'قيمة استئجار هنجر المتحدة على مشروعي المتحف 1200  + فراس المتحدة  600 شهر 10-2024','2025-04-14 16:02:56','2025-04-14 16:02:56',NULL),(704,2,24,1,'12/099','2024-12-31',9514.503,1,0,NULL,'2025-04-16 11:31:46','2025-07-29 15:25:47',NULL),(705,2,24,1,'12/098','2024-12-31',88534.459,1,0,'اثبات سحوبات الشركاء المباشرة والباقية من الصناديق حتى 31-12-2024','2025-04-17 09:18:02','2025-11-06 08:19:13',NULL),(706,1,12,1,'12/001','2023-12-31',11100.000,1,0,'قيد تعديل خطأ في سند صرف # 22 لسنة 2023','2025-04-17 10:51:16','2025-04-17 11:30:39',NULL),(707,2,21,1,'09/051','2024-09-30',713.744,1,0,'-اثبات مصروف كهرباء المصنع + السابع لشهر 9 / 2024','2025-04-21 09:13:51','2025-04-21 09:19:41',NULL),(708,2,24,1,'12/100','2024-12-31',2940.837,1,0,'اثبات مصاريف مستحقة الدفع لسنة 2024','2025-04-21 09:32:16','2025-07-21 10:55:06',NULL),(709,2,24,1,'12/101','2024-12-31',4556.855,1,0,NULL,'2025-04-21 10:03:48','2025-04-21 12:51:14',NULL),(710,2,24,1,'12/102','2024-12-31',249.995,1,0,NULL,'2025-04-21 11:18:53','2025-04-21 12:30:58',NULL),(711,2,24,1,'12/103','2024-12-31',534.000,1,0,'تفاقية تنفيذ اعمال عزل - شركة القطب الهندسي للمقاولات على مشروع الوطنية -الطفيلة مأدبا جرش 12-11-2024','2025-04-22 12:40:07','2025-04-22 12:55:13',NULL),(712,2,24,1,'12/104','2024-12-31',550.000,1,0,NULL,'2025-04-22 12:45:07','2025-04-22 12:45:08',NULL),(713,2,24,1,'12/105','2024-12-31',650.000,1,0,'اجرة اعمال مساحية على مشروع البشير - سيرف ماتكس /ابو ادعيق 22-12-2024','2025-04-28 07:17:58','2025-04-28 07:36:40',NULL),(714,2,24,1,'12/106','2024-12-31',4400.000,1,0,'اثبات راتب الشركاء عن شهر 12-2024','2025-04-28 07:21:11','2025-04-28 07:21:11',NULL),(715,3,25,1,'01/030','2025-01-31',1015.702,1,0,'اثبات مصاريف مستحقة الدفع عن شهر 1-2025','2025-04-28 08:10:45','2025-11-06 05:01:59',NULL),(716,3,26,1,'02/030','2025-02-28',1102.923,1,0,'اثبات مصاريف مستحقة الدفع عن شهر 2-2025','2025-04-28 08:13:36','2025-07-14 08:25:45',NULL),(717,3,27,1,'03/008','2025-03-31',1043.909,1,0,'اثبات مصاريف مستحقة الدفع عن شهر 3-2025','2025-04-28 08:18:11','2025-07-14 08:26:15',NULL),(718,3,28,1,'04/001','2025-04-28',1024.152,1,0,'اثبات مصاريف مستحقة الدفع عن شهر 4-2025','2025-04-28 08:20:36','2025-07-14 08:25:17',NULL),(719,3,25,1,'01/031','2025-01-31',17900.000,1,0,'اثبات كلف ومصاري و اجور 1-2025','2025-04-28 09:34:22','2025-04-28 09:36:00',NULL),(720,3,25,1,'01/032','2025-01-31',2125.000,1,0,'اثبات مصاريف وكلف شهر 1-2025','2025-04-28 10:56:52','2025-06-11 10:51:13',NULL),(721,3,26,1,'02/031','2025-02-28',9490.000,1,0,'اثبات كلف وصرفيات شهر 2-2025','2025-04-28 11:23:41','2025-04-28 11:23:42',NULL),(722,3,28,1,'02/032','2025-02-28',2600.000,1,0,'اثبات كلف وصرفيات شهر 2-2025','2025-04-28 11:27:25','2025-04-28 11:29:51',NULL),(723,3,27,1,'03/009','2025-03-31',7915.000,1,0,'اثبات اجور نقل وونشات شهر 3-2025','2025-04-28 12:17:53','2025-04-28 12:22:29',NULL),(724,3,27,1,'03/010','2025-03-31',6830.460,1,0,'اثبات كلف وصرفيات على شهر 3-2025','2025-04-28 12:44:26','2025-07-13 12:53:24',NULL),(725,3,27,1,'03/011','2025-03-31',6620.000,1,0,'اثبات ايرادات ابو عودة 24-3-2025','2025-04-28 12:51:55','2025-04-28 12:51:55',NULL),(726,3,28,1,'04/002','2025-04-28',34296.907,1,0,'اثبات كلف ومصاريف شهر 4-2025','2025-04-28 13:06:24','2025-10-20 16:11:06',NULL),(727,3,26,1,'02/033','2025-02-28',400.000,1,0,'سحب بنك اهلي شخصي-الشريك ابراهيم حامد 20-2-2025','2025-04-28 14:21:35','2025-04-28 14:21:35',NULL),(728,3,27,1,'03/012','2025-03-31',35700.000,1,0,'اثبات حركات بنكية 3-2025','2025-04-28 14:31:21','2025-07-09 14:34:52',NULL),(729,3,28,1,'04/003','2025-04-28',3400.000,1,0,'اثبات حركات بنكية 4-2025','2025-04-28 14:35:34','2025-04-28 14:35:34',NULL),(730,2,24,1,'12/107','2024-12-31',1187.141,1,0,NULL,'2025-05-05 17:13:21','2025-05-05 17:13:21',NULL),(731,3,27,1,'03/013','2025-03-31',45000.000,1,0,'اثبات اتفاقية مرزعة الغور - محمد العيدي 31-03-2025','2025-05-14 19:38:03','2025-08-30 12:39:50',NULL),(732,3,29,1,'01/033','2025-01-31',65419.970,1,0,'قيمة اعتماد الشركة العالمية للدهانات-بضاعة متحف العقبة 21-1-2025','2025-05-14 19:42:51','2025-05-14 19:45:53',NULL),(733,3,27,1,'03/014','2025-03-31',70099.960,1,0,'قيمة اعتماد الشركة العالمية للدهانات-بضاعة متحف العقبة 19-03-2025','2025-05-14 19:46:43','2025-05-14 19:46:43',NULL),(734,2,24,1,'12/108','2024-12-31',41900.356,1,0,'اثبات شراء سيارة / م.محمود حامد ( قيمة التمويل 29500 *4% مرابحة سنوية لمدة 4 سنوات ) 9-12-2024','2025-05-18 15:55:20','2025-05-18 16:39:12',NULL),(735,2,24,1,'12/109','2024-12-31',128.144,1,0,'تسديد مصاريف انترنت','2025-05-18 16:15:35','2025-05-18 16:15:35',NULL),(736,3,29,1,'05/001','2025-05-26',13697.800,1,0,'اثبات حركات على حساب ثويني اذعار','2025-05-26 12:58:25','2025-05-26 13:23:58',NULL),(737,3,26,1,'02/034','2025-02-28',1260.000,1,0,'اجور نقل واعمال ونشات / الخيمة للنقل والونشات حتى  28-2-2025','2025-06-09 11:51:17','2025-08-30 12:15:27',NULL),(738,3,27,1,'03/015','2025-03-31',15235.000,1,0,'اجور نقل واعمال ونشات في المشاريع  حتى 31-03-2025','2025-06-09 12:21:09','2025-10-12 11:49:04',NULL),(739,3,28,1,'04/004','2025-04-30',3330.000,1,0,'اجور نقل واعمال ونشات في المشاريع حتى  30-04-2025','2025-06-09 13:23:46','2025-08-30 12:09:47',NULL),(740,3,28,1,'04/005','2025-04-30',945.000,1,0,'اجور نقل واعمال ونشات في المشاريع حتى 30-04-2025','2025-06-10 03:55:23','2025-08-30 12:07:33',NULL),(741,3,28,1,'04/006','2025-04-30',810.000,1,0,'اجور نقل واعمال ونشات في المشاريع حتى  30-04-2025','2025-06-10 04:11:33','2025-08-30 12:04:43',NULL),(742,3,28,1,'04/007','2025-04-30',1445.000,1,0,'اجور نقل واعمال ونشات في المشاريع  حتى30-04-2025','2025-06-10 04:25:41','2025-08-30 12:00:32',NULL),(743,3,28,1,'05/002','2025-05-31',5430.000,1,0,'اجور نقل واعمال ونشات في المشاريع حتى 31-05-2025','2025-06-10 05:59:30','2025-08-30 11:54:35',NULL),(744,3,29,1,'05/003','2025-05-31',1780.000,1,0,'اجور نقل واعمال ونشات في المشاريع حتى 31-05-2025','2025-06-10 07:21:08','2025-10-12 11:51:04',NULL),(745,3,29,1,'05/004','2025-05-31',1550.000,1,0,'اجور نقل واعمال ونشات في المشاريع حتى 31-05-2025','2025-06-10 08:39:21','2025-08-30 11:51:01',NULL),(746,3,29,1,'05/005','2025-05-31',1380.000,1,0,'اجور نقل واعمال ونشات في المشاريع حتى  31-05-2025','2025-06-10 09:08:45','2025-08-30 11:44:57',NULL),(747,3,29,1,'05/006','2025-05-31',7140.000,1,0,'اجور نقل واعمال ونشات في المشاريع حتى 31-05-2024','2025-06-10 09:33:19','2025-08-30 11:34:07',NULL),(748,3,30,1,'06/001','2025-06-01',370.000,1,0,'اجور نقل واعمال ونشات في المشاريع  01-06-2024','2025-06-10 09:43:58','2025-08-30 11:29:01',NULL),(749,3,28,1,'04/008','2025-04-30',35500.000,1,0,'اثبات اعمال تركيبات / ايهاب حامد حتى 30-4-2025','2025-06-10 20:51:32','2025-08-30 11:21:56',NULL),(750,3,29,1,'05/007','2025-05-31',4350.000,1,0,'اثبات اعمال تركيبات / ايهاب حامد حتى 31-05-2025','2025-06-10 20:57:19','2025-08-30 11:13:23',NULL),(751,3,28,1,'04/009','2025-04-30',4062.600,1,0,'اثبات اجور اعمال قذف رملي مؤسسة محمد جاسم كنعان مطالبة # 4/5/6 حتى 30-04-2025','2025-06-11 11:02:27','2025-08-30 11:06:24',NULL),(752,3,29,1,'05/008','2025-05-31',18600.598,1,0,'اثبات اعمال مقاولين','2025-06-11 11:03:51','2025-08-30 11:03:41',NULL),(753,3,29,1,'05/009','2025-05-31',37190.000,1,0,'قيد تعديل قيمة اتفاقية الشركة العربية -مظلات منطقة الغباوي 15-05-2025','2025-06-11 11:08:59','2025-08-30 09:55:04',NULL),(754,3,28,1,'04/010','2025-04-30',28000.000,1,0,'اتفاقية حفر وطمم ارض المصنع الجديد / المقاول جميل النجار','2025-06-11 11:56:17','2025-08-30 10:42:08',NULL),(755,3,27,1,'03/016','2025-03-31',3200.000,1,0,NULL,'2025-06-11 12:32:58','2025-08-30 12:49:58',NULL),(756,3,29,1,'05/010','2025-05-31',589.000,1,0,'ثمن لابتوب HP - ابراهيم حامد / الرفعة لخدمات التكنولوجيا #9233 3-5-2025','2025-06-11 13:03:04','2025-08-30 12:43:47',NULL),(757,3,28,1,'04/011','2025-04-30',616800.000,1,0,'اثبات اتفاقية شركة الانشاءات المعيارية للصناعات الخرسانية / بلسم - الديوان 23-4-2025','2025-06-11 13:18:02','2025-06-11 13:18:02',NULL),(758,3,26,1,'02/035','2025-02-28',106140.000,1,0,'اثبات اتفاقية مشروع شركة الوليد للبلاستيك / عاهد جابر 16-2-2025 + اتفاقية مقاول فرعي يزن الخليلي','2025-06-11 14:13:45','2025-08-30 12:30:48',NULL),(759,3,28,1,'04/012','2025-04-30',4849.375,1,0,'اثبات اجور عمال مياومه - لشهر 4-2024','2025-06-11 21:57:30','2025-06-23 08:34:11',NULL),(760,3,29,1,'05/011','2025-05-31',3803.438,1,0,'اثبات اجور عمال مياومه - لشهر 5-2024','2025-06-14 11:38:32','2025-06-23 10:07:48',NULL),(761,3,28,1,'04/013','2025-04-30',86955.000,1,0,'حركات 4-2025','2025-06-15 16:27:56','2025-08-30 13:21:45',NULL),(762,3,29,1,'05/012','2025-05-30',31330.000,1,0,NULL,'2025-06-15 17:32:32','2025-08-30 13:12:50',NULL),(763,3,26,1,'02/036','2025-02-28',12400.000,1,0,'حركات بنكية 2-2025','2025-06-16 12:45:56','2025-08-30 10:35:04',NULL),(764,2,16,1,'04/051','2024-04-30',14206.950,1,0,'اثبات قيد رواتب الموظفين عن شهر 4-2024 + الضمان الاجتماعي والحسميات','2025-06-18 20:01:24','2025-06-18 20:03:11',NULL),(765,2,17,1,'05/048','2024-05-31',13710.524,1,0,'اثبات قيد رواتب الموظفين عن شهر 5-2024 + الضمان الاجتماعي والحسميات','2025-06-18 20:11:06','2025-06-30 10:33:57',NULL),(766,2,18,1,'06/048','2024-06-30',14272.119,1,0,'اثبات قيد رواتب الموظفين عن شهر 06-2024 + الضمان الاجتماعي والحسميات','2025-06-18 20:25:35','2025-06-30 10:31:05',NULL),(767,2,19,1,'07/055','2024-07-31',13112.179,1,0,'اثبات قيد رواتب الموظفين عن شهر 07-2024 + الضمان الاجتماعي والحسميات','2025-06-18 20:31:23','2025-06-30 10:26:07',NULL),(768,2,20,1,'08/061','2024-08-31',13475.846,1,0,'اثبات قيد رواتب الموظفين عن شهر 08-2024 + الضمان الاجتماعي والحسميات','2025-06-18 20:35:10','2025-06-30 10:19:30',NULL),(769,2,21,1,'09/052','2024-09-30',15265.731,1,0,'اثبات قيد رواتب الموظفين عن شهر 09-2024 + الضمان الاجتماعي والحسميات','2025-06-18 20:39:40','2025-06-18 20:39:40',NULL),(770,2,22,1,'10/056','2024-10-31',15083.148,1,0,'اثبات قيد رواتب الموظفين عن شهر 10-2024 + الضمان الاجتماعي والحسميات','2025-06-18 20:44:26','2025-06-18 20:44:26',NULL),(771,2,23,1,'11/055','2024-11-30',17096.167,1,0,'اثبات قيد رواتب الموظفين عن شهر 11-2024 + الضمان الاجتماعي والحسميات','2025-06-18 20:52:16','2025-06-18 20:52:16',NULL),(772,2,23,1,'12/110','2024-12-31',14455.880,1,0,'اثبات قيد رواتب الموظفين عن شهر 12-2024 + الضمان الاجتماعي والحسميات','2025-06-18 21:13:10','2025-06-30 16:00:04',NULL),(773,3,25,1,'01/035','2025-01-31',33273.695,1,0,'اثبات مصروف رواتب  لشهر 01-2025','2025-06-21 11:56:17','2025-10-28 12:10:16',NULL),(774,3,26,1,'02/037','2025-02-28',35764.492,1,0,'اثبات مصروف رواتب  لشهر 02-2025','2025-06-21 19:55:52','2025-10-28 12:34:38',NULL),(777,3,26,4,'02/038','2025-02-28',3961.225,1,0,'مشتريات ومستلزمات مواد شهر 2','2025-06-22 08:19:04','2025-09-18 09:30:16',NULL),(778,3,27,1,'03/018','2025-03-31',39033.888,1,0,'اثبات مصروف رواتب  لشهر 03-2025','2025-06-22 11:15:16','2025-09-09 12:28:33',NULL),(779,3,25,4,'01/034','2025-01-31',22585.002,1,0,'مشتريات ومستلزمات مواد شهر 1','2025-06-22 12:33:12','2025-09-18 09:33:31',NULL),(780,3,27,4,'03/017','2025-03-31',17655.813,1,0,'مشتريات ومستلزمات مواد شهر 3','2025-06-22 13:08:22','2025-10-12 05:42:56',NULL),(781,3,28,1,'04/014','2025-04-30',35972.753,1,0,'اثبات مصروف رواتب  لشهر 04-2025','2025-06-22 13:21:41','2025-09-09 12:28:33',NULL),(782,3,28,4,'04/015','2025-04-30',18060.282,1,0,'مشتريات ومستلزمات مواد شهر 4','2025-06-23 07:32:55','2025-07-23 10:39:01',NULL),(783,3,27,1,'03/019','2025-03-31',45400.000,1,0,'حركات بنكية مع صندوق محمود حامد 3-2025','2025-06-23 11:50:24','2025-06-23 12:50:28',NULL),(784,2,24,1,'12/111','2024-12-31',260.000,1,0,'عكس كلف مشاريع الوطنية / ثمن درمات دهان عدد 8 على الشركة الوطنية من العالمية للدهانات','2025-06-23 13:13:02','2025-07-01 09:36:39',NULL),(785,3,29,4,'05/013','2025-05-31',22917.111,1,0,'مشتريات ومستلزمات مواد شهر 5','2025-06-23 13:35:37','2025-10-12 07:47:30',NULL),(786,3,27,1,'03/020','2025-03-31',154573.960,1,0,'صرفيات ومدفوعات من صندوق محمود حامد 3-2025','2025-06-23 14:50:39','2025-06-23 15:36:35',NULL),(787,3,28,1,'04/016','2025-04-30',20480.000,1,0,'حركات بنكية مع صندوق محمود حامد حتى 30-4-2025','2025-06-24 09:21:47','2025-07-31 13:34:05',NULL),(788,3,28,1,'04/017','2025-04-30',42600.000,1,0,'حركات بنكية مع صندوق محمود حامد - تسديد مستحقات موظفين حتى 30-4-2025','2025-06-24 10:09:00','2025-07-14 09:15:32',NULL),(789,3,28,1,'04/018','2025-04-30',24494.470,1,0,'صرفيات من صندوق محمود حامد حتى 30-04-2025','2025-06-24 12:27:48','2025-06-25 09:10:51',NULL),(790,3,25,1,'01/036','2025-01-31',20000.000,1,0,'قرضة من ابراهيم الترتير - موستار تم ايداعها بالكويتي 26-1-2025','2025-06-25 13:05:20','2025-07-03 13:02:54',NULL),(791,3,26,1,'02/039','2025-02-28',302.200,1,0,'صرفيات من صندوق ابراهيم حامد حتى 28-2-2025','2025-06-25 13:14:22','2025-06-25 13:14:56',NULL),(792,3,27,1,'03/021','2025-03-31',82090.000,1,0,'حركات بنكية وصرفيات على صندوق ابراهيم حامد 3-2025','2025-06-25 13:46:54','2025-06-25 13:47:02',NULL),(793,3,30,4,'06/002','2025-06-30',16880.862,1,0,'مشتريات ومستلزمات مواد شهر 6','2025-06-25 14:10:12','2025-07-26 15:44:02',NULL),(794,3,29,1,'05/014','2025-05-31',833.270,1,0,'صرفيات صندوق ابراهيم حامد حتى 31-05-2025','2025-06-25 14:18:09','2025-06-25 14:18:17',NULL),(795,3,29,1,'05/015','2025-05-31',6941.408,1,0,'حركات شهر 5-2025','2025-06-26 04:08:28','2025-10-01 06:23:35',NULL),(796,3,26,1,'02/040','2025-02-28',4185.000,1,0,'حركات 2-2025','2025-06-26 05:23:19','2025-06-26 05:23:34',NULL),(797,3,29,1,'05/016','2025-05-31',40400.000,1,0,'حركات بنكية مع صندوق محمود حامد','2025-06-26 06:43:16','2025-09-28 08:18:29',NULL),(798,3,29,1,'05/017','2025-05-31',93235.625,1,0,'حركات بنكية مع صندوق محمود حامد وابرايهم حامد','2025-06-26 07:09:08','2025-08-04 08:01:18',NULL),(799,3,29,1,'05/018','2025-05-31',7015.000,1,0,'حركات 5-2025','2025-06-26 09:22:48','2025-06-26 09:22:59',NULL),(800,3,28,1,'04/019','2025-04-30',5872.500,1,0,'اعمال ونشات مشاريع ونشات بسيوني  شهر 4-2025','2025-06-28 08:59:48','2025-10-12 11:47:37',NULL),(801,3,29,1,'05/019','2025-05-31',3770.000,1,0,'اجور نقل 5-2025','2025-06-28 09:18:02','2025-07-01 05:18:23',NULL),(802,3,30,1,'06/003','2025-06-28',3125.000,1,0,'اجور نقل وونشات لشهر 6-2025','2025-06-28 13:23:05','2025-07-01 05:23:02',NULL),(803,3,30,1,'06/004','2025-06-28',3230.000,1,0,'اجور نقل على المشاريع 6-2025','2025-06-28 16:56:58','2025-10-11 13:06:16',NULL),(804,3,30,1,'06/005','2025-06-28',10414.023,1,0,'حركات 6-2025','2025-06-28 17:55:27','2025-09-25 06:06:05',NULL),(805,3,29,1,'05/020','2025-05-31',18342.000,1,0,'اثبات افقاية توريدابواب حديد مشروع المدن الصناعية / الفجر الجديد  12-5-2025','2025-06-28 18:12:20','2025-07-01 06:13:48',NULL),(806,3,30,1,'06/006','2025-06-28',7991.960,1,0,'حركات لشهر 6-2025','2025-06-28 18:35:29','2025-07-24 14:17:24',NULL),(807,3,30,1,'06/007','2025-06-28',1250.000,1,0,'حركات بنكية مع صندوق محمود حامد 6-2025','2025-06-28 19:54:49','2025-10-16 12:01:36',NULL),(808,3,30,1,'06/008','2025-06-28',13500.000,1,0,'حركة سحب نقدي -سلف العيد 4-6-2025','2025-06-28 20:16:50','2025-11-06 07:42:32',NULL),(809,3,30,1,'06/009','2025-06-30',28000.000,1,0,'اثبات اعمال شركة ابو عودة 6-2025','2025-07-01 08:27:31','2025-07-01 08:27:54',NULL),(810,2,24,1,'12/112','2024-12-31',3700.000,1,0,'حركات على حساب الشركة الوطنية','2025-07-01 09:38:43','2025-07-01 09:38:54',NULL),(811,3,25,1,'01/037','2025-01-31',40888.999,1,0,'حركات تسوية بنكية شهر 1-2025','2025-07-02 08:48:47','2025-10-16 06:24:30',NULL),(812,3,26,1,'02/041','2025-02-28',17456.166,1,0,'حركات تسوية بنكية شهر 2-2025','2025-07-02 11:28:12','2025-09-09 12:22:41',NULL),(813,3,27,1,'03/022','2025-03-02',26700.000,1,0,'تسويات شيكات تم ارجاعها خطا','2025-07-02 12:55:26','2025-07-02 12:55:33',NULL),(814,3,27,1,'03/023','2025-03-31',62949.376,1,0,'حركات تسوية بنكية شهر 3-2025','2025-07-02 13:25:29','2025-11-06 07:40:41',NULL),(815,3,28,1,'04/020','2025-04-30',87611.317,1,0,'حركات بنكية 4-2025','2025-07-02 14:58:30','2025-10-19 14:51:39',NULL),(816,3,29,1,'05/021','2025-05-31',2895.940,1,0,'حركات بنكية 5-2025','2025-07-02 15:43:56','2025-07-15 15:32:45',NULL),(817,3,29,1,'05/022','2025-05-31',267534.740,1,0,NULL,'2025-07-06 09:38:11','2025-07-06 09:57:59',NULL),(818,3,29,1,'05/023','2025-05-31',8800.000,1,0,'اثبات فرقية اتفاقية مزرعة الغور - شركة محمد العيدي','2025-07-06 10:16:11','2025-07-06 10:16:19',NULL),(819,3,30,4,'06/010','2025-06-30',2730.000,1,0,'اثبات مصاريف الونشات والنقل لشهر 6-2025','2025-07-06 11:18:04','2025-07-23 10:39:03',NULL),(820,3,31,1,'07/001','2025-07-06',450.000,1,0,'اثبات فرقية كلف عزل على مشاريع الوطنية /تسوية حساب  6-7-2025','2025-07-06 12:06:51','2025-07-06 12:07:06',NULL),(821,3,25,1,'01/038','2025-01-31',45000.000,1,0,'شيك #780 الكويتي حق 5-1-2025  تأمين دفعة مقدما مشروع المستشفى السعودي','2025-07-06 12:14:28','2025-07-06 12:14:40',NULL),(822,3,30,4,'06/011','2025-06-30',1130.000,1,0,'اثبات مصاريف الونشات والنقل لشهر 6','2025-07-06 13:13:23','2025-07-13 11:58:01',NULL),(823,3,25,1,'01/039','2025-01-31',1115.000,1,0,'اثبات تسديد اقساط سيارات وشقة لشهر 01-2025','2025-07-07 09:12:54','2025-07-07 09:13:05',NULL),(824,3,26,1,'02/042','2025-02-28',2645.000,1,0,'اثبات تسديد اقساط سيارات وشقة لشهر 02-2025','2025-07-07 09:17:41','2025-07-07 09:17:53',NULL),(825,3,27,1,'03/024','2025-03-31',1790.000,1,0,'اثبات تسديد اقساط سيارات وشقة لشهر 03-2025','2025-07-07 09:28:40','2025-07-07 09:28:48',NULL),(826,3,28,1,'04/021','2025-04-30',2403.000,1,0,'اثبات تسديد اقساط سيارات وشقة لشهر 04-2025','2025-07-07 09:48:39','2025-07-07 09:48:48',NULL),(827,3,28,1,'05/024','2025-05-31',2054.644,1,0,'اثبات تسديد اقساط سيارات وشقة لشهر 05-2025','2025-07-07 11:25:03','2025-07-07 11:30:44',NULL),(828,3,30,1,'06/013','2025-06-30',12471.000,1,0,'حركات  6-2025','2025-07-09 09:55:56','2025-11-05 12:26:45',NULL),(829,3,30,4,'06/012','2025-06-30',2695.000,1,0,'اثبات مصاريف النقل والونشات لشهر 6-2025','2025-07-09 10:08:24','2025-10-07 05:43:56',NULL),(830,3,30,1,'06/014','2025-06-30',1115.000,1,0,'اثبات تسديد اقساط سيارات وشقة لشهر 06-2025','2025-07-10 12:19:52','2025-07-10 12:20:01',NULL),(831,3,30,4,'06/015','2025-06-30',886.413,1,0,'اثبات مشتريات شهر 6-2025','2025-07-12 09:05:07','2025-07-13 11:05:44',NULL),(832,3,30,4,'06/016','2025-06-30',2390.000,1,0,'اثبات مصاريف النقل والونشات لشهر 6-2025','2025-07-12 12:15:38','2025-07-13 11:05:44',NULL),(833,3,30,4,'06/017','2025-06-30',1000.000,1,0,'اثبات مصاريف النقل والونشات لشهر 6-2025','2025-07-12 13:12:12','2025-07-13 11:05:44',NULL),(834,3,30,1,'06/018','2025-06-30',9366.000,1,0,'حركات 6-2025','2025-07-13 11:39:33','2025-07-13 12:02:17',NULL),(835,3,31,4,'07/002','2025-07-13',5788.250,1,0,'اثبات مشتريات مواد ومستلزمات شهر 7-2025','2025-07-13 12:03:00','2025-07-16 09:03:15',NULL),(836,3,31,4,'07/003','2025-07-13',19576.000,1,0,'اثبات مصاريف النقل والونشات شهر 7-2025','2025-07-13 13:26:37','2025-10-12 12:57:45',NULL),(837,3,30,1,'06/019','2025-06-30',675.100,1,0,'حركات 6-2025','2025-07-13 13:44:04','2025-10-20 13:50:22',NULL),(838,3,30,1,'06/020','2025-06-30',60231.356,1,0,'حركات بنكية 6-2025','2025-07-13 15:18:32','2025-10-15 05:31:04',NULL),(839,3,25,1,'01/040','2025-01-31',2517.039,1,0,'اثبات مصاريف مدفوعة مقدما عن شهر 1-2025','2025-07-13 18:12:43','2025-07-13 18:12:51',NULL),(840,3,26,1,'02/043','2025-02-28',2883.756,1,0,'اثبات مصاريف مدفوعة مقدما عن شهر 02-2025','2025-07-13 18:17:53','2025-07-13 18:19:28',NULL),(841,3,27,1,'03/025','2025-03-31',2883.756,1,0,'اثبات مصاريف مدفوعة مقدما عن شهر 03-2025','2025-07-13 18:21:57','2025-07-13 18:22:03',NULL),(842,3,28,1,'04/022','2025-04-30',2898.864,1,0,'اثبات مصاريف مدفوعة مقدما عن شهر 04-2025','2025-07-13 18:25:58','2025-07-13 18:26:04',NULL),(843,3,29,1,'05/025','2025-05-31',2898.864,1,0,'اثبات مصاريف مدفوعة مقدما عن شهر 05-2025','2025-07-13 18:30:38','2025-07-13 18:30:47',NULL),(844,3,30,1,'06/021','2025-06-30',2925.864,1,0,'اثبات مصاريف مدفوعة مقدما عن شهر 06-2025','2025-07-13 18:34:27','2025-07-13 18:34:33',NULL),(845,3,29,1,'05/026','2025-05-31',1002.435,1,0,'اثبات مصاريف مستحقة الدفع عن شهر 05-2025','2025-07-14 06:34:46','2025-07-14 08:27:22',NULL),(846,3,30,1,'06/022','2025-06-30',875.499,1,0,'اثبات مصاريف مستحقة الدفع عن شهر 06-2025','2025-07-14 06:36:07','2025-07-14 08:28:05',NULL),(847,3,30,4,'06/023','2025-06-30',200.000,1,0,'مصروفات ومدفوعات من صندوق ابو الحاج حتى تاريخ 25-5-2025','2025-07-14 07:48:03','2025-11-05 12:32:05',NULL),(848,3,25,1,'01/041','2025-01-31',20761.778,1,0,'تسوية بنك الاهلي 1-2025','2025-07-15 12:30:11','2025-07-15 15:26:00',NULL),(849,3,30,1,'06/024','2025-06-30',44000.500,1,0,'حركات بنكية مع صندوق محمود حامد 6-2025','2025-07-15 16:16:58','2025-11-03 12:06:04',NULL),(850,3,29,1,'05/027','2025-05-31',35003.441,1,0,'اثبات مصروف رواتب  لشهر 05-2025','2025-07-15 22:36:19','2025-09-09 12:28:35',NULL),(851,3,30,1,'06/025','2025-06-30',33247.114,1,0,'اثبات مصروف رواتب  لشهر 06-2025','2025-07-15 22:53:22','2025-10-28 13:03:10',NULL),(852,3,30,1,'06/026','2025-06-30',3741193.500,1,0,'اثبات ايرادات المشاريع المنجزة  حتى 30-6-2025','2025-07-21 11:35:51','2025-10-20 12:38:58',NULL),(853,3,31,4,'07/004','2025-07-21',1445.000,1,0,'اثبات مصاريف النقل والونشات شهر 7-2025','2025-07-21 13:29:05','2025-07-23 10:39:03',NULL),(854,3,31,4,'05/028','2025-05-31',18310.250,1,0,'اثبات مصاريف مشتريات مستلزمات ومواد شهر 5','2025-07-21 14:08:28','2025-07-23 10:39:03',NULL),(855,3,30,4,'06/027','2025-06-30',195.000,1,0,'اثبات مصاريف ونشات ابو ركبة /خلدون شهر 6-2025','2025-07-21 14:23:54','2025-07-23 09:15:33',NULL),(856,3,31,1,'07/006','2025-07-21',16000.000,1,0,'تحصيل شيك#1894-1901 حق  حتى 30-3-2026 من السادة عابدين باقي حساب عن ارض الزميلات / تم تجييرها للسيد جميل النجار','2025-07-21 15:22:48','2025-08-12 11:34:45',NULL),(857,3,31,1,'07/007','2025-07-21',6380.000,1,0,'حركات 7-2025','2025-07-21 16:25:10','2025-07-21 16:25:19',NULL),(858,3,31,1,'07/008','2025-07-21',38264.500,1,0,'حركات 7-2025 -مقاولين','2025-07-21 17:26:48','2025-08-05 12:22:54',NULL),(859,3,31,4,'07/005','2025-07-22',7731.600,1,0,'اثبات مصاريف مواد ومستلزمات شهر 7','2025-07-22 08:27:52','2025-09-25 10:54:48',NULL),(860,3,31,4,'07/009','2025-07-22',4732.009,1,0,'حركات 7-2025','2025-07-22 09:57:52','2025-08-05 09:01:31',NULL),(861,3,30,4,'06/028','2025-06-30',434.500,1,0,NULL,'2025-07-23 11:53:44','2025-07-23 15:59:11',NULL),(862,2,24,1,'12/113','2024-12-31',1108.001,1,0,'حركات تسوية 12-2024','2025-07-24 04:49:45','2025-08-06 11:14:17',NULL),(863,3,29,1,'05/029','2025-05-31',363.000,1,0,'اثبات اعمال نايف الخريشا على مشروع المدن الصناعية حتى 10-5-2025','2025-07-24 12:27:54','2025-07-24 12:28:00',NULL),(864,3,31,4,'07/010','2025-07-26',553.000,1,0,'تسوية رصيد عمر البنا (المقر) 31-5-2025','2025-07-26 12:09:53','2025-07-26 15:43:14',NULL),(865,3,30,4,'06/029','2025-06-30',665.000,1,0,'اثبات اجور نقل بضاعة حتى 30-6-2025','2025-07-26 12:57:40','2025-07-26 16:03:57',NULL),(866,3,31,1,'07/011','2025-07-26',5500.000,1,0,'حركات مع صندوق محمود حامد 7-2025','2025-07-26 14:47:36','2025-07-26 14:47:43',NULL),(867,3,31,1,'07/012','2025-07-26',34500.000,1,0,'حركات على صندوق محمود حامد مع البنوك 10-7-2025','2025-07-26 15:03:29','2025-11-04 14:26:42',NULL),(868,3,31,1,'07/013','2025-07-26',75400.000,1,0,'حركات بنكية على صندوق محمود حامدد 7-2025','2025-07-26 15:35:41','2025-08-04 08:02:12',NULL),(869,3,30,4,'06/030','2025-06-30',1704.470,1,0,NULL,'2025-07-27 05:47:00','2025-08-31 13:21:15',NULL),(870,3,30,1,'06/031','2025-06-30',41148.000,1,0,'اثبات اعمال ومواد اضافية على اتتفاقية شركة باب العامود - مستشفى البشير 30-6-2025','2025-07-27 14:58:15','2025-10-23 12:14:41',NULL),(871,3,29,1,'05/030','2025-05-31',20050.000,1,0,'قيد تسوية حسابات شهر 5-2025','2025-07-28 15:30:45','2025-08-28 08:59:47',NULL),(872,3,30,4,'06/032','2025-06-30',6581.349,1,0,NULL,'2025-07-29 06:15:00','2025-09-08 09:49:56',NULL),(873,3,30,4,'06/033','2025-06-30',10402.425,1,0,'اثبات اجور سحب وتطعيج صاج حتى 30-6-2025','2025-07-29 12:07:39','2025-08-05 08:08:34',NULL),(874,3,31,4,'07/014','2025-07-31',1048.058,1,0,'مشتريات ومستلزمات مواد شهر 7','2025-07-31 11:52:28','2025-08-05 06:55:52',NULL),(875,3,31,4,'07/015','2025-07-31',2633.570,1,0,'مشتريات مواد +اجور لف وتطعيج شهر 7','2025-08-04 07:01:17','2025-10-30 07:45:40',NULL),(876,3,31,4,'07/016','2025-07-31',1900.000,1,0,'اثبات مصاريف نقل ونشات الخيمة شهر 7','2025-08-04 14:05:12','2025-08-05 07:05:08',NULL),(877,3,31,4,'07/017','2025-07-31',65920.000,1,0,'اثبات اجور تركيب وتصنيع للمقاول ايهاب حامد +رامي صقر شهر 7','2025-08-04 14:42:28','2025-10-21 14:11:15',NULL),(878,3,28,1,'04/023','2025-04-30',10046.000,1,0,'اثبات اعمال اضافية على مشروع بن معروف -القسطل 30-4-2025','2025-08-05 14:10:27','2025-08-05 14:10:33',NULL),(879,3,31,4,'07/018','2025-07-31',1190.000,1,0,NULL,'2025-08-06 06:26:47','2025-08-17 12:03:05',NULL),(880,3,29,1,'05/031','2025-05-31',93798.203,1,0,'اثبات حسميات نهائية على مشروع فيصل العربية بتاريخ تسديد الدفعة الاخيرة 21-5-2025','2025-08-06 09:51:52','2025-08-06 09:51:58',NULL),(881,3,29,1,'05/032','2025-05-31',100000.000,1,0,'اثبات اتفاقية مشروع خو-العبويني 31-5-2025','2025-08-06 11:09:37','2025-08-06 11:09:44',NULL),(882,2,24,1,'12/114','2024-12-31',30000.000,1,0,'اثبات اتفاقية هنجر المتحدة / ابو شاور','2025-08-06 11:19:04','2025-08-06 11:19:28',NULL),(883,3,31,1,'07/019','2025-07-31',265300.000,1,0,'تخفيض قيمة اتفاقية اعمال مدنية -المقاول العبويني على مشروع البوتاس J1J7 حسب المرفق بحيث يصبح باقي مستحقات المقاول 30500 دينار كقيمة نهائية لذمة المقاول واغلاقها مع حساب مشروع العميل العبويني -مظلة خو','2025-08-06 11:40:05','2025-08-06 11:41:12',NULL),(884,3,32,1,'08/001','2025-08-06',950.000,1,0,'اثبات ايراد اعمال اضافية - فرقية اخر دفعة مستلمة من شركة القدس للدهانات 6-8-2025','2025-08-06 13:04:14','2025-08-06 13:04:22',NULL),(885,3,29,1,'05/033','2025-05-31',34000.000,1,0,'اثبات ايرادات ابو عودة - اعمال فك هناجر وتركيب هنجر ومظلات كنزا 26-5-2025','2025-08-06 13:27:31','2025-08-06 13:29:13',NULL),(886,3,31,1,'07/020','2025-07-31',18000.000,1,0,'اثبات ايرادات ابو عودة - اعمال تركيب هياكل معدنية ومظلات  22-7-2025','2025-08-06 13:31:33','2025-08-06 13:31:44',NULL),(887,3,27,1,'03/026','2025-03-31',127214.480,1,0,'اثبات تسديد فاتورة كيبار #2393 12-3-2025 من قبل ابو انس القروم','2025-08-06 15:23:47','2025-10-21 14:45:20',NULL),(888,3,31,1,'07/021','2025-07-31',6656.600,1,0,'فواتير مشتريات ترحل على المقاولين','2025-08-06 15:40:48','2025-10-06 13:46:32',NULL),(889,3,27,1,'03/027','2025-03-31',395229.695,1,0,'اثبات بيع ارض الزميلات رقم#328 - عابدين 3-2025','2025-08-06 16:33:58','2025-08-06 16:35:58',NULL),(890,3,27,1,'03/028','2025-03-31',89168.679,1,0,'اغلاق حساب صفوة تأمينات على الحساب الرئيسي 24-3-2025','2025-08-06 16:43:47','2025-08-06 16:43:53',NULL),(891,2,24,1,'12/115','2024-12-31',1.000,1,0,NULL,'2025-08-06 17:20:29','2025-08-06 17:20:35',NULL),(892,3,31,4,'07/022','2025-07-31',3600.000,1,0,'اجور نقل ونشات السمهوري شهر 7','2025-08-07 06:02:15','2025-08-19 15:21:47',NULL),(893,3,31,1,'07/023','2025-07-31',24980.050,1,0,'اثبات الاعمال النهائية كهروميكانيك على مشروع الموقر-المدن الصناعية مع شركة السهم المضيء للمقاولات الانشائية 20-7-2025','2025-08-07 08:26:17','2025-10-16 14:15:53',NULL),(894,3,31,1,'07/024','2025-07-31',267.386,1,0,'اثبات مصاريف مستحقة الدفع عن شهر 07-2025','2025-08-07 12:34:51','2025-11-06 05:37:08',NULL),(895,3,31,1,'07/025','2025-07-31',2925.864,1,0,'اثبات مصاريف مدفوعة مقدما عن شهر 07-2025','2025-08-07 12:39:06','2025-08-07 12:40:10',NULL),(896,3,31,4,'07/026','2025-07-31',1838.650,1,0,'مشتريات مواد ومستلزمات شهر 7','2025-08-09 12:49:29','2025-10-30 08:00:29',NULL),(897,3,29,4,'05/034','2025-05-31',4720.970,1,0,'ثمن مواد ومستلزمات من شركة المعاصرون شهر 5','2025-08-12 09:51:44','2025-08-17 12:03:05',NULL),(898,3,31,4,'07/027','2025-07-31',665.250,1,0,'ثمن مشتريات مواد ومستلزمات من زيد بهاء الدين ابو حامدة  شهر 4+5+6+7','2025-08-12 12:37:32','2025-08-13 13:06:16',NULL),(899,3,32,4,'08/002','2025-08-12',300.000,1,0,'عقد صيانة طابعة Aficio mpc 5502/MP4002/MPC من مركز الحامد من 2-8-2025 الى 1-8-2026','2025-08-12 13:06:57','2025-09-30 21:17:49',NULL),(900,3,31,4,'07/028','2025-07-31',1680.000,1,0,'اجور اعمال صقل وصب ارضيات صفوان القضاه 22-7-2025','2025-08-12 14:24:52','2025-08-17 12:03:05',NULL),(901,3,29,4,'05/035','2025-05-31',14403.750,1,0,'ثمن مواد باطون من شركة الفا لصناعة الباطون /يزن الخليلي شهر 5','2025-08-13 11:53:44','2025-08-17 12:03:05',NULL),(902,3,29,4,'05/036','2025-05-31',4175.000,1,0,'اجور نقل باطون من شركة عنبر الاسمنت للنقل/يزن الخليلي من 1-5 حتى 26-5','2025-08-13 12:03:54','2025-08-17 12:03:05',NULL),(903,3,26,4,'02/044','2025-02-28',830.000,1,0,'اجور نقل باطون من شركة عنبر الاسمنت للنقل شهر 2','2025-08-13 13:41:30','2025-08-17 12:03:06',NULL),(904,3,27,4,'03/029','2025-03-31',1110.000,1,0,'اجور نقل باطون من شركة عنبر الاسمنت للنقل شهر 3','2025-08-13 13:52:51','2025-08-17 12:03:06',NULL),(905,3,29,4,'05/037','2025-05-31',400.000,1,0,'اجور نقل باطون من شركة عنبر الاسمنت للنقل شهر 5','2025-08-13 14:24:56','2025-08-17 12:03:06',NULL),(906,3,28,4,'04/024','2025-04-30',1715.000,1,0,'اجور نقل باطون من شركة عنبر الاسمنت للنقل شهر 4-2025','2025-08-13 14:33:29','2025-10-16 06:28:27',NULL),(907,3,30,4,'06/034','2025-06-30',220.000,1,0,'اجور نقل باطون من شركة عنبر الاسمنت للنقل شهر 6','2025-08-13 14:41:01','2025-08-17 12:03:06',NULL),(908,3,28,1,'04/025','2025-04-30',991.000,1,0,'اثبات دفعات مصطفى فاعور - اربيل','2025-08-14 08:13:07','2025-08-14 08:13:17',NULL),(909,3,29,1,'05/038','2025-05-31',2206.000,1,0,'دفعات مصطفى فاعور حتى 31-05-2025','2025-08-14 08:25:41','2025-08-14 08:25:53',NULL),(910,3,30,1,'06/035','2025-06-30',1555.000,1,0,'دفعات اربيل','2025-08-14 08:36:09','2025-08-14 08:44:06',NULL),(911,3,31,1,'07/029','2025-07-31',400.000,1,0,'دفعة بالحساب من صندوق محمود حامد -  مصطفى فاعور اربيل 24-7-2025','2025-08-14 08:39:17','2025-08-17 12:03:06',NULL),(912,3,31,1,'07/030','2025-07-31',756.900,0,0,'رواتب 7+8-2025','2025-08-14 08:40:56','2025-08-26 21:40:25','2025-08-26 21:40:25'),(913,3,30,1,'06/036','2025-06-30',4229.450,1,0,'صرفيات من صندوق محمود حامد حتى 30-6-2025','2025-08-14 09:12:16','2025-10-29 10:52:20',NULL),(914,3,31,1,'07/031','2025-07-31',9500.000,1,0,'حركات بنكية مع صندوق محمود حامد 7-2025','2025-08-14 09:24:20','2025-10-25 17:08:21',NULL),(915,3,31,1,'07/032','2025-07-31',578.250,1,0,'صرفيات من صندوق محمود حامد حتى 31-07-2025','2025-08-14 10:09:53','2025-08-14 11:48:17',NULL),(916,3,31,1,'07/033','2025-07-31',5500.000,1,0,'صرفيات من صندوق محمود حامد 15-7-2025','2025-08-14 11:12:17','2025-08-14 11:12:42',NULL),(917,3,31,1,'07/034','2025-07-31',2642.662,1,0,'صرفيات من صندوق محمود حامد حتى 31-7-2025','2025-08-14 12:13:22','2025-09-23 10:24:51',NULL),(918,3,32,1,'08/003','2025-08-14',5200.000,1,0,'صرفيات من صندوق محمود حامد 8-2025','2025-08-14 12:57:42','2025-08-14 13:06:09',NULL),(919,3,32,1,'08/004','2025-08-14',25025.413,1,0,'حركات على صندوق محمود حامد وابرهيم حامد مع البتك','2025-08-14 13:14:00','2025-11-06 07:35:05',NULL),(920,3,31,1,'07/035','2025-07-31',39000.000,1,0,NULL,'2025-08-14 14:17:35','2025-08-14 14:17:46',NULL),(921,3,32,1,'08/005','2025-08-14',87500.000,1,0,'حركات بنكية 8-2025','2025-08-14 14:27:56','2025-08-14 14:28:05',NULL),(922,3,32,1,'08/006','2025-08-14',966.000,1,0,'اجور اعمال- سيد ابة آدم/  اوامر تغييرية في مشروع المدن الصناعية حتى تاريخ 14-8-2025 شامل قيمة المحتجزات حتى تاريخه (97 دينار )','2025-08-14 14:47:26','2025-09-23 06:57:06',NULL),(923,2,24,1,'12/116','2024-12-31',7899.970,1,0,'خصم بعد اعداد المستخلص الخاص بمشروع القرية اللوجستية 31-12-2024','2025-08-14 14:52:24','2025-08-14 14:52:30',NULL),(924,3,31,4,'07/036','2025-07-31',1200.000,1,0,'اجور نقل ونشات السمهوري شهر 7','2025-08-17 06:15:47','2025-08-17 12:03:06',NULL),(925,3,32,4,'08/007','2025-08-17',620.000,1,0,NULL,'2025-08-17 06:38:28','2025-08-17 12:03:06',NULL),(926,3,26,1,'02/045','2025-02-19',9865.500,1,0,'اثبات عقد مقاولة فرعي - شركة العروبة للكسارات - اعمال وتوريد ردم - مشروع الغور J1J7 19-2-2025','2025-08-17 12:02:32','2025-08-17 12:04:52',NULL),(927,3,32,1,'08/008','2025-08-17',9865.500,1,0,'اثبات اجور طمم على مشروع الوبتاي الغور J1J7 - شركة العروبة للكسارات','2025-08-17 12:08:12','2025-08-19 12:47:37',NULL),(928,3,31,4,'07/037','2025-07-31',380.000,1,0,'اثبات مصاريف نقل ونشات ابو ركبة /خلدون شهر 7','2025-08-18 06:07:08','2025-08-19 15:21:47',NULL),(929,1,12,1,'12/002','2023-12-31',22052.920,1,0,'قيد تعيديلي شيكات 2023','2025-08-18 08:08:50','2025-08-18 08:09:08',NULL),(930,2,18,1,'06/049','2024-06-30',1500.000,1,0,'الغاء شيك #507 حق 30-6 باسم رامي صقر بسبب التلف واصدار شيك #632 بدلا منه','2025-08-18 09:59:51','2025-08-18 09:59:56',NULL),(931,2,24,1,'12/117','2024-12-31',22781.000,1,0,'تسوية شيكات راجعة','2025-08-18 11:01:15','2025-08-18 11:02:36',NULL),(932,3,28,4,'04/026','2025-04-30',595.000,1,0,'ثمن مشتريات خشب من شركة عبدالله العوضي/يزن الخليلي شهر 4','2025-08-19 11:22:06','2025-08-19 15:21:47',NULL),(933,3,31,4,'07/038','2025-07-31',500.000,1,0,'تحصيل دفعة من نصر عبيدات/الشوحة وايداعها في صندوق ابراهيم حامد  29-7-2025','2025-08-19 13:31:57','2025-08-19 15:21:47',NULL),(934,3,32,1,'08/009','2025-08-20',59000.000,1,0,'حركات بنكية مع صندوق محمود حامد 8-2025','2025-08-20 12:06:29','2025-08-20 12:06:36',NULL),(935,3,29,4,'05/039','2025-05-31',25.000,1,0,'اثبات اجور نقل الشركة المتحدة لصناعة الصاج شهر 5','2025-08-23 08:20:40','2025-09-01 06:09:50',NULL),(936,3,31,4,'07/039','2025-07-31',4230.500,1,0,'اثبات مشتريات مواد ومستلزمات +اجور نقل شهر 7','2025-08-23 09:59:05','2025-09-01 06:29:24',NULL),(937,3,30,4,'06/037','2025-06-30',2697.120,1,0,'اثبات مشتريات مواد ومستلزمات شهر 6','2025-08-23 10:53:28','2025-09-01 06:28:40',NULL),(938,3,32,1,'08/010','2025-08-23',405000.000,1,0,'اثبات اتفاقية اعمال هنجر ابو عودة - الذهيبة 8-2025','2025-08-23 12:46:29','2025-08-30 14:03:45',NULL),(939,3,32,1,'08/011','2025-08-23',10000.000,1,0,NULL,'2025-08-23 13:23:06','2025-08-30 14:06:43',NULL),(940,3,32,4,'08/012','2025-08-25',5241.534,1,0,'اثبات ثمن مواد ومستلزمات شهر 8','2025-08-25 09:51:01','2025-09-01 06:30:15',NULL),(941,3,32,4,'08/013','2025-08-26',419.270,1,0,'اثبات مشتريات مواد ومستلزمات + اجور تطعيج صاج شهر 8','2025-08-26 08:10:26','2025-09-01 06:30:59',NULL),(942,3,32,1,'08/014','2025-08-31',526.325,0,0,'رواتب 8-2025','2025-08-26 21:39:24','2025-09-25 05:23:44','2025-09-25 05:23:44'),(943,3,31,1,'07/030','2025-07-31',33030.446,1,0,'اثبات مصروف رواتب  لشهر 07-2025','2025-08-26 22:00:35','2025-10-28 13:14:21',NULL),(944,3,26,1,'02/046','2025-02-28',1100.000,1,0,'سلف رجائي','2025-08-27 07:19:16','2025-08-27 07:19:23',NULL),(945,2,13,1,'01/040','2024-01-31',48.200,1,0,'فواتير اضافية لشهر 1 - من صندوق رجائي','2025-08-27 08:06:51','2025-08-27 08:11:11',NULL),(946,3,32,4,'08/015','2025-08-27',1760.000,1,0,'اثبات اجور نقل وتوصيل الخيمة للنقل والونشات  شهر 8','2025-08-27 08:49:46','2025-09-01 06:32:35',NULL),(947,3,32,4,'08/016','2025-08-27',330.000,1,0,'اثبات اجورنقل وتوصيل ونشات ابو ركبة/خلدون شهر 8','2025-08-27 10:09:20','2025-09-01 06:34:07',NULL),(948,3,32,4,'08/017','2025-08-27',500.000,1,0,'مصاريف نقل وتوصيل ونشات التميمي + ابو روبين شهر 8','2025-08-27 13:29:36','2025-09-01 06:34:49',NULL),(949,3,32,4,'08/018','2025-08-27',10770.869,1,0,'قيد تسوية شركة المعاصرون والفا','2025-08-27 15:06:09','2025-08-27 15:26:38',NULL),(950,3,32,1,'08/019','2025-08-28',650377.655,1,0,'دفعة بيد توفيق جبارات من شركة الرسخون العرب 13-8-2025','2025-08-28 08:56:20','2025-10-15 06:11:45',NULL),(951,3,30,1,'06/038','2025-06-30',25200.000,1,0,'اثبات اعمال لحساب المقاول ايهاب حامد - تركيبات 6-2025','2025-08-28 09:28:28','2025-08-28 09:28:38',NULL),(952,3,31,1,'07/040','2025-07-31',26250.000,1,0,'اثبات اعمال لحساب المقاول ايهاب حامد - تركيبات 7-2025','2025-08-28 09:44:25','2025-08-28 09:44:35',NULL),(953,3,32,1,'08/020','2025-08-28',8735.000,1,0,'اثبات اعمال لحساب المقاول ايهاب حامد - تركيبات 8-2025','2025-08-28 09:56:33','2025-08-28 09:57:27',NULL),(954,3,32,4,'08/021','2025-08-31',1719.000,1,0,'ثمن مشتريات مواد ومستلزمات من مؤسسة عبدالكريم الجبالي شهر 8','2025-09-03 08:38:39','2025-09-25 10:53:43',NULL),(955,3,33,4,'09/001','2025-09-03',2226.000,1,0,'ثمن مشتريات مواد ومستلزمات من مؤسسة عبدالكريم الجبالي شهر 9','2025-09-03 09:24:59','2025-09-08 09:41:53',NULL),(956,3,33,4,'02/048','2025-02-28',770.000,1,0,'اثبات اجور نقل وتوصيل ونشات الخيمة شهر 2','2025-09-03 10:24:05','2025-09-15 12:03:01',NULL),(957,2,24,4,'12/118','2024-12-31',1400.000,1,0,'اثبات اجور نقل وتوصيل ونشات الخيمة شهر 10','2025-09-03 11:10:23','2025-09-15 12:37:46',NULL),(958,3,32,4,'08/022','2025-08-31',1160.000,1,0,'اثبات اجور نقل وتوصيل ونشات الخيمة شهر 8','2025-09-03 13:18:31','2025-09-15 12:03:16',NULL),(959,3,33,4,'08/023','2025-08-31',250.000,1,0,'اثبات اجور نقل وتوصيل ونشات مصطفى فاعور شهر 8','2025-09-06 06:59:23','2025-09-15 12:15:13',NULL),(960,3,33,4,'09/004','2025-09-06',200.000,1,0,'اثبات اجور نقل وتوصيل ونشات ابو روبين شهر 9','2025-09-06 07:16:35','2025-09-15 12:29:16',NULL),(961,3,25,1,'01/042','2025-01-31',19439.860,0,0,'اثبات قيد رواتب الموظفين عن شهر 01-2025 + الضمان الاجتماعي والحسميات','2025-09-07 09:00:11','2025-10-28 14:01:33',NULL),(962,3,26,1,'02/047','2025-02-28',18785.626,0,0,'اثبات قيد رواتب الموظفين عن شهر 02-2025 + الضمان الاجتماعي والحسميات','2025-09-07 09:04:45','2025-10-28 14:01:37',NULL),(963,3,33,4,'08/024','2025-08-31',540.000,1,0,'اثبات اجور نقل وتوصيل ونشات شهر 8','2025-09-07 10:30:27','2025-09-15 12:19:44',NULL),(964,3,29,4,'05/040','2025-05-31',550.000,1,0,'اثبات اجور نقل وتوصيل ونشات الخيمة شهر 5','2025-09-07 10:38:02','2025-09-15 12:10:20',NULL),(965,3,32,4,'08/025','2025-08-31',979.400,1,0,'اثبات اجور تطعيج  وقص صاج من الشركة المتحدة لصناعة الصاج شهر 8','2025-09-08 11:09:28','2025-09-18 05:21:51',NULL),(966,3,33,4,'09/002','2025-09-08',480.480,1,0,'اثبات مشتريات مواد ومستلزمات للمبنى الجديد شهر 9','2025-09-08 11:15:19','2025-09-15 13:16:42',NULL),(967,3,33,4,'09/003','2025-09-30',2900.000,1,0,'اثبات اجور نقل وتوصيل ونشات السمهوري شهر 9','2025-09-11 08:18:06','2025-09-18 05:21:51',NULL),(968,3,31,4,'07/041','2025-07-31',3000.000,1,0,'اثبات اجور نقل وتوصيل ونشات السمهوري شهر 7','2025-09-11 08:29:48','2025-09-18 05:21:51',NULL),(969,3,33,4,'09/005','2025-09-13',400.000,1,0,'اثبات اجور نقل وتوصيل نقليات ابو روبين شهر 9','2025-09-13 05:47:07','2025-09-18 05:21:51',NULL),(970,3,33,4,'09/006','2025-09-13',285.276,1,0,'اثبات مشتريات مواد ومستلزمات+ صيانة عدد  شهر 9','2025-09-13 07:56:33','2025-09-18 13:26:31',NULL),(971,3,32,4,'08/026','2025-08-31',1401.000,1,0,'اثبات مشتريات مواد ومستلزمات شهر 8','2025-09-15 09:48:23','2025-09-18 05:21:51',NULL),(972,3,31,4,'07/042','2025-07-31',2366.000,1,0,NULL,'2025-09-15 10:04:36','2025-09-18 05:21:51',NULL),(973,3,33,4,'09/007','2025-09-17',3928.000,1,0,'اثبات اجور صيانة +اجور قص  شهر  9','2025-09-17 07:14:50','2025-09-18 05:21:51',NULL),(974,3,33,4,'09/008','2025-09-18',1350.500,1,0,'اعادة تكليف كشف مركز كلفة عدة مشاريع لشهر 1','2025-09-18 08:42:33','2025-09-22 12:53:42',NULL),(975,3,27,4,'03/030','2025-03-31',899.000,1,0,'اعادة تكليف كشف  مركز كلفة عدة مشاريع لشهر 3','2025-09-18 09:17:52','2025-09-22 12:53:42',NULL),(976,3,32,4,'08/027','2025-08-31',123.990,1,0,'اثبات مشتريات مواد ومستلزمات شهر 8','2025-09-18 13:19:19','2025-09-21 10:18:04',NULL),(977,3,33,4,'09/009','2025-09-18',393.350,1,0,'مصروفات ومدفوعات من صندوق حسن الحلبي /سلفة عمل حتى تاريخ 11-9-2025','2025-09-18 14:14:40','2025-09-21 10:17:54',NULL),(978,3,33,4,'09/010','2025-09-21',35.000,1,0,'حركات شهر 9','2025-09-21 06:29:33','2025-09-24 12:32:46',NULL),(979,3,33,4,'08/028','2025-08-31',4579.560,1,0,'مصروفات ومدفوعات من صندوق محمود حامد شهر 8','2025-09-21 07:10:00','2025-09-28 06:42:57',NULL),(980,3,32,4,'08/029','2025-08-31',168736.000,1,0,'حركات شهر 8-2025','2025-09-21 07:45:45','2025-09-23 13:08:39',NULL),(981,3,33,4,'09/011','2025-09-21',240.000,1,0,'حركات شهر 9','2025-09-21 08:53:17','2025-09-23 12:43:54',NULL),(982,3,33,1,'09/012','2025-09-21',28400.000,1,0,'كلفة اضافية عن تصفية حساب محمد ابو شوشة - ايهاب تركيبات حتى 8-9-2025','2025-09-21 12:12:07','2025-09-21 12:13:26',NULL),(983,3,33,1,'09/013','2025-09-21',35156.942,1,0,NULL,'2025-09-21 13:08:55','2025-09-22 07:45:31',NULL),(984,3,30,1,'06/039','2025-06-30',144806.510,1,0,'اثبات اعمال بلال حمد جتى 15-6-2025','2025-09-21 13:13:30','2025-09-22 07:16:57',NULL),(985,3,32,4,'08/030','2025-08-31',247.500,1,0,'اثبات مشتريات باطون+اجور نقل باطون من شركة لافارج شهر 8','2025-09-21 13:39:20','2025-09-23 12:49:50',NULL),(986,3,30,1,'06/040','2025-06-30',1090.000,1,0,'اعمال مساحية - سيرف ماتكس ابو ادعيق 25-6-2025','2025-09-22 07:41:54','2025-09-22 07:42:02',NULL),(987,3,33,4,'09/014','2025-09-22',1685.000,1,0,'حركات شهر 9','2025-09-22 08:38:29','2025-09-22 12:53:42',NULL),(988,3,31,1,'07/043','2025-07-31',450.000,1,0,'اعمال متنوعة مع الشركة - رشدي حمتو 23-07-2025','2025-09-22 08:51:41','2025-09-22 08:51:50',NULL),(989,3,32,1,'08/031','2025-08-31',23130.000,1,0,NULL,'2025-09-22 09:37:33','2025-09-22 09:37:40',NULL),(990,3,33,1,'09/015','2025-09-22',1750.000,1,0,'حركات شهر 9-2025','2025-09-22 09:52:02','2025-09-22 10:02:33',NULL),(991,3,32,1,'08/032','2025-08-31',17751.900,1,0,'حركات ونشات يوسف شعبان','2025-09-22 10:54:36','2025-09-22 11:14:26',NULL),(992,3,33,4,'08/050','2025-08-31',2367.151,1,0,'اثبات مشتريات ومستلزمات مواد + اجور نقل شهر 8-2025','2025-09-22 11:03:02','2025-10-20 06:06:43',NULL),(993,3,32,1,'08/033','2025-08-31',7100.000,1,0,NULL,'2025-09-22 11:40:00','2025-10-12 12:28:57',NULL),(994,3,33,4,'09/017','2025-09-22',20700.000,1,0,'حركات شهر 9','2025-09-22 12:44:18','2025-09-28 09:06:05',NULL),(995,3,32,1,'08/034','2025-08-31',400.000,0,0,NULL,'2025-09-22 13:08:05','2025-09-23 09:49:05','2025-09-23 09:49:05'),(996,3,32,4,'08/035','2025-08-31',2.500,1,0,'حركات شهر 8','2025-09-22 13:43:43','2025-09-29 06:47:21',NULL),(997,3,32,4,'08/036','2025-08-31',2873.078,1,0,'اثبات مصاريف مدفوعة مقدما عن شهر 08-2025','2025-09-22 13:54:12','2025-09-28 08:52:06',NULL),(998,3,32,1,'08/037','2025-08-31',63491.966,1,0,'حركات تسوية حسابات مقاولين وموردين خدمات شهر 8-2025','2025-09-23 07:24:12','2025-10-12 06:58:03',NULL),(999,3,32,1,'08/038','2025-08-31',45250.790,1,0,'اثبات اعمال مؤسسة محمد كنعان على اكثر من مشروع حتى 8-2025','2025-09-23 09:04:23','2025-09-23 09:04:34',NULL),(1000,3,30,1,'06/041','2025-06-30',700.000,1,0,'حركات على اعمال رسم هندسي مشاريع','2025-09-23 10:01:24','2025-09-23 10:01:32',NULL),(1001,3,33,4,'09/018','2025-09-23',704.998,1,0,'حركات شهر 9-2025','2025-09-23 11:03:22','2025-09-28 08:56:28',NULL),(1002,3,31,1,'07/044','2025-07-31',4715.680,1,0,NULL,'2025-09-23 12:02:09','2025-09-24 11:17:43',NULL),(1003,3,32,1,'08/034','2025-08-31',31993.000,1,0,'حركات على حساب رامي صقر حتى 5-8-2025','2025-09-23 12:23:53','2025-09-24 12:01:53',NULL),(1004,3,31,4,'07/045','2025-07-31',30.000,1,0,'اثبات اجور نقل مواد شركة السكافي شهر 7-2025','2025-09-23 13:27:37','2025-09-23 13:29:17',NULL),(1005,3,30,1,'06/042','2025-06-30',51996.250,1,0,'تسديد طلبيات مشروع المطار انس القروم المحلة الثانية','2025-09-24 07:08:18','2025-09-24 07:08:34',NULL),(1006,3,30,1,'06/043','2025-06-30',1650.000,1,0,'تحصيل شيك#2421 الكويتي حق 6-7-2025 من السادة الشبكة الاسلامية لتنمية وادارة مصارد المياه عن اعمال حواجز حجرية ومنصات مياه قبض#910','2025-09-24 08:08:52','2025-10-21 06:15:02',NULL),(1007,3,30,1,'06/044','2025-06-30',1650.000,1,0,'استأجار مولدات / حكمت خير لتأجير المولدات 6-2025','2025-09-24 08:55:40','2025-09-24 09:06:00',NULL),(1008,2,24,1,'12/119','2024-12-31',830.000,1,0,'تسوية حساب رامي صقر','2025-09-24 11:16:21','2025-09-24 11:16:27',NULL),(1009,3,32,1,'08/039','2025-08-31',4034.000,1,0,'حركات شهر 8-2025','2025-09-24 12:01:23','2025-09-24 12:01:30',NULL),(1010,3,32,1,'08/014','2025-08-31',31103.526,1,0,'اثبات مصروف رواتب  لشهر 08-2025','2025-09-25 05:33:03','2025-09-25 05:54:24',NULL),(1011,3,32,1,'08/040','2025-08-31',941.821,1,0,'اثبات مصاريف مستحقة الدفع عن شهر 08-2025','2025-09-25 06:20:48','2025-11-06 05:38:31',NULL),(1012,3,30,1,'07/046','2025-07-31',1115.000,1,0,'اثبات تسديد اقساط سيارات وشقة لشهر 07-2025','2025-09-25 07:19:04','2025-09-25 07:19:32',NULL),(1013,3,32,1,'08/041','2025-08-31',1115.000,1,0,'اثبات تسديد اقساط سيارات وشقة لشهر 08-2025','2025-09-25 07:20:28','2025-09-25 07:20:35',NULL),(1014,3,33,4,'09/019','2025-09-25',528.998,1,0,'اثبات مشتريات ومستلزمات مواد شهر 9-2025','2025-09-25 10:24:13','2025-09-28 06:31:44',NULL),(1015,3,33,4,'09/020','2025-09-25',14497.612,1,0,'حركات شهر 9-2025','2025-09-25 11:34:41','2025-09-28 11:31:25',NULL),(1016,3,33,4,'09/021','2025-09-25',2984.000,1,0,'اثبات اجور اعمال خراطة مؤسسة عبدالكريم الجبالي','2025-09-25 13:28:11','2025-09-25 13:30:55',NULL),(1017,3,33,4,'09/022','2025-09-27',2830.000,1,0,'حركات شهر 9-2025','2025-09-27 13:09:12','2025-09-29 05:22:37',NULL),(1018,3,33,1,'09/023','2025-09-28',264656.700,1,0,'اثبات اتفاقية مشروع هنجر شركة لافانت للمنتجات الغذائية في مدينة الحسن الصناعية -الرمثا 13-09-2025','2025-09-28 09:52:43','2025-09-28 09:52:53',NULL),(1019,3,33,4,'09/024','2025-09-29',1075.450,1,0,'ثمن مواد ومستلزمات من مؤسسة عبدالكريم الجبالي شهر 9','2025-09-29 11:12:43','2025-10-25 06:37:33',NULL),(1020,3,33,4,'09/025','2025-09-30',520.000,1,0,'اثبات نقل وتوصيل مواد ونشات ابو ركبة/خلدون شهر 9-2025','2025-09-30 06:32:19','2025-10-05 12:21:41',NULL),(1021,3,33,4,'09/026','2025-09-30',10069.637,1,0,'حركات شهر 9-2025','2025-09-30 09:12:15','2025-10-05 12:21:41',NULL),(1022,3,28,1,'04/027','2025-04-30',32217.022,1,0,NULL,'2025-09-30 21:35:36','2025-09-30 21:42:14',NULL),(1023,3,33,1,'09/027','2025-09-30',289867.515,1,0,NULL,'2025-09-30 21:41:28','2025-10-15 06:19:36',NULL),(1024,3,32,1,'08/042','2025-08-31',66480.242,1,0,'قيد اثبات كلف مشروع بوتاس GB','2025-10-01 05:42:52','2025-11-06 10:20:36',NULL),(1025,3,33,4,'09/028','2025-09-30',159766.100,1,0,'شيك #1150 الكويتي حق 10-9-2025 تأمين دفعة مقدما شركة المقاولات العمومية','2025-10-04 09:44:20','2025-10-05 12:21:41',NULL),(1026,3,33,4,'10/002','2025-10-12',5500.000,1,0,'دفعات شركة العيدي لتوفيق جبارات وخالد زايد - متحف العقبة','2025-10-04 10:00:12','2025-10-21 10:08:20',NULL),(1027,3,31,1,'07/047','2025-07-31',450.500,1,0,'حركات بنوك 7-2025','2025-10-05 12:43:10','2025-10-15 05:32:22',NULL),(1028,3,32,1,'08/043','2025-08-31',1470.144,1,0,'حركات بنكية 8-2025','2025-10-05 12:53:31','2025-10-15 06:14:08',NULL),(1029,3,33,1,'09/030','2025-09-30',1634.283,1,0,'اثبات مصاريف مستحقة الدفع عن شهر 09-2025','2025-10-06 05:15:51','2025-11-06 05:39:31',NULL),(1030,3,33,1,'09/031','2025-09-30',1993.087,1,0,'اثبات مصاريف مدفوعة مقدما عن شهر 09-2025','2025-10-06 05:37:45','2025-10-06 05:37:51',NULL),(1031,3,33,1,'09/032','2025-09-30',1115.000,1,0,'اثبات تسديد اقساط سيارات وشقة لشهر 09-2025','2025-10-06 05:42:01','2025-10-06 05:42:15',NULL),(1032,3,33,1,'09/033','2025-09-30',15000.000,1,0,'اعمال لافي الشركة الاردنية الحديثة للتوريدات الصناعية','2025-10-07 07:49:43','2025-10-07 07:49:49',NULL),(1033,3,33,4,'09/034','2025-09-30',110.000,1,0,'مصروفات ومدفوعات من صندوق محمود حامد حتى تاريخ 5-10-2025','2025-10-07 08:05:45','2025-10-12 06:07:46',NULL),(1034,3,33,4,'09/035','2025-09-30',7500.000,1,0,'حركات شهر 9-2025','2025-10-07 08:23:19','2025-10-12 06:07:46',NULL),(1035,3,32,4,'08/044','2025-08-31',1899.138,1,0,'مصاريف نقابة مقاولي الانشاءات الاردنيين شهر 8-2025','2025-10-07 09:16:34','2025-10-13 20:39:13',NULL),(1036,3,34,4,'10/001','2025-10-07',19000.000,1,0,'حركات ايداع وسحب  شهر 10-2025','2025-10-07 09:27:01','2025-10-12 06:07:47',NULL),(1037,3,30,1,'06/045','2025-06-30',10600.000,1,0,NULL,'2025-10-07 09:54:35','2025-10-07 09:54:43',NULL),(1038,3,30,1,'06/046','2025-06-30',26667.000,1,0,'حركات تسوية صندوق ايهاب حامد حتى 30-6-2025','2025-10-08 11:45:57','2025-11-05 08:01:08',NULL),(1039,3,33,4,'09/036','2025-09-30',562.840,1,0,'اثبات اجور تطعيج صاج من الشركة المتحدة لصناعة الصاج شهر 9-2025','2025-10-09 06:36:11','2025-10-12 06:10:41',NULL),(1040,3,33,4,'09/037','2025-09-30',4486.990,1,0,'اثبات مشتريات +اجور نقل من شركة الفا لصناعة الباطون شهر 9-2025','2025-10-12 09:24:04','2025-10-12 12:29:55',NULL),(1041,3,33,1,'09/029','2025-09-30',37100.000,1,0,'اثبات اتفاقية مشروع شركة المشكاه 25-9-2025','2025-10-12 11:21:32','2025-10-12 11:21:49',NULL),(1042,3,33,1,'09/038','2025-09-30',14838.750,1,0,NULL,'2025-10-12 12:29:47','2025-10-12 12:37:49',NULL),(1043,3,30,1,'06/047','2025-06-30',18150.245,1,0,'نقل حساب يبرود المعفي الى الحساب الرئيسي','2025-10-14 10:52:35','2025-10-14 11:23:01',NULL),(1044,3,34,1,'10/003','2025-10-15',88000.000,1,0,'دفعات الراسخون شهر 10 حتى 14-10-2025','2025-10-15 06:34:57','2025-11-05 14:15:06',NULL),(1045,3,33,4,'09/039','2025-09-30',4142.000,1,0,'حركات شهر 9-2025','2025-10-15 08:09:58','2025-10-21 07:33:37',NULL),(1046,3,32,4,'08/045','2025-08-31',6132.000,1,0,'دفعة بدل فرقية ساندويش بانيل - شيك#1179 البنك الاهلي 14-8-2025','2025-10-15 08:16:22','2025-10-19 07:16:48',NULL),(1047,3,34,4,'10/004','2025-10-15',88000.000,1,0,'حركات ايداع وسحب شهر 10-2025','2025-10-15 08:56:17','2025-10-19 07:16:48',NULL),(1048,3,34,4,'10/005','2025-10-15',2195.000,1,0,'حركات شهر 10-2025','2025-10-15 09:46:53','2025-10-19 07:16:48',NULL),(1049,3,28,4,'04/028','2025-04-30',3545.000,1,0,'اثبات اجور اعمال تصنيع -احمد صقر شهر 4-2025','2025-10-15 10:33:21','2025-10-22 06:34:44',NULL),(1050,3,34,4,'10/006','2025-10-15',210.000,1,0,'اثبات اجور عمال مياومة - ايهم المحاميد -شهر 10-2025','2025-10-15 11:10:10','2025-10-19 07:16:48',NULL),(1051,3,33,1,'09/040','2025-09-30',71.356,1,0,'حركات بنكية - اسلامي اردني 9-2025','2025-10-16 05:54:18','2025-10-16 05:54:30',NULL),(1052,3,31,1,'07/048','2025-07-31',31119.736,1,0,'حركات تسوية بنكية - كويتي 7-2025','2025-10-16 07:07:14','2025-10-19 14:57:14',NULL),(1053,3,32,1,'08/046','2025-08-31',3882.670,1,0,'حركات تسوية بنكية الكويتي 8-2025','2025-10-16 07:43:34','2025-10-19 14:56:15',NULL),(1054,3,33,1,'09/041','2025-09-30',18098.176,1,0,'حركات تسوية بنكية كويتي 9-2025','2025-10-16 08:21:19','2025-10-16 08:21:28',NULL),(1055,3,30,1,'06/048','2025-06-30',674.283,1,0,'حركات تسوية بنكية صفوة الاسلامي 6-2025','2025-10-16 09:33:45','2025-10-16 09:46:35',NULL),(1056,3,31,1,'07/049','2025-07-31',6681.500,1,0,'حركات تسوية بنكية صفوة 7-2025','2025-10-16 11:09:38','2025-11-03 12:17:04',NULL),(1057,3,32,1,'08/047','2025-08-31',401.500,1,0,'حركات بنك صفوة 8-2025','2025-10-16 11:21:45','2025-10-16 11:23:06',NULL),(1058,3,33,1,'09/042','2025-09-30',8804.714,1,0,'حركات تسوية بنكية 9-2025','2025-10-16 11:42:56','2025-10-19 15:06:24',NULL),(1059,3,34,4,'10/007','2025-10-16',23000.000,1,0,'حركات سحب وايداع بنكية شهر 10-2025','2025-10-16 12:20:47','2025-10-19 07:16:48',NULL),(1060,3,32,1,'08/048','2025-08-31',4450.000,1,0,'اثبات اعمال اجور عماله على مشروع صيانة العيدي من صندوق مصعب جرادات','2025-10-16 12:50:01','2025-10-16 12:50:25',NULL),(1061,3,33,1,'09/043','2025-09-30',54912.000,1,0,'اثبات قيود تسوية مشاريع تحت التنفيذ 9-2025','2025-10-16 13:25:03','2025-10-16 14:59:47',NULL),(1062,3,33,1,'09/044','2025-09-30',2310760.750,1,0,'اثبات ايرادات منجزة لمشاريع الشركة حتى 30-9-2025','2025-10-16 14:35:06','2025-10-27 14:59:33',NULL),(1063,3,32,1,'08/049','2025-08-31',1750.773,0,0,'تحويل رصيد سلفة العمل - عبدالله عواودة الى حسابة الشخصية لغايات المخالصة الشاملة والنهائية 31-08-2025','2025-10-19 08:44:54','2025-10-19 08:45:02','2025-10-19 08:45:02'),(1064,3,32,1,'08/049','2025-08-31',1800.773,1,0,'نقل رصيد صندوق عبدالله عواودة الى حسابه الشخصة لغايات المخالصة الشاملة والنهائية 31-08-2025','2025-10-19 09:07:55','2025-10-27 16:25:16',NULL),(1065,3,33,1,'09/045','2025-09-30',3635.000,1,0,'حركات تسوية على مشروع بوتاس العقبة - الراسخون GB','2025-10-19 11:25:53','2025-10-19 11:26:02',NULL),(1066,3,29,4,'05/041','2025-05-31',1733.990,1,0,'اثبات مشتريات مواد + اجور نقل شهر 5-2025','2025-10-20 05:55:50','2025-10-20 06:06:39',NULL),(1067,3,33,4,'09/016','2025-09-30',1724.501,1,0,'اثبات مشتريات مواد + اجور نقل شهر 9-2025','2025-10-20 06:36:35','2025-10-21 17:08:20',NULL),(1068,3,30,1,'06/049','2025-06-30',965.000,1,0,'مصاريف تأمين اخطار مقاولين + حوادث عمال على مشروع المدن الصناعية 28-1-2025 الى 314-05-2025','2025-10-20 07:39:52','2025-10-20 07:40:09',NULL),(1069,3,32,1,'08/051','2025-08-31',696.000,1,0,NULL,'2025-10-20 11:00:38','2025-10-20 13:31:53',NULL),(1070,3,32,4,'08/052','2025-08-31',508.428,1,0,'اثبات الفحوصات المخبرية -شركة كورنثي للاستشارات الهندسية شهر 8-2025','2025-10-20 12:31:33','2025-10-21 17:08:20',NULL),(1071,3,32,4,'08/053','2025-08-31',472.500,1,0,'اثبات اجور عمال مياومة - ايهم المحاميد -شهر08-2025','2025-10-20 13:11:10','2025-10-21 17:08:20',NULL),(1072,3,33,4,'09/046','2025-09-30',940.625,1,0,'اثبات اجور عمال مياومة - ايهم المحاميد -شهر09-2025','2025-10-20 13:30:15','2025-10-21 17:08:21',NULL),(1073,3,33,1,'09/047','2025-09-30',160242.600,1,0,'حركات تسوية 9-2025','2025-10-20 13:31:32','2025-10-23 12:15:26',NULL),(1074,2,24,1,'12/120','2024-12-31',14854.000,1,0,'مصروف مسقفات على ارض  الحلول (1) حتى 12-2024','2025-10-20 13:35:47','2025-10-20 13:59:26',NULL),(1075,2,18,1,'06/050','2024-06-30',41.206,1,0,'فحوصات مخبرية 6-2024','2025-10-20 13:46:04','2025-10-20 13:47:15',NULL),(1076,3,25,1,'01/043','2025-01-31',410.000,1,0,'حركات تسوية 1-2025','2025-10-20 14:24:07','2025-10-20 14:28:22',NULL),(1077,2,24,1,'12/121','2024-12-31',600.000,1,0,'اعمال حساب كميات على جويحان - خضر اسماعيل 2024','2025-10-21 08:00:16','2025-10-21 08:00:22',NULL),(1078,3,33,1,'09/048','2025-09-30',1597661.000,1,0,'اثبات اتفاقية شركة المقاولات العمومية / مصنع الفوسفاتية العقبة 9-9-2025','2025-10-21 11:31:05','2025-10-21 11:31:12',NULL),(1079,3,33,1,'09/049','2025-09-30',11490.000,1,0,'حركات على حساب رامي + سامي صقر حتى 30-9-2025','2025-10-21 13:34:54','2025-10-21 13:35:02',NULL),(1080,3,33,1,'09/050','2025-09-30',211000.000,1,0,'حركات على حساب فيصل القروم','2025-10-21 14:48:44','2025-10-21 14:49:56',NULL),(1081,3,34,1,'10/008','2025-10-21',1250.000,0,0,'تحويل شيك لسند قبض','2025-10-21 15:02:29','2025-10-21 17:10:46','2025-10-21 17:10:46'),(1082,3,32,1,'08/054','2025-08-31',250639.740,1,0,'اثبات مشتريات ساندويش بانل مشروع متحف العقبة من كيبار - قيمة اعتماد بنكي 8-2025','2025-10-22 05:59:57','2025-10-22 06:00:04',NULL),(1083,3,32,4,'08/055','2025-08-31',3180.000,1,0,'اثبات فواتير من شركة لافارج على يزن الخليلي مشروع الوليد للبلاستيك','2025-10-22 08:49:31','2025-10-23 09:57:32',NULL),(1084,3,33,4,'09/051','2025-09-30',2010.000,1,0,'اثبات اجور نقل ونشات شهر 9-2025','2025-10-22 10:02:38','2025-10-23 07:37:54',NULL),(1085,3,34,4,'10/008','2025-10-22',3145.000,1,0,'اثبات مشتريات مواد +اجور نقل ونشات شهر 10-2025','2025-10-22 11:38:08','2025-10-23 07:44:28',NULL),(1086,3,34,4,'10/009','2025-10-22',1710.000,1,0,'اثبات اجور نقل ونشات شهر 10-2025','2025-10-22 11:48:10','2025-10-23 07:47:49',NULL),(1087,3,34,4,'10/010','2025-10-22',2400.000,1,0,'اثبات مشتريات مواد ومستلزمات من مؤسسة بطيبط شهر 8-2025','2025-10-22 12:44:44','2025-10-23 07:48:14',NULL),(1088,3,34,1,'10/011','2025-10-23',3875.000,1,0,'اثبات حسميات على مشروع - شركة باب العامود','2025-10-23 11:34:10','2025-10-23 11:34:16',NULL),(1089,3,33,4,'09/052','2025-09-30',8185.450,1,0,'ثمن مشتريات مواد ومستلزمات من مؤسسة عبدالكريم الجبالي شهر 9','2025-10-25 06:34:50','2025-11-08 04:28:54',NULL),(1090,3,34,4,'10/012','2025-10-25',1171.150,1,0,'ثمن مواد ومستلزمات من مؤسسة عبدالكريم الجبالي شهر 10','2025-10-25 07:11:20','2025-11-08 04:28:54',NULL),(1091,3,34,4,'10/013','2025-10-25',556.800,1,0,'ثمن مواد ومستلزمات من مؤسسة عبدالكريم الجبالي شهر 10','2025-10-25 10:07:07','2025-11-08 04:28:54',NULL),(1092,3,34,1,'10/014','2025-10-25',10606.000,1,0,'اثبات حركات شهر 10-2025','2025-10-25 12:40:54','2025-10-26 06:54:41',NULL),(1093,3,34,1,'10/015','2025-10-25',100000.000,0,0,'اثبات حركات قرض ارض ابراهيم حامد قطعة رقم #1645 7-2025','2025-10-25 16:03:20','2025-10-27 13:38:23','2025-10-27 13:38:23'),(1094,3,34,1,'10/016','2025-10-25',1208.472,1,0,'حركات تسوية','2025-10-25 17:37:19','2025-10-26 06:35:48',NULL),(1095,3,34,1,'10/017','2025-10-25',9135.000,1,0,'بيع الخدرة /العقبة ( المتحف + البوتاس ) 24.2 طن * 330 دينار/طن  16-10-2025','2025-10-25 18:44:36','2025-11-05 09:11:18',NULL),(1096,3,31,4,'07/050','2025-07-31',2114.750,1,0,'اثبات مشتريات مواد ومستلزمات من رمزي فؤاد حبش شهر 7','2025-10-26 08:16:23','2025-11-08 04:28:54',NULL),(1097,3,32,4,'08/056','2025-08-31',1245.500,1,0,'اثبات مشتريات مواد ومستلزمات من رمزي فؤاد حبش شهر 8','2025-10-26 08:35:08','2025-11-08 04:28:54',NULL),(1098,3,33,4,'09/053','2025-09-30',1307.000,1,0,'اثبات مشتريات مواد ومستلزمات من رمزي فؤاد حبش شهر 9','2025-10-26 09:39:10','2025-11-08 04:28:54',NULL),(1099,3,34,4,'10/018','2025-10-26',246.000,1,0,'اثبات مشتريات مواد ومستلزمات من رمزي فؤاد حبش شهر 10','2025-10-26 09:43:55','2025-11-08 04:28:54',NULL),(1100,3,34,4,'10/019','2025-10-26',493184.050,0,0,'قيد تسوية مشتريات حديد وصاج من يبرود لمشروع المتحف حتى تاريخه 26-10-2025 لحين احضار كافة الفواتير ومقارنتها','2025-10-26 13:12:26','2025-10-27 10:33:48',NULL),(1101,3,31,1,'07/051','2025-07-31',55462.000,1,0,'قيد تسوية مشتريات حديد وصاج من المتحدة لمشروع البوتاس-/ الراسخون حتى تاريخه 26-10-2025 لحين احضار كافة الفواتير ومقارنتها','2025-10-27 09:45:57','2025-11-08 03:51:46',NULL),(1102,3,34,1,'10/020','2025-10-27',59250.000,1,0,'اثبات اعمال ايهاب تركيبات على عدة مشاريع 10-2025','2025-10-27 11:02:59','2025-10-27 11:03:17',NULL),(1103,3,34,1,'10/021','2025-10-27',3900.000,1,0,'اثبات اعمال سامي + رامي صقر على عدة مشاريع حتى 10-2025','2025-10-27 11:45:56','2025-10-27 11:46:04',NULL),(1104,3,31,1,'07/052','2025-07-31',100000.000,1,0,'اثبات حركات قرض ارض ابراهيم حامد قطعة رقم #1645 7-2025','2025-10-27 13:37:40','2025-10-27 13:39:49',NULL),(1105,3,33,1,'09/054','2025-09-30',28860.244,1,0,'اثبات مصروف رواتب  لشهر 09-2025','2025-10-27 21:16:39','2025-10-28 13:24:43',NULL),(1106,2,24,1,'12/122','2024-12-31',130678.544,1,0,'تسوية رواتب 2024','2025-10-28 08:22:23','2025-10-28 08:22:30',NULL),(1107,3,32,1,'08/057','2025-08-31',4976.460,1,0,'اثبات غرامات تأخير سداد اشتراكات الضمان الاجتماعي حتى 31-08-2025','2025-10-28 14:20:00','2025-10-28 14:20:09',NULL),(1108,3,34,1,'10/015','2025-10-28',64435.807,1,0,'اثبات اتفاقية تسديد اشتراكات الضمان الاجتماعي مع غرامات التاخير حسب المرفق من خلال كمبيالات تبدأ من 17-10-2025 حتى 17-7-2030 بواقع 58 كمبيالة','2025-10-28 14:25:46','2025-10-28 15:13:30',NULL),(1109,3,34,4,'10/022','2025-10-29',661.802,1,0,'ثمن مشتريات مواد ومستلزمات +اجور صيانة شهر 10-2025','2025-10-29 07:24:52','2025-11-08 04:28:54',NULL),(1110,3,28,1,'04/029','2025-04-30',15.800,1,0,'تحويل رصيد سلفة عمل حارث ايمن راضي الى حسابه الشخصي لاغلاقها','2025-10-29 07:45:51','2025-10-29 07:46:05',NULL),(1111,3,34,4,'10/023','2025-10-29',1820.000,1,0,NULL,'2025-10-29 09:27:03','2025-11-08 04:29:44',NULL),(1112,3,32,1,'08/058','2025-08-31',990.000,1,0,'حركات على صندوق محمود  ابو باسل','2025-10-29 11:02:03','2025-10-29 11:02:12',NULL),(1113,3,31,4,'07/053','2025-07-31',1667.520,1,0,'ثمن مشتريات مواد ومستلزمات من شركة اساس شهر 7-2025','2025-10-29 15:12:22','2025-10-30 08:01:54',NULL),(1114,3,29,4,'05/042','2025-05-31',1493.150,1,0,'اثبات مشتريات مواد ومستلزمات من شركة اساس شهر 5-2025','2025-10-29 15:16:42','2025-10-30 07:42:50',NULL),(1115,3,26,4,'02/049','2025-02-28',338.233,1,0,'اثبات مشتريات مواد من شركة يبرود شهر 2-2025','2025-10-30 06:50:35','2025-11-08 04:28:54',NULL),(1116,3,29,4,'05/043','2025-05-31',675.640,1,0,'اثبات مشتريات من شركة يبرود شهر 5-2025','2025-10-30 07:00:26','2025-11-08 04:28:54',NULL),(1117,3,32,4,'08/059','2025-08-31',8065.320,1,0,'اثبات مشتريات مواد + اجور نقل من شركة السكافي شهر 8-2025','2025-11-01 09:17:13','2025-11-08 04:28:54',NULL),(1118,3,33,4,'09/055','2025-09-30',1441.500,1,0,'اثبات مشتريات مواد + اجور نقل من شركة السكافي شهر 9-2025','2025-11-01 09:30:51','2025-11-08 04:28:54',NULL),(1119,3,34,4,'10/024','2025-10-31',290.500,1,0,'اثبات مشتريات مواد + اجور نقل من شركة السكافي شهر 10-2025','2025-11-01 09:48:02','2025-11-08 04:28:54',NULL),(1120,3,34,4,'10/025','2025-10-31',3195.251,1,0,'اثبات مشتريات مواد + اجور صيانة شهر 10-2025','2025-11-01 12:23:00','2025-11-08 04:28:54',NULL),(1121,3,34,4,'10/026','2025-10-31',3280.000,1,0,'اثبات اجور نقل ونشات شهر 10-2025','2025-11-04 06:18:36','2025-11-08 04:28:55',NULL),(1122,3,33,4,'09/056','2025-09-30',250.000,1,0,'اجور نقل مواد -ونشات ابو روبين شهر 9-2025','2025-11-04 06:37:00','2025-11-08 04:28:55',NULL),(1123,3,34,4,'10/027','2025-10-31',2223.500,0,0,'حركات شهر 10-2025','2025-11-04 07:10:09','2025-11-05 08:01:02',NULL),(1124,3,33,1,'10/028','2025-10-31',1428.644,1,0,'حركات بنكية - اسلامي اردني 10-2025','2025-11-04 07:50:49','2025-11-04 07:51:28',NULL),(1125,3,30,4,'06/050','2025-06-30',1100.000,1,0,'اثبات اجور عمال مياومة-ايهم المحاميد شهر05+ 06-2025','2025-11-04 09:37:11','2025-11-08 04:29:11',NULL),(1126,3,31,4,'07/054','2025-07-31',1372.000,1,0,'اثبات اجور عمال مياومة-ايهم المحاميد شهر 06+07-2025','2025-11-04 09:54:13','2025-11-08 04:29:12',NULL),(1127,3,34,1,'10/029','2025-10-31',11000.000,1,0,'اثبات اتفاقية اعمال استبدال الواح صاج سقف هنجر المحمص بألواح ساندويش بانل 19-10-2025','2025-11-04 10:00:34','2025-11-04 10:08:40',NULL),(1128,3,32,4,'08/060','2025-08-31',437.500,1,0,'اثبات اجور عمال مياومة-ايهم المحاميد شهر 08-2025','2025-11-04 10:40:05','2025-11-08 04:29:12',NULL),(1129,3,32,4,'08/061','2025-08-31',3.700,1,0,'اثبات مردودات مبيعات من مؤسسة السيد بطيبط التجارية شهر 8-2025','2025-11-05 08:16:27','2025-11-08 04:28:55',NULL),(1130,3,32,1,'08/062','2025-08-31',1503.000,0,0,'بيع خردة','2025-11-05 08:22:14','2025-11-05 09:01:44','2025-11-05 09:01:44'),(1131,3,33,1,'09/057','2025-09-30',2153.000,1,0,'بيع خردة','2025-11-05 09:00:56','2025-11-05 09:05:12',NULL),(1132,3,35,1,'11/001','2025-11-05',56836.890,1,0,'دفعة بالحساب لشركة الراسخون العرب من الاهلي 05-11-2025','2025-11-05 13:42:25','2025-11-05 13:42:33',NULL),(1133,3,34,1,'10/030','2025-10-31',0.500,1,0,'عمولات الاهلي 10-2025','2025-11-05 14:08:47','2025-11-05 14:08:58',NULL),(1134,3,34,1,'10/031','2025-10-31',1993.087,1,0,'اثبات مصاريف مدفوعة مقدما عن شهر 10-2025','2025-11-05 15:05:43','2025-11-05 15:05:51',NULL),(1135,3,34,1,'10/032','2025-10-31',1115.000,1,0,'اثبات تسديد اقساط سيارات وشقة لشهر 10-2025','2025-11-06 05:24:12','2025-11-06 05:24:29',NULL),(1136,3,34,1,'10/033','2025-10-31',1301.890,1,0,'اثبات مصاريف مستحقة الدفع عن شهر 10-2025','2025-11-06 05:46:27','2025-11-06 05:46:37',NULL),(1137,3,35,4,'11/002','2025-11-06',2459.760,0,0,'تعديل حساب كيبار من كلفة ساندويش بانيل -ابو عودة','2025-11-06 12:31:49','2025-11-06 12:31:49',NULL),(1138,3,34,1,'10/034','2025-10-31',124189.000,1,0,NULL,'2025-11-08 06:24:55','2025-11-08 06:48:55',NULL),(1139,3,35,1,'11/003','2025-11-08',3200.000,1,0,'ايداع نقدي الكويتي قرضة من ايهاب حامد ( 2500 دفعة الايوبي + 700 من معاذ حوامدة ) 3-11-2025','2025-11-08 06:31:27','2025-11-08 06:31:40',NULL);

--
